­ ­ ­ ­ ­ ­ ­ ­ ­ ­ ­ ­ ­ ­ ­ ­ ­ ­
172.105.42.26 - - [30/Jul/2026:12:02:50 +0000] "POST /wp-cron.php?doing_wp_cron=1785412970.4522619247436523437500 HTTP/1.1" 200 20 "-" "WordPress/7.0.2; https://hondasaudi.com"
20.104.22.47 - - [30/Jul/2026:12:02:50 +0000] "GET /admin.php HTTP/1.1" 200 5367 "-" "Mozilla/5.0 (Windows NT 10.0; Win64; x64) AppleWebKit/537.36 (KHTML, like Gecko) Chrome/120.0.0.0 Safari/537.36"
2a03:2880:31ff:14:: - - [30/Jul/2026:12:02:50 +0000] "GET /wp-content/uploads/2026/04/CITY-2-768x1024.png HTTP/1.1" 200 1072338 "-" "facebookexternalhit/1.1 (+http://www.facebook.com/externalhit_uatext.php)"
20.104.22.47 - - [30/Jul/2026:12:02:50 +0000] "GET /edit.php HTTP/1.1" 404 12569 "-" "Mozilla/5.0 (Windows NT 10.0; Win64; x64) AppleWebKit/537.36 (KHTML, like Gecko) Chrome/120.0.0.0 Safari/537.36"
74.7.241.26 - - [30/Jul/2026:12:02:51 +0000] "GET /admin.php?dir=CwprocCw2315283CwtaskCw2315289CwnetCwnetfilter HTTP/1.1" 200 5374 "https://hondasaudi.com/admin.php?dir=CwprocCw2315283CwtaskCw2315289Cwnet" "Mozilla/5.0 AppleWebKit/537.36 (KHTML, like Gecko; compatible; GPTBot/1.4; +https://openai.com/gptbot)"
20.104.22.47 - - [30/Jul/2026:12:02:51 +0000] "GET /w.php HTTP/1.1" 404 12568 "-" "Mozilla/5.0 (Windows NT 10.0; Win64; x64) AppleWebKit/537.36 (KHTML, like Gecko) Chrome/120.0.0.0 Safari/537.36"
20.104.22.47 - - [30/Jul/2026:12:02:51 +0000] "GET /file.php HTTP/1.1" 404 12570 "-" "Mozilla/5.0 (Windows NT 10.0; Win64; x64) AppleWebKit/537.36 (KHTML, like Gecko) Chrome/120.0.0.0 Safari/537.36"
20.104.22.47 - - [30/Jul/2026:12:02:52 +0000] "GET /adminfuns.php HTTP/1.1" 404 12574 "-" "Mozilla/5.0 (Windows NT 10.0; Win64; x64) AppleWebKit/537.36 (KHTML, like Gecko) Chrome/120.0.0.0 Safari/537.36"
20.104.22.47 - - [30/Jul/2026:12:02:52 +0000] "GET /aa.php HTTP/1.1" 404 12569 "-" "Mozilla/5.0 (Windows NT 10.0; Win64; x64) AppleWebKit/537.36 (KHTML, like Gecko) Chrome/120.0.0.0 Safari/537.36"
20.104.22.47 - - [30/Jul/2026:12:02:53 +0000] "GET /classwithtostring.php HTTP/1.1" 404 12578 "-" "Mozilla/5.0 (Windows NT 10.0; Win64; x64) AppleWebKit/537.36 (KHTML, like Gecko) Chrome/120.0.0.0 Safari/537.36"
20.104.22.47 - - [30/Jul/2026:12:02:53 +0000] "GET /about.php HTTP/1.1" 404 12571 "-" "Mozilla/5.0 (Windows NT 10.0; Win64; x64) AppleWebKit/537.36 (KHTML, like Gecko) Chrome/120.0.0.0 Safari/537.36"
20.104.22.47 - - [30/Jul/2026:12:02:54 +0000] "GET /goods.php HTTP/1.1" 404 12571 "-" "Mozilla/5.0 (Windows NT 10.0; Win64; x64) AppleWebKit/537.36 (KHTML, like Gecko) Chrome/120.0.0.0 Safari/537.36"
20.104.22.47 - - [30/Jul/2026:12:02:54 +0000] "GET /php8.php HTTP/1.1" 404 12570 "-" "Mozilla/5.0 (Windows NT 10.0; Win64; x64) AppleWebKit/537.36 (KHTML, like Gecko) Chrome/120.0.0.0 Safari/537.36"
20.104.22.47 - - [30/Jul/2026:12:02:55 +0000] "GET /info.php HTTP/1.1" 404 12570 "-" "Mozilla/5.0 (Windows NT 10.0; Win64; x64) AppleWebKit/537.36 (KHTML, like Gecko) Chrome/120.0.0.0 Safari/537.36"
20.104.22.47 - - [30/Jul/2026:12:02:55 +0000] "GET /chosen.php HTTP/1.1" 403 5168 "-" "Mozilla/5.0 (Windows NT 10.0; Win64; x64) AppleWebKit/537.36 (KHTML, like Gecko) Chrome/120.0.0.0 Safari/537.36"
20.104.22.47 - - [30/Jul/2026:12:02:55 +0000] "GET /simple.php HTTP/1.1" 404 12571 "-" "Mozilla/5.0 (Windows NT 10.0; Win64; x64) AppleWebKit/537.36 (KHTML, like Gecko) Chrome/120.0.0.0 Safari/537.36"
20.104.22.47 - - [30/Jul/2026:12:02:56 +0000] "GET /ioxi-o.php HTTP/1.1" 404 12572 "-" "Mozilla/5.0 (Windows NT 10.0; Win64; x64) AppleWebKit/537.36 (KHTML, like Gecko) Chrome/120.0.0.0 Safari/537.36"
20.104.22.47 - - [30/Jul/2026:12:02:56 +0000] "GET /av.php HTTP/1.1" 404 12569 "-" "Mozilla/5.0 (Windows NT 10.0; Win64; x64) AppleWebKit/537.36 (KHTML, like Gecko) Chrome/120.0.0.0 Safari/537.36"
20.104.22.47 - - [30/Jul/2026:12:02:57 +0000] "GET /wp-admin HTTP/1.1" 301 240 "-" "Mozilla/5.0 (Windows NT 10.0; Win64; x64) AppleWebKit/537.36 (KHTML, like Gecko) Chrome/120.0.0.0 Safari/537.36"
20.104.22.47 - - [30/Jul/2026:12:02:57 +0000] "GET /wp.php HTTP/1.1" 404 12567 "-" "Mozilla/5.0 (Windows NT 10.0; Win64; x64) AppleWebKit/537.36 (KHTML, like Gecko) Chrome/120.0.0.0 Safari/537.36"
20.104.22.47 - - [30/Jul/2026:12:02:58 +0000] "GET /file2.php HTTP/1.1" 404 12571 "-" "Mozilla/5.0 (Windows NT 10.0; Win64; x64) AppleWebKit/537.36 (KHTML, like Gecko) Chrome/120.0.0.0 Safari/537.36"
20.104.22.47 - - [30/Jul/2026:12:02:58 +0000] "GET /images/class-config.php HTTP/1.1" 404 12578 "-" "Mozilla/5.0 (Windows NT 10.0; Win64; x64) AppleWebKit/537.36 (KHTML, like Gecko) Chrome/120.0.0.0 Safari/537.36"
20.104.22.47 - - [30/Jul/2026:12:02:59 +0000] "GET /alfa.php HTTP/1.1" 403 5168 "-" "Mozilla/5.0 (Windows NT 10.0; Win64; x64) AppleWebKit/537.36 (KHTML, like Gecko) Chrome/120.0.0.0 Safari/537.36"
20.104.22.47 - - [30/Jul/2026:12:02:59 +0000] "GET /1.php HTTP/1.1" 404 12568 "-" "Mozilla/5.0 (Windows NT 10.0; Win64; x64) AppleWebKit/537.36 (KHTML, like Gecko) Chrome/120.0.0.0 Safari/537.36"
20.104.22.47 - - [30/Jul/2026:12:02:59 +0000] "GET /222.php HTTP/1.1" 404 12570 "-" "Mozilla/5.0 (Windows NT 10.0; Win64; x64) AppleWebKit/537.36 (KHTML, like Gecko) Chrome/120.0.0.0 Safari/537.36"
20.104.22.47 - - [30/Jul/2026:12:03:00 +0000] "GET /asasx.php HTTP/1.1" 404 12570 "-" "Mozilla/5.0 (Windows NT 10.0; Win64; x64) AppleWebKit/537.36 (KHTML, like Gecko) Chrome/120.0.0.0 Safari/537.36"
20.104.22.47 - - [30/Jul/2026:12:03:00 +0000] "GET /filemanager.php HTTP/1.1" 404 12572 "-" "Mozilla/5.0 (Windows NT 10.0; Win64; x64) AppleWebKit/537.36 (KHTML, like Gecko) Chrome/120.0.0.0 Safari/537.36"
20.104.22.47 - - [30/Jul/2026:12:03:01 +0000] "GET /themes.php HTTP/1.1" 404 12570 "-" "Mozilla/5.0 (Windows NT 10.0; Win64; x64) AppleWebKit/537.36 (KHTML, like Gecko) Chrome/120.0.0.0 Safari/537.36"
20.104.22.47 - - [30/Jul/2026:12:03:01 +0000] "GET /wp-content/admin.php HTTP/1.1" 404 12567 "-" "Mozilla/5.0 (Windows NT 10.0; Win64; x64) AppleWebKit/537.36 (KHTML, like Gecko) Chrome/120.0.0.0 Safari/537.36"
20.104.22.47 - - [30/Jul/2026:12:03:02 +0000] "GET /buy.php HTTP/1.1" 404 12570 "-" "Mozilla/5.0 (Windows NT 10.0; Win64; x64) AppleWebKit/537.36 (KHTML, like Gecko) Chrome/120.0.0.0 Safari/537.36"
20.104.22.47 - - [30/Jul/2026:12:03:02 +0000] "GET /dropdown.php HTTP/1.1" 403 5168 "-" "Mozilla/5.0 (Windows NT 10.0; Win64; x64) AppleWebKit/537.36 (KHTML, like Gecko) Chrome/120.0.0.0 Safari/537.36"
20.104.22.47 - - [30/Jul/2026:12:03:03 +0000] "GET /inputs.php HTTP/1.1" 404 12571 "-" "Mozilla/5.0 (Windows NT 10.0; Win64; x64) AppleWebKit/537.36 (KHTML, like Gecko) Chrome/120.0.0.0 Safari/537.36"
20.104.22.47 - - [30/Jul/2026:12:03:03 +0000] "GET /100.php HTTP/1.1" 404 12568 "-" "Mozilla/5.0 (Windows NT 10.0; Win64; x64) AppleWebKit/537.36 (KHTML, like Gecko) Chrome/120.0.0.0 Safari/537.36"
20.104.22.47 - - [30/Jul/2026:12:03:04 +0000] "GET /akc.php HTTP/1.1" 404 12569 "-" "Mozilla/5.0 (Windows NT 10.0; Win64; x64) AppleWebKit/537.36 (KHTML, like Gecko) Chrome/120.0.0.0 Safari/537.36"
20.104.22.47 - - [30/Jul/2026:12:03:04 +0000] "GET /autoload_classmap/function.php HTTP/1.1" 404 12582 "-" "Mozilla/5.0 (Windows NT 10.0; Win64; x64) AppleWebKit/537.36 (KHTML, like Gecko) Chrome/120.0.0.0 Safari/537.36"
20.104.22.47 - - [30/Jul/2026:12:03:05 +0000] "GET /php.php HTTP/1.1" 404 12569 "-" "Mozilla/5.0 (Windows NT 10.0; Win64; x64) AppleWebKit/537.36 (KHTML, like Gecko) Chrome/120.0.0.0 Safari/537.36"
20.104.22.47 - - [30/Jul/2026:12:03:05 +0000] "GET /t.php HTTP/1.1" 404 12568 "-" "Mozilla/5.0 (Windows NT 10.0; Win64; x64) AppleWebKit/537.36 (KHTML, like Gecko) Chrome/120.0.0.0 Safari/537.36"
20.104.22.47 - - [30/Jul/2026:12:03:06 +0000] "GET /index/function.php HTTP/1.1" 404 12575 "-" "Mozilla/5.0 (Windows NT 10.0; Win64; x64) AppleWebKit/537.36 (KHTML, like Gecko) Chrome/120.0.0.0 Safari/537.36"
20.104.22.47 - - [30/Jul/2026:12:03:06 +0000] "GET /wk/index.php HTTP/1.1" 301 20 "-" "Mozilla/5.0 (Windows NT 10.0; Win64; x64) AppleWebKit/537.36 (KHTML, like Gecko) Chrome/120.0.0.0 Safari/537.36"
20.104.22.47 - - [30/Jul/2026:12:03:07 +0000] "GET /wp-blink.php HTTP/1.1" 404 12568 "-" "Mozilla/5.0 (Windows NT 10.0; Win64; x64) AppleWebKit/537.36 (KHTML, like Gecko) Chrome/120.0.0.0 Safari/537.36"
20.104.22.47 - - [30/Jul/2026:12:03:07 +0000] "GET /xfun.php HTTP/1.1" 404 12571 "-" "Mozilla/5.0 (Windows NT 10.0; Win64; x64) AppleWebKit/537.36 (KHTML, like Gecko) Chrome/120.0.0.0 Safari/537.36"
172.105.42.26 - - [30/Jul/2026:12:03:08 +0000] "POST /wp-cron.php?doing_wp_cron=1785412988.2692430019378662109375 HTTP/1.1" 200 20 "-" "WordPress/7.0.2; https://hondasaudi.com"
20.104.22.47 - - [30/Jul/2026:12:03:08 +0000] "GET /p.php HTTP/1.1" 404 12568 "-" "Mozilla/5.0 (Windows NT 10.0; Win64; x64) AppleWebKit/537.36 (KHTML, like Gecko) Chrome/120.0.0.0 Safari/537.36"
20.104.22.47 - - [30/Jul/2026:12:03:09 +0000] "GET /wp-content/themes/admin.php HTTP/1.1" 404 12610 "-" "Mozilla/5.0 (Windows NT 10.0; Win64; x64) AppleWebKit/537.36 (KHTML, like Gecko) Chrome/120.0.0.0 Safari/537.36"
20.104.22.47 - - [30/Jul/2026:12:03:09 +0000] "GET /aaa.php HTTP/1.1" 404 12569 "-" "Mozilla/5.0 (Windows NT 10.0; Win64; x64) AppleWebKit/537.36 (KHTML, like Gecko) Chrome/120.0.0.0 Safari/537.36"
20.104.22.47 - - [30/Jul/2026:12:03:10 +0000] "GET /term.php HTTP/1.1" 404 12570 "-" "Mozilla/5.0 (Windows NT 10.0; Win64; x64) AppleWebKit/537.36 (KHTML, like Gecko) Chrome/120.0.0.0 Safari/537.36"
20.104.22.47 - - [30/Jul/2026:12:03:10 +0000] "GET /7.php HTTP/1.1" 404 12568 "-" "Mozilla/5.0 (Windows NT 10.0; Win64; x64) AppleWebKit/537.36 (KHTML, like Gecko) Chrome/120.0.0.0 Safari/537.36"
20.104.22.47 - - [30/Jul/2026:12:03:11 +0000] "GET /file5.php HTTP/1.1" 404 12570 "-" "Mozilla/5.0 (Windows NT 10.0; Win64; x64) AppleWebKit/537.36 (KHTML, like Gecko) Chrome/120.0.0.0 Safari/537.36"
20.104.22.47 - - [30/Jul/2026:12:03:11 +0000] "GET /makeasmtp.php HTTP/1.1" 404 12574 "-" "Mozilla/5.0 (Windows NT 10.0; Win64; x64) AppleWebKit/537.36 (KHTML, like Gecko) Chrome/120.0.0.0 Safari/537.36"
20.104.22.47 - - [30/Jul/2026:12:03:11 +0000] "GET /wp-content/index.php HTTP/1.1" 200 20 "-" "Mozilla/5.0 (Windows NT 10.0; Win64; x64) AppleWebKit/537.36 (KHTML, like Gecko) Chrome/120.0.0.0 Safari/537.36"
74.7.241.26 - - [30/Jul/2026:12:03:12 +0000] "GET /admin.php?dir=CwprocCw3907191CwtaskCw3907198CwnetCwnetfilter HTTP/1.1" 200 5374 "https://hondasaudi.com/admin.php?dir=CwprocCw3907191CwtaskCw3907198Cwnet" "Mozilla/5.0 AppleWebKit/537.36 (KHTML, like Gecko; compatible; GPTBot/1.4; +https://openai.com/gptbot)"
20.104.22.47 - - [30/Jul/2026:12:03:12 +0000] "GET /wp-includes/class-wp-http-client.php HTTP/1.1" 404 12577 "-" "Mozilla/5.0 (Windows NT 10.0; Win64; x64) AppleWebKit/537.36 (KHTML, like Gecko) Chrome/120.0.0.0 Safari/537.36"
20.104.22.47 - - [30/Jul/2026:12:03:12 +0000] "GET /atomlib.php HTTP/1.1" 404 12573 "-" "Mozilla/5.0 (Windows NT 10.0; Win64; x64) AppleWebKit/537.36 (KHTML, like Gecko) Chrome/120.0.0.0 Safari/537.36"
20.104.22.47 - - [30/Jul/2026:12:03:13 +0000] "GET /min.php HTTP/1.1" 404 12568 "-" "Mozilla/5.0 (Windows NT 10.0; Win64; x64) AppleWebKit/537.36 (KHTML, like Gecko) Chrome/120.0.0.0 Safari/537.36"
20.104.22.47 - - [30/Jul/2026:12:03:13 +0000] "GET /mac.php HTTP/1.1" 404 12569 "-" "Mozilla/5.0 (Windows NT 10.0; Win64; x64) AppleWebKit/537.36 (KHTML, like Gecko) Chrome/120.0.0.0 Safari/537.36"
20.104.22.47 - - [30/Jul/2026:12:03:14 +0000] "GET /nc4.php HTTP/1.1" 404 12569 "-" "Mozilla/5.0 (Windows NT 10.0; Win64; x64) AppleWebKit/537.36 (KHTML, like Gecko) Chrome/120.0.0.0 Safari/537.36"
20.104.22.47 - - [30/Jul/2026:12:03:14 +0000] "GET /as.php HTTP/1.1" 404 12569 "-" "Mozilla/5.0 (Windows NT 10.0; Win64; x64) AppleWebKit/537.36 (KHTML, like Gecko) Chrome/120.0.0.0 Safari/537.36"
20.104.22.47 - - [30/Jul/2026:12:03:15 +0000] "GET /k.php HTTP/1.1" 404 12568 "-" "Mozilla/5.0 (Windows NT 10.0; Win64; x64) AppleWebKit/537.36 (KHTML, like Gecko) Chrome/120.0.0.0 Safari/537.36"
20.104.22.47 - - [30/Jul/2026:12:03:15 +0000] "GET /media/com_sppagebuilder/assets/iconfont/km/fonts/index.php HTTP/1.1" 301 20 "-" "Mozilla/5.0 (Windows NT 10.0; Win64; x64) AppleWebKit/537.36 (KHTML, like Gecko) Chrome/120.0.0.0 Safari/537.36"
172.105.42.26 - - [30/Jul/2026:12:03:16 +0000] "POST /wp-cron.php?doing_wp_cron=1785412996.3372340202331542968750 HTTP/1.1" 200 20 "-" "WordPress/7.0.2; https://hondasaudi.com"
20.104.22.47 - - [30/Jul/2026:12:03:16 +0000] "GET /system_log.php HTTP/1.1" 404 12575 "-" "Mozilla/5.0 (Windows NT 10.0; Win64; x64) AppleWebKit/537.36 (KHTML, like Gecko) Chrome/120.0.0.0 Safari/537.36"
20.104.22.47 - - [30/Jul/2026:12:03:16 +0000] "GET /x.php HTTP/1.1" 404 12568 "-" "Mozilla/5.0 (Windows NT 10.0; Win64; x64) AppleWebKit/537.36 (KHTML, like Gecko) Chrome/120.0.0.0 Safari/537.36"
20.104.22.47 - - [30/Jul/2026:12:03:17 +0000] "GET /autoload_classmap.php HTTP/1.1" 403 5168 "-" "Mozilla/5.0 (Windows NT 10.0; Win64; x64) AppleWebKit/537.36 (KHTML, like Gecko) Chrome/120.0.0.0 Safari/537.36"
20.104.22.47 - - [30/Jul/2026:12:03:17 +0000] "GET /hosty.php HTTP/1.1" 404 12570 "-" "Mozilla/5.0 (Windows NT 10.0; Win64; x64) AppleWebKit/537.36 (KHTML, like Gecko) Chrome/120.0.0.0 Safari/537.36"
172.105.42.26 - - [30/Jul/2026:12:03:18 +0000] "POST /wp-cron.php?doing_wp_cron=1785412998.2673110961914062500000 HTTP/1.1" 200 20 "-" "WordPress/7.0.2; https://hondasaudi.com"
20.104.22.47 - - [30/Jul/2026:12:03:17 +0000] "GET /test1.php HTTP/1.1" 404 12571 "-" "Mozilla/5.0 (Windows NT 10.0; Win64; x64) AppleWebKit/537.36 (KHTML, like Gecko) Chrome/120.0.0.0 Safari/537.36"
20.104.22.47 - - [30/Jul/2026:12:03:18 +0000] "GET /zwso.php HTTP/1.1" 404 12570 "-" "Mozilla/5.0 (Windows NT 10.0; Win64; x64) AppleWebKit/537.36 (KHTML, like Gecko) Chrome/120.0.0.0 Safari/537.36"
20.104.22.47 - - [30/Jul/2026:12:03:19 +0000] "GET /Geforce.php HTTP/1.1" 404 12573 "-" "Mozilla/5.0 (Windows NT 10.0; Win64; x64) AppleWebKit/537.36 (KHTML, like Gecko) Chrome/120.0.0.0 Safari/537.36"
20.104.22.47 - - [30/Jul/2026:12:03:19 +0000] "GET /fpwch.php HTTP/1.1" 404 12572 "-" "Mozilla/5.0 (Windows NT 10.0; Win64; x64) AppleWebKit/537.36 (KHTML, like Gecko) Chrome/120.0.0.0 Safari/537.36"
20.104.22.47 - - [30/Jul/2026:12:03:20 +0000] "GET /mini HTTP/1.1" 404 12567 "-" "Mozilla/5.0 (Windows NT 10.0; Win64; x64) AppleWebKit/537.36 (KHTML, like Gecko) Chrome/120.0.0.0 Safari/537.36"
20.104.22.47 - - [30/Jul/2026:12:03:20 +0000] "GET /wp-blog-header.php HTTP/1.1" 404 20 "-" "Mozilla/5.0 (Windows NT 10.0; Win64; x64) AppleWebKit/537.36 (KHTML, like Gecko) Chrome/120.0.0.0 Safari/537.36"
20.104.22.47 - - [30/Jul/2026:12:03:21 +0000] "GET /about/function.php HTTP/1.1" 404 12576 "-" "Mozilla/5.0 (Windows NT 10.0; Win64; x64) AppleWebKit/537.36 (KHTML, like Gecko) Chrome/120.0.0.0 Safari/537.36"
20.104.22.47 - - [30/Jul/2026:12:03:21 +0000] "GET /function/function.php HTTP/1.1" 404 12573 "-" "Mozilla/5.0 (Windows NT 10.0; Win64; x64) AppleWebKit/537.36 (KHTML, like Gecko) Chrome/120.0.0.0 Safari/537.36"
20.104.22.47 - - [30/Jul/2026:12:03:22 +0000] "GET /wp-signin.php HTTP/1.1" 404 12570 "-" "Mozilla/5.0 (Windows NT 10.0; Win64; x64) AppleWebKit/537.36 (KHTML, like Gecko) Chrome/120.0.0.0 Safari/537.36"
20.104.22.47 - - [30/Jul/2026:12:03:22 +0000] "GET /f35.php HTTP/1.1" 404 12570 "-" "Mozilla/5.0 (Windows NT 10.0; Win64; x64) AppleWebKit/537.36 (KHTML, like Gecko) Chrome/120.0.0.0 Safari/537.36"
20.104.22.47 - - [30/Jul/2026:12:03:23 +0000] "GET /gg.php HTTP/1.1" 404 12569 "-" "Mozilla/5.0 (Windows NT 10.0; Win64; x64) AppleWebKit/537.36 (KHTML, like Gecko) Chrome/120.0.0.0 Safari/537.36"
20.104.22.47 - - [30/Jul/2026:12:03:23 +0000] "GET /class.php HTTP/1.1" 404 12570 "-" "Mozilla/5.0 (Windows NT 10.0; Win64; x64) AppleWebKit/537.36 (KHTML, like Gecko) Chrome/120.0.0.0 Safari/537.36"
20.104.22.47 - - [30/Jul/2026:12:03:24 +0000] "GET /flower.php HTTP/1.1" 403 5168 "-" "Mozilla/5.0 (Windows NT 10.0; Win64; x64) AppleWebKit/537.36 (KHTML, like Gecko) Chrome/120.0.0.0 Safari/537.36"
20.104.22.47 - - [30/Jul/2026:12:03:24 +0000] "GET /motu.php HTTP/1.1" 404 12570 "-" "Mozilla/5.0 (Windows NT 10.0; Win64; x64) AppleWebKit/537.36 (KHTML, like Gecko) Chrome/120.0.0.0 Safari/537.36"
20.104.22.47 - - [30/Jul/2026:12:03:25 +0000] "GET /404.php HTTP/1.1" 404 12570 "-" "Mozilla/5.0 (Windows NT 10.0; Win64; x64) AppleWebKit/537.36 (KHTML, like Gecko) Chrome/120.0.0.0 Safari/537.36"
20.104.22.47 - - [30/Jul/2026:12:03:25 +0000] "GET /lite.php HTTP/1.1" 404 12568 "-" "Mozilla/5.0 (Windows NT 10.0; Win64; x64) AppleWebKit/537.36 (KHTML, like Gecko) Chrome/120.0.0.0 Safari/537.36"
20.104.22.47 - - [30/Jul/2026:12:03:26 +0000] "GET /lock360.php HTTP/1.1" 403 5168 "-" "Mozilla/5.0 (Windows NT 10.0; Win64; x64) AppleWebKit/537.36 (KHTML, like Gecko) Chrome/120.0.0.0 Safari/537.36"
20.104.22.47 - - [30/Jul/2026:12:03:26 +0000] "GET /wp-content/wp-conflg.php HTTP/1.1" 404 12568 "-" "Mozilla/5.0 (Windows NT 10.0; Win64; x64) AppleWebKit/537.36 (KHTML, like Gecko) Chrome/120.0.0.0 Safari/537.36"
20.104.22.47 - - [30/Jul/2026:12:03:26 +0000] "GET /wp-links-opml.php HTTP/1.1" 200 199 "-" "Mozilla/5.0 (Windows NT 10.0; Win64; x64) AppleWebKit/537.36 (KHTML, like Gecko) Chrome/120.0.0.0 Safari/537.36"
20.104.22.47 - - [30/Jul/2026:12:03:27 +0000] "GET /.alf.php HTTP/1.1" 404 12570 "-" "Mozilla/5.0 (Windows NT 10.0; Win64; x64) AppleWebKit/537.36 (KHTML, like Gecko) Chrome/120.0.0.0 Safari/537.36"
172.105.42.26 - - [30/Jul/2026:12:04:08 +0000] "POST /wp-cron.php?doing_wp_cron=1785413048.8069820404052734375000 HTTP/1.1" 200 20 "-" "WordPress/7.0.2; https://hondasaudi.com"
49.13.134.145 - - [30/Jul/2026:12:04:08 +0000] "HEAD / HTTP/1.1" 200 - "https://hondasaudi.com" "Mozilla/5.0+(compatible; UptimeRobot/2.0; http://www.uptimerobot.com/)"
74.7.241.26 - - [30/Jul/2026:12:04:13 +0000] "GET /admin.php?dir=CwprocCw3907191CwtaskCw3907195CwnetCwnetfilter HTTP/1.1" 200 5374 "https://hondasaudi.com/admin.php?dir=CwprocCw3907191CwtaskCw3907195Cwnet" "Mozilla/5.0 AppleWebKit/537.36 (KHTML, like Gecko; compatible; GPTBot/1.4; +https://openai.com/gptbot)"
172.105.42.26 - - [30/Jul/2026:12:04:50 +0000] "POST /wp-cron.php?doing_wp_cron=1785413090.1409800052642822265625 HTTP/1.1" 200 20 "-" "WordPress/7.0.2; https://hondasaudi.com"
20.40.58.237 - - [30/Jul/2026:12:04:49 +0000] "GET /wp-json/wp/v2/posts?slug=/ HTTP/1.1" 200 22 "-" "-"
20.40.58.237 - - [30/Jul/2026:12:04:54 +0000] "GET /wp-json/wp/v2/posts?per_page=1 HTTP/1.1" 200 1855 "-" "-"
2001:16a2:de75:1300:c91c:49:393f:9832 - - [30/Jul/2026:12:05:00 +0000] "GET / HTTP/1.1" 200 15687 "https://www.google.com/" "Mozilla/5.0 (X11; Linux x86_64) AppleWebKit/537.36 (KHTML, like Gecko) Chrome/150.0.0.0 Safari/537.36"
20.40.58.237 - - [30/Jul/2026:12:05:01 +0000] "POST /wp-comments-post.php HTTP/1.1" 302 20 "-" "-"
20.40.58.237 - - [30/Jul/2026:12:05:03 +0000] "GET /what-can-you-do-to-improve-business-strategy-right-now/?unapproved=1612&moderation-hash=0fe288ad38fd9062139e54c749237998 HTTP/1.1" 200 16907 "-" "-"
74.7.241.26 - - [30/Jul/2026:12:05:59 +0000] "GET /admin.php?dir=CwprocCw2584661CwtaskCw2584665CwnetCwnetfilter HTTP/1.1" 200 5374 "https://hondasaudi.com/admin.php?dir=CwprocCw2584661CwtaskCw2584665Cwnet" "Mozilla/5.0 AppleWebKit/537.36 (KHTML, like Gecko; compatible; GPTBot/1.4; +https://openai.com/gptbot)"
172.105.42.26 - - [30/Jul/2026:12:06:06 +0000] "POST /wp-cron.php?doing_wp_cron=1785413166.2595770359039306640625 HTTP/1.1" 200 20 "-" "WordPress/7.0.2; https://hondasaudi.com"
2001:16a4:200:e8d4:7570:da95:e1e2:f99a - - [30/Jul/2026:12:06:06 +0000] "GET / HTTP/1.1" 200 15686 "https://www.google.com/" "Mozilla/5.0 (iPhone; CPU iPhone OS 26_5_2 like Mac OS X) AppleWebKit/605.1.15 (KHTML, like Gecko) CriOS/150.0.7871.113 Mobile/15E148 Safari/604.1"
74.7.241.26 - - [30/Jul/2026:12:06:19 +0000] "GET /admin.php?dir=CwprocCw3593424CwtaskCw3593428CwnetCwnetfilter HTTP/1.1" 200 5374 "https://hondasaudi.com/admin.php?dir=CwprocCw3593424CwtaskCw3593428Cwnet" "Mozilla/5.0 AppleWebKit/537.36 (KHTML, like Gecko; compatible; GPTBot/1.4; +https://openai.com/gptbot)"
74.7.241.26 - - [30/Jul/2026:12:07:43 +0000] "GET /admin.php?dir=CwprocCw3907191CwtaskCw3907194CwnetCwnetfilter HTTP/1.1" 200 5374 "https://hondasaudi.com/admin.php?dir=CwprocCw3907191CwtaskCw3907194Cwnet" "Mozilla/5.0 AppleWebKit/537.36 (KHTML, like Gecko; compatible; GPTBot/1.4; +https://openai.com/gptbot)"
2a03:2880:24ff:50:: - - [30/Jul/2026:12:07:57 +0000] "GET /robots.txt HTTP/1.1" 304 - "-" "facebookexternalhit/1.1 (+http://www.facebook.com/externalhit_uatext.php)"
172.105.42.26 - - [30/Jul/2026:12:07:58 +0000] "POST /wp-cron.php?doing_wp_cron=1785413278.1990768909454345703125 HTTP/1.1" 200 20 "-" "WordPress/7.0.2; https://hondasaudi.com"
2a03:2880:10ff:9:: - - [30/Jul/2026:12:07:57 +0000] "GET /meta.json?utm_source=Instagram&utm_medium=Paid_Traffic&utm_campaign=DECEOYOC32025 HTTP/1.1" 404 12624 "-" "facebookexternalhit/1.1 (+http://www.facebook.com/externalhit_uatext.php)"
74.7.241.26 - - [30/Jul/2026:12:08:03 +0000] "GET /admin.php?dir=CwprocCw3907191CwtaskCw3907196CwnetCwnetfilter HTTP/1.1" 200 5374 "https://hondasaudi.com/admin.php?dir=CwprocCw3907191CwtaskCw3907196Cwnet" "Mozilla/5.0 AppleWebKit/537.36 (KHTML, like Gecko; compatible; GPTBot/1.4; +https://openai.com/gptbot)"
74.7.241.26 - - [30/Jul/2026:12:08:25 +0000] "GET /admin.php?dir=CwprocCw3593012CwtaskCw3593015CwnetCwnetfilter HTTP/1.1" 200 5374 "https://hondasaudi.com/admin.php?dir=CwprocCw3593012CwtaskCw3593015Cwnet" "Mozilla/5.0 AppleWebKit/537.36 (KHTML, like Gecko; compatible; GPTBot/1.4; +https://openai.com/gptbot)"
172.105.42.26 - - [30/Jul/2026:12:08:25 +0000] "POST /wp-cron.php?doing_wp_cron=1785413305.4184091091156005859375 HTTP/1.1" 200 20 "-" "WordPress/7.0.2; https://hondasaudi.com"
2a03:2880:18ff:21:: - - [30/Jul/2026:12:08:53 +0000] "GET /wp-content/uploads/2026/04/CITY-2.png HTTP/1.1" 200 2306942 "-" "meta-externalagent/1.1 (+https://developers.facebook.com/docs/sharing/webmasters/crawler)"
74.7.241.26 - - [30/Jul/2026:12:09:07 +0000] "GET /admin.php?dir=CwprocCw2534972CwtaskCw2534975CwnetCwnetfilter HTTP/1.1" 200 5374 "https://hondasaudi.com/admin.php?dir=CwprocCw2534972CwtaskCw2534975Cwnet" "Mozilla/5.0 AppleWebKit/537.36 (KHTML, like Gecko; compatible; GPTBot/1.4; +https://openai.com/gptbot)"
172.105.42.26 - - [30/Jul/2026:12:09:15 +0000] "POST /wp-cron.php?doing_wp_cron=1785413355.2446429729461669921875 HTTP/1.1" 200 20 "-" "WordPress/7.0.2; https://hondasaudi.com"
167.235.143.113 - - [30/Jul/2026:12:09:15 +0000] "HEAD / HTTP/1.1" 200 - "https://hondasaudi.com" "Mozilla/5.0+(compatible; UptimeRobot/2.0; http://www.uptimerobot.com/)"
74.7.241.26 - - [30/Jul/2026:12:09:28 +0000] "GET /admin.php?dir=CwprocCw3593424CwtaskCw3593427CwnetCwnetfilter HTTP/1.1" 200 5374 "https://hondasaudi.com/admin.php?dir=CwprocCw3593424CwtaskCw3593427Cwnet" "Mozilla/5.0 AppleWebKit/537.36 (KHTML, like Gecko; compatible; GPTBot/1.4; +https://openai.com/gptbot)"
74.7.241.26 - - [30/Jul/2026:12:10:32 +0000] "GET /admin.php?dir=CwprocCw2584661CwtaskCw2584662CwnetCwnetfilter HTTP/1.1" 200 5374 "https://hondasaudi.com/admin.php?dir=CwprocCw2584661CwtaskCw2584662Cwnet" "Mozilla/5.0 AppleWebKit/537.36 (KHTML, like Gecko; compatible; GPTBot/1.4; +https://openai.com/gptbot)"
172.105.42.26 - - [30/Jul/2026:12:10:59 +0000] "POST /wp-cron.php?doing_wp_cron=1785413459.6009531021118164062500 HTTP/1.1" 200 20 "-" "WordPress/7.0.2; https://hondasaudi.com"
176.16.150.112 - - [30/Jul/2026:12:10:59 +0000] "GET /outlet/ HTTP/1.1" 200 16111 "https://www.google.com/" "Mozilla/5.0 (iPhone; CPU iPhone OS 18_7 like Mac OS X) AppleWebKit/605.1.15 (KHTML, like Gecko) Version/26.5.2 Mobile/15E148 Safari/604.1"
176.16.150.112 - - [30/Jul/2026:12:11:02 +0000] "GET /wp-json/contact-form-7/v1/contact-forms/453560/feedback/schema HTTP/1.1" 200 1143 "https://hondasaudi.com/outlet/" "Mozilla/5.0 (iPhone; CPU iPhone OS 18_7 like Mac OS X) AppleWebKit/605.1.15 (KHTML, like Gecko) Version/26.5.2 Mobile/15E148 Safari/604.1"
74.7.241.26 - - [30/Jul/2026:12:11:14 +0000] "GET /admin.php?dir=CwprocCw2314744CwtaskCw2314748CwnetCwnetfilter HTTP/1.1" 200 5374 "https://hondasaudi.com/admin.php?dir=CwprocCw2314744CwtaskCw2314748Cwnet" "Mozilla/5.0 AppleWebKit/537.36 (KHTML, like Gecko; compatible; GPTBot/1.4; +https://openai.com/gptbot)"
172.105.42.26 - - [30/Jul/2026:12:11:31 +0000] "POST /wp-cron.php?doing_wp_cron=1785413491.6739630699157714843750 HTTP/1.1" 200 20 "-" "WordPress/7.0.2; https://hondasaudi.com"
176.16.150.112 - - [30/Jul/2026:12:11:31 +0000] "GET /favicon.ico HTTP/1.1" 302 20 "https://hondasaudi.com/wp-content/uploads/2026/07/%D9%83%D8%AA%D9%8A%D8%A8-%D8%A7%D9%84%D8%B6%D9%85%D8%A7%D9%86-6-3-2025_compressed.pdf" "Mozilla/5.0 (iPhone; CPU iPhone OS 18_7 like Mac OS X) AppleWebKit/605.1.15 (KHTML, like Gecko) Version/26.5.2 Mobile/15E148 Safari/604.1"
2001:16a4:268:93ee:e9:b3e0:ddaa:afee - - [30/Jul/2026:12:11:58 +0000] "GET / HTTP/1.1" 200 15687 "https://www.google.com/" "Mozilla/5.0 (Linux; Android 10; K) AppleWebKit/537.36 (KHTML, like Gecko) Chrome/150.0.0.0 Mobile Safari/537.36"
2001:16a4:268:93ee:e9:b3e0:ddaa:afee - - [30/Jul/2026:12:11:59 +0000] "GET /wp-content/litespeed/css/65024b7848b26f56d503afef5837c37b.css?ver=7c37b HTTP/1.1" 200 81978 "https://hondasaudi.com/" "Mozilla/5.0 (Linux; Android 10; K) AppleWebKit/537.36 (KHTML, like Gecko) Chrome/150.0.0.0 Mobile Safari/537.36"
172.105.42.26 - - [30/Jul/2026:12:12:17 +0000] "POST /wp-cron.php?doing_wp_cron=1785413537.1696050167083740234375 HTTP/1.1" 200 20 "-" "WordPress/7.0.2; https://hondasaudi.com"
74.7.241.26 - - [30/Jul/2026:12:12:16 +0000] "GET /admin.php?dir=CwprocCw2314744CwtaskCw2314746CwnetCwnetfilter HTTP/1.1" 200 5367 "https://hondasaudi.com/admin.php?dir=CwprocCw2314744CwtaskCw2314746Cwnet" "Mozilla/5.0 AppleWebKit/537.36 (KHTML, like Gecko; compatible; GPTBot/1.4; +https://openai.com/gptbot)"
74.7.241.26 - - [30/Jul/2026:12:12:37 +0000] "GET /admin.php?dir=CwprocCw2531271CwtaskCw2531278CwnetCwnetfilter HTTP/1.1" 200 5374 "https://hondasaudi.com/admin.php?dir=CwprocCw2531271CwtaskCw2531278Cwnet" "Mozilla/5.0 AppleWebKit/537.36 (KHTML, like Gecko; compatible; GPTBot/1.4; +https://openai.com/gptbot)"
74.7.241.26 - - [30/Jul/2026:12:12:57 +0000] "GET /admin.php?dir=CwprocCw2531271CwtaskCw2531274CwnetCwnetfilter HTTP/1.1" 200 5374 "https://hondasaudi.com/admin.php?dir=CwprocCw2531271CwtaskCw2531274Cwnet" "Mozilla/5.0 AppleWebKit/537.36 (KHTML, like Gecko; compatible; GPTBot/1.4; +https://openai.com/gptbot)"
172.105.42.26 - - [30/Jul/2026:12:13:40 +0000] "POST /wp-cron.php?doing_wp_cron=1785413620.0431149005889892578125 HTTP/1.1" 200 20 "-" "WordPress/7.0.2; https://hondasaudi.com"
172.105.42.26 - - [30/Jul/2026:12:14:23 +0000] "POST /wp-cron.php?doing_wp_cron=1785413663.0817179679870605468750 HTTP/1.1" 200 20 "-" "WordPress/7.0.2; https://hondasaudi.com"
142.132.180.39 - - [30/Jul/2026:12:14:22 +0000] "HEAD / HTTP/1.1" 200 - "https://hondasaudi.com" "Mozilla/5.0+(compatible; UptimeRobot/2.0; http://www.uptimerobot.com/)"
74.7.241.26 - - [30/Jul/2026:12:14:44 +0000] "GET /admin.php?dir=CwprocCw2315283CwtaskCw2315284CwnetCwnetfilter HTTP/1.1" 200 5374 "https://hondasaudi.com/admin.php?dir=CwprocCw2315283CwtaskCw2315284Cwnet" "Mozilla/5.0 AppleWebKit/537.36 (KHTML, like Gecko; compatible; GPTBot/1.4; +https://openai.com/gptbot)"
74.7.241.26 - - [30/Jul/2026:12:15:06 +0000] "GET /admin.php?dir=CwprocCw3593012CwtaskCw3593013CwnetCwnetfilter HTTP/1.1" 200 5374 "https://hondasaudi.com/admin.php?dir=CwprocCw3593012CwtaskCw3593013Cwnet" "Mozilla/5.0 AppleWebKit/537.36 (KHTML, like Gecko; compatible; GPTBot/1.4; +https://openai.com/gptbot)"
74.7.241.26 - - [30/Jul/2026:12:15:27 +0000] "GET /admin.php?dir=CwprocCw3593012CwtaskCw3593019CwnetCwnetfilter HTTP/1.1" 200 5374 "https://hondasaudi.com/admin.php?dir=CwprocCw3593012CwtaskCw3593019Cwnet" "Mozilla/5.0 AppleWebKit/537.36 (KHTML, like Gecko; compatible; GPTBot/1.4; +https://openai.com/gptbot)"
74.7.241.26 - - [30/Jul/2026:12:15:48 +0000] "GET /admin.php?dir=CwprocCw2534972CwtaskCw2534973CwnetCwnetfilter HTTP/1.1" 200 5374 "https://hondasaudi.com/admin.php?dir=CwprocCw2534972CwtaskCw2534973Cwnet" "Mozilla/5.0 AppleWebKit/537.36 (KHTML, like Gecko; compatible; GPTBot/1.4; +https://openai.com/gptbot)"
114.119.140.50 - - [30/Jul/2026:12:15:59 +0000] "GET /wp-content/uploads/2025/05/a492664ff244495584d0361f1da76a94.jpg HTTP/1.1" 200 414081 "https://hondasaudi.com/?media=TW_Accord_Ramadan_20" "Mozilla/5.0 (Linux; Android 7.0;) AppleWebKit/537.36 (HTML, like Gecko) Mobile Safari/537.36 (compatible; PetalBot;+https://webmaster.petalsearch.com/site/petalbot)"
74.7.241.26 - - [30/Jul/2026:12:16:09 +0000] "GET /admin.php?dir=CwprocCw2531271CwtaskCw2531276CwnetCwnetfilter HTTP/1.1" 200 5374 "https://hondasaudi.com/admin.php?dir=CwprocCw2531271CwtaskCw2531276Cwnet" "Mozilla/5.0 AppleWebKit/537.36 (KHTML, like Gecko; compatible; GPTBot/1.4; +https://openai.com/gptbot)"
74.7.241.26 - - [30/Jul/2026:12:16:31 +0000] "GET /admin.php?dir=CwprocCw3908202CwtaskCw3908207CwnetCwnetfilter HTTP/1.1" 200 5374 "https://hondasaudi.com/admin.php?dir=CwprocCw3908202CwtaskCw3908207Cwnet" "Mozilla/5.0 AppleWebKit/537.36 (KHTML, like Gecko; compatible; GPTBot/1.4; +https://openai.com/gptbot)"
74.7.241.26 - - [30/Jul/2026:12:17:14 +0000] "GET /admin.php?dir=CwprocCw3593424CwtaskCw3593426CwnetCwnetfilter HTTP/1.1" 200 5374 "https://hondasaudi.com/admin.php?dir=CwprocCw3593424CwtaskCw3593426Cwnet" "Mozilla/5.0 AppleWebKit/537.36 (KHTML, like Gecko; compatible; GPTBot/1.4; +https://openai.com/gptbot)"
172.105.42.26 - - [30/Jul/2026:12:17:26 +0000] "POST /wp-cron.php?doing_wp_cron=1785413846.6766650676727294921875 HTTP/1.1" 200 20 "-" "WordPress/7.0.2; https://hondasaudi.com"
20.215.220.113 - - [30/Jul/2026:12:17:26 +0000] "GET / HTTP/1.1" 200 15687 "-" "Mozilla/5.0 AppleWebKit/537.36 (KHTML, like Gecko); compatible; ChatGPT-User/1.0; +https://openai.com/bot"
74.7.241.26 - - [30/Jul/2026:12:17:36 +0000] "GET /admin.php?dir=CwprocCw2315283CwtaskCw2315287CwnetCwnetfilter HTTP/1.1" 200 5367 "https://hondasaudi.com/admin.php?dir=CwprocCw2315283CwtaskCw2315287Cwnet" "Mozilla/5.0 AppleWebKit/537.36 (KHTML, like Gecko; compatible; GPTBot/1.4; +https://openai.com/gptbot)"
74.7.241.26 - - [30/Jul/2026:12:17:58 +0000] "GET /admin.php?dir=CwprocCw2315283CwtaskCw2315286CwnetCwnetfilter HTTP/1.1" 200 5374 "https://hondasaudi.com/admin.php?dir=CwprocCw2315283CwtaskCw2315286Cwnet" "Mozilla/5.0 AppleWebKit/537.36 (KHTML, like Gecko; compatible; GPTBot/1.4; +https://openai.com/gptbot)"
74.7.241.26 - - [30/Jul/2026:12:18:20 +0000] "GET /admin.php?dir=CwprocCw2531271CwtaskCw2531279CwnetCwnetfilter HTTP/1.1" 200 5374 "https://hondasaudi.com/admin.php?dir=CwprocCw2531271CwtaskCw2531279Cwnet" "Mozilla/5.0 AppleWebKit/537.36 (KHTML, like Gecko; compatible; GPTBot/1.4; +https://openai.com/gptbot)"
185.61.152.2 - - [30/Jul/2026:12:18:28 +0000] "POST /service_request/lead_gen_forms/autozone/ HTTP/1.1" 200 220 "-" "-"
185.61.152.2 - - [30/Jul/2026:12:18:34 +0000] "POST /service_request/lead_gen_forms/autozone/ HTTP/1.1" 200 117 "-" "-"
185.61.152.2 - - [30/Jul/2026:12:18:34 +0000] "POST /service_request/lead_gen_forms/autozone/ HTTP/1.1" 500 186 "-" "-"
185.61.152.2 - - [30/Jul/2026:12:18:35 +0000] "POST /service_request/lead_gen_forms/autozone/ HTTP/1.1" 500 186 "-" "-"
185.61.152.2 - - [30/Jul/2026:12:18:35 +0000] "POST /service_request/lead_gen_forms/autozone/ HTTP/1.1" 500 186 "-" "-"
74.7.241.26 - - [30/Jul/2026:12:18:40 +0000] "GET /admin.php?dir=CwprocCw3907191CwtaskCw3907192CwnetCwnetfilter HTTP/1.1" 200 5374 "https://hondasaudi.com/admin.php?dir=CwprocCw3907191CwtaskCw3907192Cwnet" "Mozilla/5.0 AppleWebKit/537.36 (KHTML, like Gecko; compatible; GPTBot/1.4; +https://openai.com/gptbot)"
172.105.42.26 - - [30/Jul/2026:12:18:55 +0000] "POST /wp-cron.php?doing_wp_cron=1785413935.4002349376678466796875 HTTP/1.1" 200 20 "-" "WordPress/7.0.2; https://hondasaudi.com"
74.7.241.26 - - [30/Jul/2026:12:19:00 +0000] "GET /admin.php?dir=CwusrCwlocalCwcpanelCwscripts&view=locale_import HTTP/1.1" 200 1797 "https://hondasaudi.com/admin.php?dir=CwusrCwlocalCwcpanelCwscripts" "Mozilla/5.0 AppleWebKit/537.36 (KHTML, like Gecko; compatible; GPTBot/1.4; +https://openai.com/gptbot)"
172.105.42.26 - - [30/Jul/2026:12:19:28 +0000] "POST /wp-cron.php?doing_wp_cron=1785413968.7317459583282470703125 HTTP/1.1" 200 20 "-" "WordPress/7.0.2; https://hondasaudi.com"
142.132.180.39 - - [30/Jul/2026:12:19:28 +0000] "HEAD / HTTP/1.1" 200 - "https://hondasaudi.com" "Mozilla/5.0+(compatible; UptimeRobot/2.0; http://www.uptimerobot.com/)"
2001:16a4:c2:d44d:1423:7d7f:1228:f430 - - [30/Jul/2026:12:19:29 +0000] "GET / HTTP/1.1" 200 15687 "https://www.google.com/" "Mozilla/5.0 (iPhone; CPU iPhone OS 18_7 like Mac OS X) AppleWebKit/605.1.15 (KHTML, like Gecko) Version/26.5 Mobile/15E148 Safari/604.1"
74.7.241.26 - - [30/Jul/2026:12:20:05 +0000] "GET /admin.php?dir=CwusrCwshareCwlicensesCwperl-B-Debug HTTP/1.1" 200 3275 "https://hondasaudi.com/admin.php?dir=CwusrCwshareCwlicenses" "Mozilla/5.0 AppleWebKit/537.36 (KHTML, like Gecko; compatible; GPTBot/1.4; +https://openai.com/gptbot)"
74.7.241.26 - - [30/Jul/2026:12:20:26 +0000] "GET /admin.php?dir=CwusrCwshareCwdocCwperl-Data-OptList HTTP/1.1" 200 3342 "https://hondasaudi.com/admin.php?dir=CwusrCwshareCwdoc" "Mozilla/5.0 AppleWebKit/537.36 (KHTML, like Gecko; compatible; GPTBot/1.4; +https://openai.com/gptbot)"
185.61.152.2 - - [30/Jul/2026:12:20:45 +0000] "POST /service_request/lead_gen_forms/autozone/ HTTP/1.1" 200 1038 "-" "-"
185.61.152.2 - - [30/Jul/2026:12:20:56 +0000] "POST /service_request/lead_gen_forms/autozone/ HTTP/1.1" 200 117 "-" "-"
185.61.152.2 - - [30/Jul/2026:12:20:56 +0000] "POST /service_request/lead_gen_forms/autozone/ HTTP/1.1" 500 187 "-" "-"
74.7.241.26 - - [30/Jul/2026:12:21:29 +0000] "GET /admin.php?dir=CwusrCwshareCwdocCwperl-File-HomeDir HTTP/1.1" 200 3269 "https://hondasaudi.com/admin.php?dir=CwusrCwshareCwdoc" "Mozilla/5.0 AppleWebKit/537.36 (KHTML, like Gecko; compatible; GPTBot/1.4; +https://openai.com/gptbot)"
172.105.42.26 - - [30/Jul/2026:12:21:52 +0000] "POST /wp-cron.php?doing_wp_cron=1785414112.7480220794677734375000 HTTP/1.1" 200 20 "-" "WordPress/7.0.2; https://hondasaudi.com"
2001:16a2:cfc4:900:4d3f:6dc:c81c:2ea3 - - [30/Jul/2026:12:21:52 +0000] "GET /?utm_source=MoraSMS&utm_campaign=Lineup_RamadanMoraSMS HTTP/1.1" 200 15727 "-" "Mozilla/5.0 (Macintosh; Intel Mac OS X 10_11_1) AppleWebKit/601.2.4 (KHTML, like Gecko) Version/9.0.1 Safari/601.2.4 facebookexternalhit/1.1 Facebot Twitterbot/1.0"
2001:16a2:cfc4:900:4d3f:6dc:c81c:2ea3 - - [30/Jul/2026:12:21:52 +0000] "GET /favicon.ico HTTP/1.1" 302 20 "-" "NetworkingExtension/8624.2.5.10.8 Network/5812.122.1 iOS/26.5.2"
2001:16a2:cfc4:900:4d3f:6dc:c81c:2ea3 - - [30/Jul/2026:12:21:52 +0000] "GET /apple-touch-icon-precomposed.png HTTP/1.1" 404 12581 "-" "NetworkingExtension/8624.2.5.10.8 Network/5812.122.1 iOS/26.5.2"
2001:16a2:cfc4:900:4d3f:6dc:c81c:2ea3 - - [30/Jul/2026:12:21:52 +0000] "GET /apple-touch-icon.png HTTP/1.1" 404 12573 "-" "NetworkingExtension/8624.2.5.10.8 Network/5812.122.1 iOS/26.5.2"
20.63.10.215 - - [30/Jul/2026:12:21:53 +0000] "GET /inputs.php HTTP/1.1" 404 12589 "-" "Mozilla/5.0 (Windows NT 10.0; Win64; x64) AppleWebKit/537.36 (KHTML, like Gecko) Chrome/120.0.0.0 Safari/537.36"
20.63.10.215 - - [30/Jul/2026:12:21:53 +0000] "GET /ioxi-o.php HTTP/1.1" 404 12589 "-" "Mozilla/5.0 (Windows NT 10.0; Win64; x64) AppleWebKit/537.36 (KHTML, like Gecko) Chrome/120.0.0.0 Safari/537.36"
20.63.10.215 - - [30/Jul/2026:12:21:54 +0000] "GET /function/function.php HTTP/1.1" 404 12591 "-" "Mozilla/5.0 (Windows NT 10.0; Win64; x64) AppleWebKit/537.36 (KHTML, like Gecko) Chrome/120.0.0.0 Safari/537.36"
20.63.10.215 - - [30/Jul/2026:12:21:54 +0000] "GET /rip.php HTTP/1.1" 404 12587 "-" "Mozilla/5.0 (Windows NT 10.0; Win64; x64) AppleWebKit/537.36 (KHTML, like Gecko) Chrome/120.0.0.0 Safari/537.36"
20.63.10.215 - - [30/Jul/2026:12:21:55 +0000] "GET /admin.php HTTP/1.1" 200 5367 "-" "Mozilla/5.0 (Windows NT 10.0; Win64; x64) AppleWebKit/537.36 (KHTML, like Gecko) Chrome/120.0.0.0 Safari/537.36"
20.63.10.215 - - [30/Jul/2026:12:21:55 +0000] "GET /wp-content/uploads/index.php HTTP/1.1" 301 20 "-" "Mozilla/5.0 (Windows NT 10.0; Win64; x64) AppleWebKit/537.36 (KHTML, like Gecko) Chrome/120.0.0.0 Safari/537.36"
20.63.10.215 - - [30/Jul/2026:12:21:56 +0000] "GET /cache.php HTTP/1.1" 404 12588 "-" "Mozilla/5.0 (Windows NT 10.0; Win64; x64) AppleWebKit/537.36 (KHTML, like Gecko) Chrome/120.0.0.0 Safari/537.36"
20.63.10.215 - - [30/Jul/2026:12:21:56 +0000] "GET /themes.php HTTP/1.1" 404 12587 "-" "Mozilla/5.0 (Windows NT 10.0; Win64; x64) AppleWebKit/537.36 (KHTML, like Gecko) Chrome/120.0.0.0 Safari/537.36"
20.63.10.215 - - [30/Jul/2026:12:21:57 +0000] "GET /an.php HTTP/1.1" 404 12586 "-" "Mozilla/5.0 (Windows NT 10.0; Win64; x64) AppleWebKit/537.36 (KHTML, like Gecko) Chrome/120.0.0.0 Safari/537.36"
172.105.42.26 - - [30/Jul/2026:12:21:56 +0000] "POST /service_request/ai_integration/ HTTP/1.1" 200 753 "-" "-"
20.63.10.215 - - [30/Jul/2026:12:21:57 +0000] "GET /index/function.php HTTP/1.1" 404 12592 "-" "Mozilla/5.0 (Windows NT 10.0; Win64; x64) AppleWebKit/537.36 (KHTML, like Gecko) Chrome/120.0.0.0 Safari/537.36"
20.63.10.215 - - [30/Jul/2026:12:21:58 +0000] "GET /randkeyword.PhP7 HTTP/1.1" 404 12595 "-" "Mozilla/5.0 (Windows NT 10.0; Win64; x64) AppleWebKit/537.36 (KHTML, like Gecko) Chrome/120.0.0.0 Safari/537.36"
20.63.10.215 - - [30/Jul/2026:12:21:59 +0000] "GET /ws.php HTTP/1.1" 404 12586 "-" "Mozilla/5.0 (Windows NT 10.0; Win64; x64) AppleWebKit/537.36 (KHTML, like Gecko) Chrome/120.0.0.0 Safari/537.36"
20.63.10.215 - - [30/Jul/2026:12:21:59 +0000] "GET /404.php HTTP/1.1" 404 12587 "-" "Mozilla/5.0 (Windows NT 10.0; Win64; x64) AppleWebKit/537.36 (KHTML, like Gecko) Chrome/120.0.0.0 Safari/537.36"
20.63.10.215 - - [30/Jul/2026:12:22:00 +0000] "GET /wp-admin/user.php HTTP/1.1" 404 12590 "-" "Mozilla/5.0 (Windows NT 10.0; Win64; x64) AppleWebKit/537.36 (KHTML, like Gecko) Chrome/120.0.0.0 Safari/537.36"
20.63.10.215 - - [30/Jul/2026:12:22:00 +0000] "GET /wp-conf.php HTTP/1.1" 404 12586 "-" "Mozilla/5.0 (Windows NT 10.0; Win64; x64) AppleWebKit/537.36 (KHTML, like Gecko) Chrome/120.0.0.0 Safari/537.36"
20.63.10.215 - - [30/Jul/2026:12:22:01 +0000] "GET /wp-content/themes/hideo/network.php HTTP/1.1" 404 12635 "-" "Mozilla/5.0 (Windows NT 10.0; Win64; x64) AppleWebKit/537.36 (KHTML, like Gecko) Chrome/120.0.0.0 Safari/537.36"
20.63.10.215 - - [30/Jul/2026:12:22:01 +0000] "GET /wp-login.php HTTP/1.1" 404 12624 "-" "Mozilla/5.0 (Windows NT 10.0; Win64; x64) AppleWebKit/537.36 (KHTML, like Gecko) Chrome/120.0.0.0 Safari/537.36"
20.63.10.215 - - [30/Jul/2026:12:22:02 +0000] "GET /abc.php HTTP/1.1" 404 12586 "-" "Mozilla/5.0 (Windows NT 10.0; Win64; x64) AppleWebKit/537.36 (KHTML, like Gecko) Chrome/120.0.0.0 Safari/537.36"
20.63.10.215 - - [30/Jul/2026:12:22:02 +0000] "GET /abcd.php HTTP/1.1" 404 12587 "-" "Mozilla/5.0 (Windows NT 10.0; Win64; x64) AppleWebKit/537.36 (KHTML, like Gecko) Chrome/120.0.0.0 Safari/537.36"
20.63.10.215 - - [30/Jul/2026:12:22:03 +0000] "GET /as.php HTTP/1.1" 404 12586 "-" "Mozilla/5.0 (Windows NT 10.0; Win64; x64) AppleWebKit/537.36 (KHTML, like Gecko) Chrome/120.0.0.0 Safari/537.36"
20.63.10.215 - - [30/Jul/2026:12:22:03 +0000] "GET /wp-trackback.php HTTP/1.1" 404 150 "-" "Mozilla/5.0 (Windows NT 10.0; Win64; x64) AppleWebKit/537.36 (KHTML, like Gecko) Chrome/120.0.0.0 Safari/537.36"
20.63.10.215 - - [30/Jul/2026:12:22:04 +0000] "GET /about.php HTTP/1.1" 404 12588 "-" "Mozilla/5.0 (Windows NT 10.0; Win64; x64) AppleWebKit/537.36 (KHTML, like Gecko) Chrome/120.0.0.0 Safari/537.36"
20.63.10.215 - - [30/Jul/2026:12:22:04 +0000] "GET /file.php HTTP/1.1" 404 12587 "-" "Mozilla/5.0 (Windows NT 10.0; Win64; x64) AppleWebKit/537.36 (KHTML, like Gecko) Chrome/120.0.0.0 Safari/537.36"
20.63.10.215 - - [30/Jul/2026:12:22:05 +0000] "GET /adminfuns.php HTTP/1.1" 404 12591 "-" "Mozilla/5.0 (Windows NT 10.0; Win64; x64) AppleWebKit/537.36 (KHTML, like Gecko) Chrome/120.0.0.0 Safari/537.36"
20.63.10.215 - - [30/Jul/2026:12:22:05 +0000] "GET /wp-good.php HTTP/1.1" 404 12586 "-" "Mozilla/5.0 (Windows NT 10.0; Win64; x64) AppleWebKit/537.36 (KHTML, like Gecko) Chrome/120.0.0.0 Safari/537.36"
20.63.10.215 - - [30/Jul/2026:12:22:06 +0000] "GET /xmlrpc.php HTTP/1.1" 404 12586 "-" "Mozilla/5.0 (Windows NT 10.0; Win64; x64) AppleWebKit/537.36 (KHTML, like Gecko) Chrome/120.0.0.0 Safari/537.36"
20.63.10.215 - - [30/Jul/2026:12:22:06 +0000] "GET /goods.php HTTP/1.1" 404 12588 "-" "Mozilla/5.0 (Windows NT 10.0; Win64; x64) AppleWebKit/537.36 (KHTML, like Gecko) Chrome/120.0.0.0 Safari/537.36"
20.63.10.215 - - [30/Jul/2026:12:22:07 +0000] "GET /class-t.api.php HTTP/1.1" 403 5168 "-" "Mozilla/5.0 (Windows NT 10.0; Win64; x64) AppleWebKit/537.36 (KHTML, like Gecko) Chrome/120.0.0.0 Safari/537.36"
20.63.10.215 - - [30/Jul/2026:12:22:07 +0000] "GET /sf.php HTTP/1.1" 404 12586 "-" "Mozilla/5.0 (Windows NT 10.0; Win64; x64) AppleWebKit/537.36 (KHTML, like Gecko) Chrome/120.0.0.0 Safari/537.36"
172.105.42.26 - - [30/Jul/2026:12:22:08 +0000] "POST /wp-cron.php?doing_wp_cron=1785414128.2594120502471923828125 HTTP/1.1" 200 20 "-" "WordPress/7.0.2; https://hondasaudi.com"
20.63.10.215 - - [30/Jul/2026:12:22:08 +0000] "GET /kbfr.php HTTP/1.1" 404 12588 "-" "Mozilla/5.0 (Windows NT 10.0; Win64; x64) AppleWebKit/537.36 (KHTML, like Gecko) Chrome/120.0.0.0 Safari/537.36"
20.63.10.215 - - [30/Jul/2026:12:22:08 +0000] "GET /autoload_classmap.php HTTP/1.1" 403 5168 "-" "Mozilla/5.0 (Windows NT 10.0; Win64; x64) AppleWebKit/537.36 (KHTML, like Gecko) Chrome/120.0.0.0 Safari/537.36"
20.63.10.215 - - [30/Jul/2026:12:22:08 +0000] "GET /chosen.php?p= HTTP/1.1" 403 5168 "-" "Mozilla/5.0 (Windows NT 10.0; Win64; x64) AppleWebKit/537.36 (KHTML, like Gecko) Chrome/120.0.0.0 Safari/537.36"
20.63.10.215 - - [30/Jul/2026:12:22:09 +0000] "GET /classwithtostring.php HTTP/1.1" 404 12595 "-" "Mozilla/5.0 (Windows NT 10.0; Win64; x64) AppleWebKit/537.36 (KHTML, like Gecko) Chrome/120.0.0.0 Safari/537.36"
20.63.10.215 - - [30/Jul/2026:12:22:09 +0000] "GET /defaults.php HTTP/1.1" 404 12588 "-" "Mozilla/5.0 (Windows NT 10.0; Win64; x64) AppleWebKit/537.36 (KHTML, like Gecko) Chrome/120.0.0.0 Safari/537.36"
20.63.10.215 - - [30/Jul/2026:12:22:10 +0000] "GET /.well-known/ HTTP/1.1" 404 12591 "-" "Mozilla/5.0 (Windows NT 10.0; Win64; x64) AppleWebKit/537.36 (KHTML, like Gecko) Chrome/120.0.0.0 Safari/537.36"
20.63.10.215 - - [30/Jul/2026:12:22:10 +0000] "GET /info.php HTTP/1.1" 404 12587 "-" "Mozilla/5.0 (Windows NT 10.0; Win64; x64) AppleWebKit/537.36 (KHTML, like Gecko) Chrome/120.0.0.0 Safari/537.36"
20.63.10.215 - - [30/Jul/2026:12:22:11 +0000] "GET /cgi-bin/ HTTP/1.1" 404 12588 "-" "Mozilla/5.0 (Windows NT 10.0; Win64; x64) AppleWebKit/537.36 (KHTML, like Gecko) Chrome/120.0.0.0 Safari/537.36"
74.7.241.26 - - [30/Jul/2026:12:22:11 +0000] "GET /admin.php?dir=CwusrCwshareCwdocCwperl-Data-Section HTTP/1.1" 200 3265 "https://hondasaudi.com/admin.php?dir=CwusrCwshareCwdoc" "Mozilla/5.0 AppleWebKit/537.36 (KHTML, like Gecko; compatible; GPTBot/1.4; +https://openai.com/gptbot)"
20.63.10.215 - - [30/Jul/2026:12:22:11 +0000] "GET /wp-includes/Requests/src/Response/about.php HTTP/1.1" 404 12644 "-" "Mozilla/5.0 (Windows NT 10.0; Win64; x64) AppleWebKit/537.36 (KHTML, like Gecko) Chrome/120.0.0.0 Safari/537.36"
20.63.10.215 - - [30/Jul/2026:12:22:12 +0000] "GET /wp-includes/html-api/ HTTP/1.1" 404 12586 "-" "Mozilla/5.0 (Windows NT 10.0; Win64; x64) AppleWebKit/537.36 (KHTML, like Gecko) Chrome/120.0.0.0 Safari/537.36"
20.63.10.215 - - [30/Jul/2026:12:22:12 +0000] "GET /wp-content/admin.php HTTP/1.1" 404 12584 "-" "Mozilla/5.0 (Windows NT 10.0; Win64; x64) AppleWebKit/537.36 (KHTML, like Gecko) Chrome/120.0.0.0 Safari/537.36"
20.63.10.215 - - [30/Jul/2026:12:22:13 +0000] "GET /wp-admin/css/colors/ectoplasm/ HTTP/1.1" 404 12638 "-" "Mozilla/5.0 (Windows NT 10.0; Win64; x64) AppleWebKit/537.36 (KHTML, like Gecko) Chrome/120.0.0.0 Safari/537.36"
20.63.10.215 - - [30/Jul/2026:12:22:13 +0000] "GET /wp-content/uploads/ HTTP/1.1" 404 12580 "-" "Mozilla/5.0 (Windows NT 10.0; Win64; x64) AppleWebKit/537.36 (KHTML, like Gecko) Chrome/120.0.0.0 Safari/537.36"
20.63.10.215 - - [30/Jul/2026:12:22:14 +0000] "GET /wp-content/themes/admin.php HTTP/1.1" 404 12627 "-" "Mozilla/5.0 (Windows NT 10.0; Win64; x64) AppleWebKit/537.36 (KHTML, like Gecko) Chrome/120.0.0.0 Safari/537.36"
20.63.10.215 - - [30/Jul/2026:12:22:14 +0000] "GET /wp-content/themes/index.php HTTP/1.1" 200 20 "-" "Mozilla/5.0 (Windows NT 10.0; Win64; x64) AppleWebKit/537.36 (KHTML, like Gecko) Chrome/120.0.0.0 Safari/537.36"
20.63.10.215 - - [30/Jul/2026:12:22:15 +0000] "GET /wp-content/plugins/index.php HTTP/1.1" 200 20 "-" "Mozilla/5.0 (Windows NT 10.0; Win64; x64) AppleWebKit/537.36 (KHTML, like Gecko) Chrome/120.0.0.0 Safari/537.36"
20.63.10.215 - - [30/Jul/2026:12:22:15 +0000] "GET /wp-includes/PHPMailer/ HTTP/1.1" 404 12589 "-" "Mozilla/5.0 (Windows NT 10.0; Win64; x64) AppleWebKit/537.36 (KHTML, like Gecko) Chrome/120.0.0.0 Safari/537.36"
172.105.42.26 - - [30/Jul/2026:12:22:16 +0000] "POST /wp-cron.php?doing_wp_cron=1785414136.3014988899230957031250 HTTP/1.1" 200 20 "-" "WordPress/7.0.2; https://hondasaudi.com"
20.63.10.215 - - [30/Jul/2026:12:22:16 +0000] "GET /wp-includes/images/ HTTP/1.1" 404 12584 "-" "Mozilla/5.0 (Windows NT 10.0; Win64; x64) AppleWebKit/537.36 (KHTML, like Gecko) Chrome/120.0.0.0 Safari/537.36"
20.63.10.215 - - [30/Jul/2026:12:22:16 +0000] "GET /wp-content/plugins/WordPressCore/ HTTP/1.1" 403 5168 "-" "Mozilla/5.0 (Windows NT 10.0; Win64; x64) AppleWebKit/537.36 (KHTML, like Gecko) Chrome/120.0.0.0 Safari/537.36"
74.7.241.26 - - [30/Jul/2026:12:22:31 +0000] "GET /admin.php?dir=CwusrCwlibCwdracutCwmodulesFwdCw90lvm HTTP/1.1" 200 3423 "https://hondasaudi.com/admin.php?dir=CwusrCwlibCwdracutCwmodulesFwd" "Mozilla/5.0 AppleWebKit/537.36 (KHTML, like Gecko; compatible; GPTBot/1.4; +https://openai.com/gptbot)"
74.7.241.26 - - [30/Jul/2026:12:23:14 +0000] "GET /admin.php?dir=CwusrCwlibCwdracutCwmodulesFwdCw01fips HTTP/1.1" 200 3449 "https://hondasaudi.com/admin.php?dir=CwusrCwlibCwdracutCwmodulesFwd" "Mozilla/5.0 AppleWebKit/537.36 (KHTML, like Gecko; compatible; GPTBot/1.4; +https://openai.com/gptbot)"
74.7.241.26 - - [30/Jul/2026:12:23:34 +0000] "GET /admin.php?dir=CwusrCwlibCwdracutCwmodulesFwdCw06rngd HTTP/1.1" 200 3283 "https://hondasaudi.com/admin.php?dir=CwusrCwlibCwdracutCwmodulesFwd" "Mozilla/5.0 AppleWebKit/537.36 (KHTML, like Gecko; compatible; GPTBot/1.4; +https://openai.com/gptbot)"
172.105.42.26 - - [30/Jul/2026:12:23:51 +0000] "POST /wp-cron.php?doing_wp_cron=1785414231.0401310920715332031250 HTTP/1.1" 200 20 "-" "WordPress/7.0.2; https://hondasaudi.com"
2001:16a2:4d15:7000:c93f:6801:f85a:aaed - - [30/Jul/2026:12:23:50 +0000] "GET / HTTP/1.1" 200 15687 "https://www.google.com/" "Mozilla/5.0 (iPhone; CPU iPhone OS 18_7 like Mac OS X) AppleWebKit/605.1.15 (KHTML, like Gecko) Version/18.7.6 Mobile/15E148 Safari/604.1"
74.7.241.26 - - [30/Jul/2026:12:23:54 +0000] "GET /admin.php?dir=CwusrCwlibCwdracutCwmodulesFwdCw95debug HTTP/1.1" 200 3219 "https://hondasaudi.com/admin.php?dir=CwusrCwlibCwdracutCwmodulesFwd" "Mozilla/5.0 AppleWebKit/537.36 (KHTML, like Gecko; compatible; GPTBot/1.4; +https://openai.com/gptbot)"
172.105.42.26 - - [30/Jul/2026:12:24:08 +0000] "POST /wp-cron.php?doing_wp_cron=1785414248.8362939357757568359375 HTTP/1.1" 200 20 "-" "WordPress/7.0.2; https://hondasaudi.com"
74.7.241.26 - - [30/Jul/2026:12:24:15 +0000] "GET /admin.php?dir=CwusrCwshareCwdocCwperl-Data-OptListCwt HTTP/1.1" 200 3401 "https://hondasaudi.com/admin.php?dir=CwusrCwshareCwdocCwperl-Data-OptList" "Mozilla/5.0 AppleWebKit/537.36 (KHTML, like Gecko; compatible; GPTBot/1.4; +https://openai.com/gptbot)"
172.105.42.26 - - [30/Jul/2026:12:24:40 +0000] "POST /wp-cron.php?doing_wp_cron=1785414280.3838479518890380859375 HTTP/1.1" 200 20 "-" "WordPress/7.0.2; https://hondasaudi.com"
88.99.80.227 - - [30/Jul/2026:12:24:40 +0000] "HEAD / HTTP/1.1" 200 - "https://hondasaudi.com" "Mozilla/5.0+(compatible; UptimeRobot/2.0; http://www.uptimerobot.com/)"
17.246.19.60 - - [30/Jul/2026:12:24:55 +0000] "GET /oddysey-offer-2022/ HTTP/1.1" 200 19241 "-" "Mozilla/5.0 (Macintosh; Intel Mac OS X 10_15_7) AppleWebKit/605.1.15 (KHTML, like Gecko) Version/17.4 Safari/605.1.15 (Applebot/0.1; +http://www.apple.com/go/applebot)"
74.7.241.26 - - [30/Jul/2026:12:25:39 +0000] "GET /admin.php?dir=CwusrCwlibCwdracutCwmodulesFwdCw95nfs HTTP/1.1" 200 3490 "https://hondasaudi.com/admin.php?dir=CwusrCwlibCwdracutCwmodulesFwd" "Mozilla/5.0 AppleWebKit/537.36 (KHTML, like Gecko; compatible; GPTBot/1.4; +https://openai.com/gptbot)"
172.105.42.26 - - [30/Jul/2026:12:25:53 +0000] "POST /wp-cron.php?doing_wp_cron=1785414353.6308100223541259765625 HTTP/1.1" 200 20 "-" "WordPress/7.0.2; https://hondasaudi.com"
163.116.191.27 - - [30/Jul/2026:12:25:53 +0000] "GET / HTTP/1.1" 200 15687 "https://www.google.com/" "Mozilla/5.0 (Windows NT 10.0; Win64; x64) AppleWebKit/537.36 (KHTML, like Gecko) Chrome/149.0.0.0 Safari/537.36 Edg/149.0.0.0"
74.7.241.26 - - [30/Jul/2026:12:26:00 +0000] "GET /admin.php?dir=CwusrCwlibCwdracutCwmodulesFwdCw90qemu HTTP/1.1" 200 3219 "https://hondasaudi.com/admin.php?dir=CwusrCwlibCwdracutCwmodulesFwd" "Mozilla/5.0 AppleWebKit/537.36 (KHTML, like Gecko; compatible; GPTBot/1.4; +https://openai.com/gptbot)"
172.105.42.26 - - [30/Jul/2026:12:26:17 +0000] "POST /wp-cron.php?doing_wp_cron=1785414377.1770129203796386718750 HTTP/1.1" 200 20 "-" "WordPress/7.0.2; https://hondasaudi.com"
20.250.6.131 - - [30/Jul/2026:12:26:16 +0000] "GET / HTTP/1.1" 200 15687 "-" "Mozilla/5.0 AppleWebKit/537.36 (KHTML, like Gecko); compatible; ChatGPT-User/1.0; +https://openai.com/bot"
