74.7.241.26 - - [30/Jul/2026:12:41:08 +0000] "GET /admin.php?dir=CwusrCwlibCwdracutCwmodulesFwdCw99memstrack HTTP/1.1" 200 3407 "https://hondasaudi.com/admin.php?dir=CwusrCwlibCwdracutCwmodulesFwd" "Mozilla/5.0 AppleWebKit/537.36 (KHTML, like Gecko; compatible; GPTBot/1.4; +https://openai.com/gptbot)"
2001:df1:e8c0::1002 - - [30/Jul/2026:12:41:14 +0000] "POST / HTTP/1.1" 403 6635 "-" "Mozilla/5.0 (Windows NT 10.0; Win64; x64) AppleWebKit/537.36 (KHTML, like Gecko) Chrome/120.0.0.0 Safari/537.36"
2001:df1:e8c0::1002 - - [30/Jul/2026:12:41:14 +0000] "POST / HTTP/1.1" 403 6635 "-" "Mozilla/5.0 (Windows NT 10.0; Win64; x64) AppleWebKit/537.36 (KHTML, like Gecko) Chrome/120.0.0.0 Safari/537.36"
103.59.160.94 - - [30/Jul/2026:12:41:20 +0000] "POST / HTTP/1.1" 403 6634 "-" "Mozilla/5.0 (Windows NT 10.0; Win64; x64) AppleWebKit/537.36 (KHTML, like Gecko) Chrome/120.0.0.0 Safari/537.36"
74.7.241.26 - - [30/Jul/2026:12:41:29 +0000] "GET /admin.php?dir=CwusrCwlibCwdracutCwmodulesFwdCw03modsign HTTP/1.1" 200 3289 "https://hondasaudi.com/admin.php?dir=CwusrCwlibCwdracutCwmodulesFwd" "Mozilla/5.0 AppleWebKit/537.36 (KHTML, like Gecko; compatible; GPTBot/1.4; +https://openai.com/gptbot)"
2001:df1:e8c0::1002 - - [30/Jul/2026:12:41:42 +0000] "POST / HTTP/1.1" 403 6633 "-" "Mozilla/5.0 (Windows NT 10.0; Win64; x64) AppleWebKit/537.36 (KHTML, like Gecko) Chrome/120.0.0.0 Safari/537.36"
2001:df1:e8c0::1002 - - [30/Jul/2026:12:41:43 +0000] "POST / HTTP/1.1" 403 6633 "-" "Mozilla/5.0 (Windows NT 10.0; Win64; x64) AppleWebKit/537.36 (KHTML, like Gecko) Chrome/120.0.0.0 Safari/537.36"
2001:df1:e8c0::1002 - - [30/Jul/2026:12:41:48 +0000] "POST / HTTP/1.1" 403 6634 "-" "Mozilla/5.0 (Windows NT 10.0; Win64; x64) AppleWebKit/537.36 (KHTML, like Gecko) Chrome/120.0.0.0 Safari/537.36"
74.7.241.26 - - [30/Jul/2026:12:41:49 +0000] "GET /admin.php?dir=CwusrCwlibCwdracutCwmodulesFwdCw90lvm&view=64-lvm.rules HTTP/1.1" 200 534 "https://hondasaudi.com/admin.php?dir=CwusrCwlibCwdracutCwmodulesFwdCw90lvm" "Mozilla/5.0 AppleWebKit/537.36 (KHTML, like Gecko; compatible; GPTBot/1.4; +https://openai.com/gptbot)"
103.59.160.94 - - [30/Jul/2026:12:41:53 +0000] "POST / HTTP/1.1" 403 6634 "-" "Mozilla/5.0 (Windows NT 10.0; Win64; x64) AppleWebKit/537.36 (KHTML, like Gecko) Chrome/120.0.0.0 Safari/537.36"
2001:df1:e8c0::1002 - - [30/Jul/2026:12:42:10 +0000] "POST / HTTP/1.1" 403 6634 "-" "Mozilla/5.0 (Windows NT 10.0; Win64; x64) AppleWebKit/537.36 (KHTML, like Gecko) Chrome/120.0.0.0 Safari/537.36"
74.7.241.26 - - [30/Jul/2026:12:42:32 +0000] "GET /admin.php?dir=CwusrCwlibCwdracutCwmodulesFwdCw98usrmount&view=module-setup.sh HTTP/1.1" 200 254 "https://hondasaudi.com/admin.php?dir=CwusrCwlibCwdracutCwmodulesFwdCw98usrmount" "Mozilla/5.0 AppleWebKit/537.36 (KHTML, like Gecko; compatible; GPTBot/1.4; +https://openai.com/gptbot)"
2001:df1:e8c0::1002 - - [30/Jul/2026:12:42:32 +0000] "POST / HTTP/1.1" 403 6634 "-" "Mozilla/5.0 (Windows NT 10.0; Win64; x64) AppleWebKit/537.36 (KHTML, like Gecko) Chrome/120.0.0.0 Safari/537.36"
2001:df1:e8c0::1002 - - [30/Jul/2026:12:42:35 +0000] "POST / HTTP/1.1" 403 6634 "-" "Mozilla/5.0 (Windows NT 10.0; Win64; x64) AppleWebKit/537.36 (KHTML, like Gecko) Chrome/120.0.0.0 Safari/537.36"
172.105.42.26 - - [30/Jul/2026:12:42:41 +0000] "POST /?wordfence_syncAttackData=1785415361.778 HTTP/1.1" 200 12947 "-" "WordPress/7.0.2; https://hondasaudi.com"
172.105.42.26 - - [30/Jul/2026:12:42:41 +0000] "POST /?wordfence_syncAttackData=1785415361.7925 HTTP/1.1" 200 12947 "-" "WordPress/7.0.2; https://hondasaudi.com"
172.105.42.26 - - [30/Jul/2026:12:42:42 +0000] "POST /wp-cron.php?doing_wp_cron=1785415362.0416650772094726562500 HTTP/1.1" 200 20 "-" "WordPress/7.0.2; https://hondasaudi.com"
172.105.42.26 - - [30/Jul/2026:12:42:41 +0000] "POST /?wordfence_syncAttackData=1785415361.7401 HTTP/1.1" 200 20 "-" "WordPress/7.0.2; https://hondasaudi.com"
172.105.42.26 - - [30/Jul/2026:12:42:41 +0000] "POST /?wordfence_syncAttackData=1785415361.8583 HTTP/1.1" 200 12951 "-" "WordPress/7.0.2; https://hondasaudi.com"
2001:16a2:2f9a:c200:b1c6:e613:2191:f368 - - [30/Jul/2026:12:42:41 +0000] "GET /apple-touch-icon.png HTTP/1.1" 404 12572 "-" "NetworkingExtension/8624.2.5.10.8 Network/5812.122.1 iOS/26.5.2"
2001:16a2:2f9a:c200:b1c6:e613:2191:f368 - - [30/Jul/2026:12:42:41 +0000] "GET /favicon.ico HTTP/1.1" 302 20 "-" "NetworkingExtension/8624.2.5.10.8 Network/5812.122.1 iOS/26.5.2"
2001:16a2:2f9a:c200:b1c6:e613:2191:f368 - - [30/Jul/2026:12:42:41 +0000] "GET /apple-touch-icon-precomposed.png HTTP/1.1" 404 12580 "-" "NetworkingExtension/8624.2.5.10.8 Network/5812.122.1 iOS/26.5.2"
2001:16a2:2f9a:c200:b1c6:e613:2191:f368 - - [30/Jul/2026:12:42:41 +0000] "GET /honda-zrv/?utm_source=GoogleAds&utm_campaign=Ramdan2026&gad_source=2&gad_campaignid=23563453354 HTTP/1.1" 200 16271 "-" "Mozilla/5.0 (Macintosh; Intel Mac OS X 10_11_1) AppleWebKit/601.2.4 (KHTML, like Gecko) Version/9.0.1 Safari/601.2.4 facebookexternalhit/1.1 Facebot Twitterbot/1.0"
2001:df1:e8c0::1002 - - [30/Jul/2026:12:42:48 +0000] "POST / HTTP/1.1" 403 6633 "-" "Mozilla/5.0 (Windows NT 10.0; Win64; x64) AppleWebKit/537.36 (KHTML, like Gecko) Chrome/120.0.0.0 Safari/537.36"
103.59.160.94 - - [30/Jul/2026:12:42:53 +0000] "POST / HTTP/1.1" 403 6634 "-" "Mozilla/5.0 (Windows NT 10.0; Win64; x64) AppleWebKit/537.36 (KHTML, like Gecko) Chrome/120.0.0.0 Safari/537.36"
74.7.241.26 - - [30/Jul/2026:12:42:53 +0000] "GET /admin.php?dir=CwusrCwlibCwdracutCwmodulesFwdCw98usrmount&view=mount-usr.sh HTTP/1.1" 200 1270 "https://hondasaudi.com/admin.php?dir=CwusrCwlibCwdracutCwmodulesFwdCw98usrmount" "Mozilla/5.0 AppleWebKit/537.36 (KHTML, like Gecko; compatible; GPTBot/1.4; +https://openai.com/gptbot)"
103.59.160.94 - - [30/Jul/2026:12:42:58 +0000] "POST / HTTP/1.1" 403 6634 "-" "Mozilla/5.0 (Windows NT 10.0; Win64; x64) AppleWebKit/537.36 (KHTML, like Gecko) Chrome/120.0.0.0 Safari/537.36"
2001:df1:e8c0::1002 - - [30/Jul/2026:12:42:59 +0000] "POST / HTTP/1.1" 403 6634 "-" "Mozilla/5.0 (Windows NT 10.0; Win64; x64) AppleWebKit/537.36 (KHTML, like Gecko) Chrome/120.0.0.0 Safari/537.36"
103.59.160.94 - - [30/Jul/2026:12:43:04 +0000] "POST / HTTP/1.1" 403 6634 "-" "Mozilla/5.0 (Windows NT 10.0; Win64; x64) AppleWebKit/537.36 (KHTML, like Gecko) Chrome/120.0.0.0 Safari/537.36"
74.7.241.26 - - [30/Jul/2026:12:43:13 +0000] "GET /admin.php?dir=CwusrCwlibCwdracutCwmodulesFwdCw90lvm&view=parse-lvm.sh HTTP/1.1" 200 334 "https://hondasaudi.com/admin.php?dir=CwusrCwlibCwdracutCwmodulesFwdCw90lvm" "Mozilla/5.0 AppleWebKit/537.36 (KHTML, like Gecko; compatible; GPTBot/1.4; +https://openai.com/gptbot)"
172.105.42.26 - - [30/Jul/2026:12:43:14 +0000] "POST /wp-cron.php?doing_wp_cron=1785415394.1937348842620849609375 HTTP/1.1" 200 20 "-" "WordPress/7.0.2; https://hondasaudi.com"
172.105.42.26 - - [30/Jul/2026:12:43:13 +0000] "POST /?wordfence_syncAttackData=1785415393.9414 HTTP/1.1" 200 20 "-" "WordPress/7.0.2; https://hondasaudi.com"
2001:4860:7:228::ff - - [30/Jul/2026:12:43:14 +0000] "GET /contact/ HTTP/1.1" 200 13006 "https://www.google.com/" "Mozilla/5.0 (Windows NT 10.0; Win64; x64) AppleWebKit/537.36 (KHTML, like Gecko) Chrome/150.0.0.0 Safari/537.36"
172.105.42.26 - - [30/Jul/2026:12:43:14 +0000] "POST /wp-cron.php?doing_wp_cron=1785415394.4348540306091308593750 HTTP/1.1" 200 20 "-" "WordPress/7.0.2; https://hondasaudi.com"
66.249.81.66 - - [30/Jul/2026:12:43:13 +0000] "GET /.well-known/traffic-advice HTTP/1.1" 404 12584 "-" "Chrome Privacy Preserving Prefetch Proxy"
74.7.241.26 - - [30/Jul/2026:12:43:34 +0000] "GET /admin.php?dir=CwusrCwlibCwdracutCwmodulesFwdCw95nfs&view=parse-nfsroot.sh HTTP/1.1" 200 1503 "https://hondasaudi.com/admin.php?dir=CwusrCwlibCwdracutCwmodulesFwdCw95nfs" "Mozilla/5.0 AppleWebKit/537.36 (KHTML, like Gecko; compatible; GPTBot/1.4; +https://openai.com/gptbot)"
74.7.241.26 - - [30/Jul/2026:12:43:54 +0000] "GET /admin.php?dir=CwusrCwlibCwdracutCwmodulesFwdCw01fips&view=fips-noboot.sh HTTP/1.1" 200 246 "https://hondasaudi.com/admin.php?dir=CwusrCwlibCwdracutCwmodulesFwdCw01fips" "Mozilla/5.0 AppleWebKit/537.36 (KHTML, like Gecko; compatible; GPTBot/1.4; +https://openai.com/gptbot)"
103.59.160.94 - - [30/Jul/2026:12:44:07 +0000] "POST / HTTP/1.1" 403 6633 "-" "Mozilla/5.0 (Windows NT 10.0; Win64; x64) AppleWebKit/537.36 (KHTML, like Gecko) Chrome/120.0.0.0 Safari/537.36"
103.59.160.94 - - [30/Jul/2026:12:44:12 +0000] "POST / HTTP/1.1" 403 6633 "-" "Mozilla/5.0 (Windows NT 10.0; Win64; x64) AppleWebKit/537.36 (KHTML, like Gecko) Chrome/120.0.0.0 Safari/537.36"
103.59.160.94 - - [30/Jul/2026:12:44:32 +0000] "POST / HTTP/1.1" 403 6633 "-" "Mozilla/5.0 (Windows NT 10.0; Win64; x64) AppleWebKit/537.36 (KHTML, like Gecko) Chrome/120.0.0.0 Safari/537.36"
74.7.241.26 - - [30/Jul/2026:12:44:35 +0000] "GET /admin.php?dir=CwusrCwlibCwdracutCwmodulesFwdCw01fips&view=fips-boot.sh HTTP/1.1" 200 248 "https://hondasaudi.com/admin.php?dir=CwusrCwlibCwdracutCwmodulesFwdCw01fips" "Mozilla/5.0 AppleWebKit/537.36 (KHTML, like Gecko; compatible; GPTBot/1.4; +https://openai.com/gptbot)"
74.7.241.26 - - [30/Jul/2026:12:44:55 +0000] "GET /admin.php?dir=CwusrCwlibCwdracutCwmodulesFwdCw99memstrack&view=module-setup.sh HTTP/1.1" 200 356 "https://hondasaudi.com/admin.php?dir=CwusrCwlibCwdracutCwmodulesFwdCw99memstrack" "Mozilla/5.0 AppleWebKit/537.36 (KHTML, like Gecko; compatible; GPTBot/1.4; +https://openai.com/gptbot)"
172.105.42.26 - - [30/Jul/2026:12:45:07 +0000] "POST /wp-cron.php?doing_wp_cron=1785415507.4554209709167480468750 HTTP/1.1" 200 20 "-" "WordPress/7.0.2; https://hondasaudi.com"
172.105.42.26 - - [30/Jul/2026:12:45:07 +0000] "POST /?wordfence_syncAttackData=1785415507.0334 HTTP/1.1" 200 20 "-" "WordPress/7.0.2; https://hondasaudi.com"
172.105.42.26 - - [30/Jul/2026:12:45:07 +0000] "POST /wp-cron.php?doing_wp_cron=1785415507.6050488948822021484375 HTTP/1.1" 200 20 "-" "WordPress/7.0.2; https://hondasaudi.com"
168.119.123.75 - - [30/Jul/2026:12:45:06 +0000] "HEAD / HTTP/1.1" 200 - "https://hondasaudi.com" "Mozilla/5.0+(compatible; UptimeRobot/2.0; http://www.uptimerobot.com/)"
172.105.42.26 - - [30/Jul/2026:12:45:12 +0000] "POST /wp-cron.php?doing_wp_cron=1785415512.6850719451904296875000 HTTP/1.1" 200 20 "-" "WordPress/7.0.2; https://hondasaudi.com"
74.7.241.26 - - [30/Jul/2026:12:45:17 +0000] "GET /admin.php?dir=CwusrCwlibCwdracutCwmodulesFwdCw03modsign&view=module-setup.sh HTTP/1.1" 200 445 "https://hondasaudi.com/admin.php?dir=CwusrCwlibCwdracutCwmodulesFwdCw03modsign" "Mozilla/5.0 AppleWebKit/537.36 (KHTML, like Gecko; compatible; GPTBot/1.4; +https://openai.com/gptbot)"
74.7.241.26 - - [30/Jul/2026:12:45:38 +0000] "GET /admin.php?dir=CwusrCwlibCwdracutCwmodulesFwdCw99memstrack&view=memstrack.service HTTP/1.1" 200 279 "https://hondasaudi.com/admin.php?dir=CwusrCwlibCwdracutCwmodulesFwdCw99memstrack" "Mozilla/5.0 AppleWebKit/537.36 (KHTML, like Gecko; compatible; GPTBot/1.4; +https://openai.com/gptbot)"
2400:6180:0:d2:0:2:ecb8:4000 - - [30/Jul/2026:12:45:44 +0000] "GET / HTTP/1.1" 200 15687 "-" "Mozilla/5.0 (Windows NT 10.0; Win64; x64) AppleWebKit/537.36 (KHTML, like Gecko) Chrome/126.0.0.0 Safari/537.36"
74.7.241.26 - - [30/Jul/2026:12:45:58 +0000] "GET /admin.php?dir=CwusrCwlibCwdracutCwmodulesFwdCw99memstrack&view=memstrack-start.sh HTTP/1.1" 200 782 "https://hondasaudi.com/admin.php?dir=CwusrCwlibCwdracutCwmodulesFwdCw99memstrack" "Mozilla/5.0 AppleWebKit/537.36 (KHTML, like Gecko; compatible; GPTBot/1.4; +https://openai.com/gptbot)"
74.7.241.26 - - [30/Jul/2026:12:46:20 +0000] "GET /admin.php?dir=CwusrCwlibCwdracutCwmodulesFwdCw99memstrack&view=memstrack-report.sh HTTP/1.1" 200 340 "https://hondasaudi.com/admin.php?dir=CwusrCwlibCwdracutCwmodulesFwdCw99memstrack" "Mozilla/5.0 AppleWebKit/537.36 (KHTML, like Gecko; compatible; GPTBot/1.4; +https://openai.com/gptbot)"
74.7.241.26 - - [30/Jul/2026:12:46:40 +0000] "GET /admin.php?dir=CwusrCwlibCwdracutCwmodulesFwdCw95cifs HTTP/1.1" 200 3395 "https://hondasaudi.com/admin.php?dir=CwusrCwlibCwdracutCwmodulesFwd" "Mozilla/5.0 AppleWebKit/537.36 (KHTML, like Gecko; compatible; GPTBot/1.4; +https://openai.com/gptbot)"
172.105.42.26 - - [30/Jul/2026:12:47:33 +0000] "POST /wp-cron.php?doing_wp_cron=1785415653.7227740287780761718750 HTTP/1.1" 200 20 "-" "WordPress/7.0.2; https://hondasaudi.com"
31.166.156.199 - - [30/Jul/2026:12:47:33 +0000] "GET / HTTP/1.1" 200 15688 "-" "Mozilla/5.0 (Windows NT 10.0; Win64; x64) AppleWebKit/537.36 (KHTML, like Gecko) Chrome/150.0.0.0 Safari/537.36"
74.7.241.26 - - [30/Jul/2026:12:48:04 +0000] "GET /admin.php?dir=CwusrCwlib64&edit=.libssl.so.1.1.hmac HTTP/1.1" 200 2512 "https://hondasaudi.com/admin.php?dir=CwCwlib64" "Mozilla/5.0 AppleWebKit/537.36 (KHTML, like Gecko; compatible; GPTBot/1.4; +https://openai.com/gptbot)"
185.61.152.2 - - [30/Jul/2026:12:48:45 +0000] "POST /service_request/lead_gen_forms/autozone/ HTTP/1.1" 200 220 "-" "-"
172.105.42.26 - - [30/Jul/2026:12:49:58 +0000] "POST /wp-cron.php?doing_wp_cron=1785415798.7347800731658935546875 HTTP/1.1" 200 20 "-" "WordPress/7.0.2; https://hondasaudi.com"
20.40.58.237 - - [30/Jul/2026:12:49:58 +0000] "GET /wp-json/wp/v2/posts?slug=/ HTTP/1.1" 200 22 "-" "-"
20.40.58.237 - - [30/Jul/2026:12:50:03 +0000] "GET /wp-json/wp/v2/posts?per_page=1 HTTP/1.1" 200 1855 "-" "-"
172.105.42.26 - - [30/Jul/2026:12:50:12 +0000] "POST /wp-cron.php?doing_wp_cron=1785415812.0413250923156738281250 HTTP/1.1" 200 20 "-" "WordPress/7.0.2; https://hondasaudi.com"
20.40.58.237 - - [30/Jul/2026:12:50:11 +0000] "POST /wp-comments-post.php HTTP/1.1" 302 20 "-" "-"
172.105.42.26 - - [30/Jul/2026:12:50:17 +0000] "POST /wp-cron.php?doing_wp_cron=1785415816.9951310157775878906250 HTTP/1.1" 200 20 "-" "WordPress/7.0.2; https://hondasaudi.com"
20.40.58.237 - - [30/Jul/2026:12:50:16 +0000] "GET /what-can-you-do-to-improve-business-strategy-right-now/?unapproved=1613&moderation-hash=38125c5dca12888f3d2ebb06cbbcf0e3 HTTP/1.1" 200 16888 "-" "-"
172.105.42.26 - - [30/Jul/2026:12:50:22 +0000] "POST /wp-cron.php?doing_wp_cron=1785415822.2103478908538818359375 HTTP/1.1" 200 20 "-" "WordPress/7.0.2; https://hondasaudi.com"
18.192.166.72 - - [30/Jul/2026:12:50:22 +0000] "HEAD / HTTP/1.1" 200 - "https://hondasaudi.com" "Mozilla/5.0+(compatible; UptimeRobot/2.0; http://www.uptimerobot.com/)"
74.7.241.26 - - [30/Jul/2026:12:50:34 +0000] "GET /admin.php?dir=CwusrCwlibCwdracutCwmodulesFwdCw95cifs&view=cifsroot.sh HTTP/1.1" 200 432 "https://hondasaudi.com/admin.php?dir=CwusrCwlibCwdracutCwmodulesFwdCw95cifs" "Mozilla/5.0 AppleWebKit/537.36 (KHTML, like Gecko; compatible; GPTBot/1.4; +https://openai.com/gptbot)"
74.7.241.26 - - [30/Jul/2026:12:51:16 +0000] "GET /admin.php?dir=CwusrCwlibCwdracutCwmodulesFwdCw95cifs&view=parse-cifsroot.sh HTTP/1.1" 200 678 "https://hondasaudi.com/admin.php?dir=CwusrCwlibCwdracutCwmodulesFwdCw95cifs" "Mozilla/5.0 AppleWebKit/537.36 (KHTML, like Gecko; compatible; GPTBot/1.4; +https://openai.com/gptbot)"
74.7.241.26 - - [30/Jul/2026:12:51:37 +0000] "GET /admin.php?dir=CwusrCwlibCwdracutCwmodulesFwdCw95cifs&edit=cifsroot.sh HTTP/1.1" 200 2872 "https://hondasaudi.com/admin.php?dir=CwusrCwlibCwdracutCwmodulesFwdCw95cifs" "Mozilla/5.0 AppleWebKit/537.36 (KHTML, like Gecko; compatible; GPTBot/1.4; +https://openai.com/gptbot)"
172.105.42.26 - - [30/Jul/2026:12:52:17 +0000] "POST /wp-cron.php?doing_wp_cron=1785415937.7732939720153808593750 HTTP/1.1" 200 20 "-" "WordPress/7.0.2; https://hondasaudi.com"
2a02:9b0:4047:58a9:8dee:54a7:35c5:1a27 - - [30/Jul/2026:12:52:17 +0000] "GET /outlet/ HTTP/1.1" 200 16111 "https://www.google.com/" "Mozilla/5.0 (iPhone; CPU iPhone OS 18_7 like Mac OS X) AppleWebKit/605.1.15 (KHTML, like Gecko) Version/26.5.2 Mobile/15E148 Safari/604.1"
74.7.241.26 - - [30/Jul/2026:12:52:21 +0000] "GET /admin.php?dir=CwusrCwlibCwdracutCwmodulesFwdCw95cifs&view=module-setup.sh HTTP/1.1" 200 663 "https://hondasaudi.com/admin.php?dir=CwusrCwlibCwdracutCwmodulesFwdCw95cifs" "Mozilla/5.0 AppleWebKit/537.36 (KHTML, like Gecko; compatible; GPTBot/1.4; +https://openai.com/gptbot)"
172.105.42.26 - - [30/Jul/2026:12:52:21 +0000] "POST /wp-cron.php?doing_wp_cron=1785415941.5982639789581298828125 HTTP/1.1" 200 20 "-" "WordPress/7.0.2; https://hondasaudi.com"
2a02:9b0:4047:58a9:8dee:54a7:35c5:1a27 - - [30/Jul/2026:12:52:21 +0000] "GET /wp-json/contact-form-7/v1/contact-forms/453560/feedback/schema HTTP/1.1" 200 1143 "https://hondasaudi.com/outlet/" "Mozilla/5.0 (iPhone; CPU iPhone OS 18_7 like Mac OS X) AppleWebKit/605.1.15 (KHTML, like Gecko) Version/26.5.2 Mobile/15E148 Safari/604.1"
2001:16a4:62:1b07:fcbf:2b02:e1b0:3a5c - - [30/Jul/2026:12:52:30 +0000] "GET / HTTP/1.1" 200 15687 "https://www.google.com/" "Mozilla/5.0 (iPhone; CPU iPhone OS 18_7 like Mac OS X) AppleWebKit/605.1.15 (KHTML, like Gecko) Version/26.5.2 Mobile/15E148 Safari/604.1"
172.105.42.26 - - [30/Jul/2026:12:53:28 +0000] "POST /service_request/ai_integration/ HTTP/1.1" 200 750 "-" "-"
74.7.241.26 - - [30/Jul/2026:12:53:44 +0000] "GET /admin.php?dir=CwusrCwlibCwdracutCwmodulesFwdCw95cifs&view=cifs-lib.sh HTTP/1.1" 200 550 "https://hondasaudi.com/admin.php?dir=CwusrCwlibCwdracutCwmodulesFwdCw95cifs" "Mozilla/5.0 AppleWebKit/537.36 (KHTML, like Gecko; compatible; GPTBot/1.4; +https://openai.com/gptbot)"
149.54.1.228 - - [30/Jul/2026:12:54:47 +0000] "GET /honda-promo-hzp/?utm_source=GoogleAds&utm_campaign=HondaJulyHZPPromo2026 HTTP/1.1" 200 17109 "-" "Mozilla/5.0 (Linux; Android 10; K) AppleWebKit/537.36 (KHTML, like Gecko) Chrome/149.0.0.0 Mobile Safari/537.36"
149.54.1.228 - - [30/Jul/2026:12:54:50 +0000] "GET /wp-content/themes/Impreza/fonts/fa-brands-400.woff2?ver=8.0.5 HTTP/1.1" 200 76767 "https://hondasaudi.com/honda-promo-hzp/?utm_source=GoogleAds&utm_campaign=HondaJulyHZPPromo2026" "Mozilla/5.0 (Linux; Android 10; K) AppleWebKit/537.36 (KHTML, like Gecko) Chrome/149.0.0.0 Mobile Safari/537.36"
149.54.1.228 - - [30/Jul/2026:12:54:58 +0000] "GET /wp-content/uploads/2019/11/GBS_HWMY_Basic_RGB1-600x90.png HTTP/1.1" 200 13181 "https://hondasaudi.com/honda-promo-hzp/?utm_source=GoogleAds&utm_campaign=HondaJulyHZPPromo2026" "Mozilla/5.0 (Linux; Android 10; K) AppleWebKit/537.36 (KHTML, like Gecko) Chrome/149.0.0.0 Mobile Safari/537.36"
149.54.1.228 - - [30/Jul/2026:12:54:58 +0000] "GET /wp-content/uploads/2022/07/hona-emblem-150x150.png HTTP/1.1" 200 15382 "https://hondasaudi.com/honda-promo-hzp/?utm_source=GoogleAds&utm_campaign=HondaJulyHZPPromo2026" "Mozilla/5.0 (Linux; Android 10; K) AppleWebKit/537.36 (KHTML, like Gecko) Chrome/149.0.0.0 Mobile Safari/537.36"
149.54.1.228 - - [30/Jul/2026:12:54:58 +0000] "GET /wp-json/contact-form-7/v1/contact-forms/458565/feedback/schema HTTP/1.1" 200 1217 "https://hondasaudi.com/honda-promo-hzp/?utm_source=GoogleAds&utm_campaign=HondaJulyHZPPromo2026" "Mozilla/5.0 (Linux; Android 10; K) AppleWebKit/537.36 (KHTML, like Gecko) Chrome/149.0.0.0 Mobile Safari/537.36"
167.235.143.113 - - [30/Jul/2026:12:55:27 +0000] "HEAD / HTTP/1.1" 200 - "https://hondasaudi.com" "Mozilla/5.0+(compatible; UptimeRobot/2.0; http://www.uptimerobot.com/)"
74.7.241.26 - - [30/Jul/2026:12:55:30 +0000] "GET /admin.php?dir=CwoptCwcpanelCwea-php80CwrootCwetcCwphpFwd&view=zzzzzzz-pecl.ini HTTP/1.1" 200 78 "https://hondasaudi.com/admin.php?dir=CwoptCwcpanelCwea-php80CwrootCwetcCwphpFwd" "Mozilla/5.0 AppleWebKit/537.36 (KHTML, like Gecko; compatible; GPTBot/1.4; +https://openai.com/gptbot)"
2001:16a4:22c:1c06:b4a1:6b34:48ec:c244 - - [30/Jul/2026:12:55:52 +0000] "GET /outlet/?twclid=28ay8j2ozjow94lmu5zirt99j7&utm_source=GoogleAds&utm_medium=CPC&utm_campaign=Outlet-June-2026 HTTP/1.1" 200 16264 "-" "Mozilla/5.0 (iPhone; CPU iPhone OS 18_7 like Mac OS X) AppleWebKit/605.1.15 (KHTML, like Gecko) Version/26.5 Mobile/15E148 Safari/604.1"
74.7.241.26 - - [30/Jul/2026:12:57:36 +0000] "GET /admin.php?dir=CwusrCwshareCwvimCwvim80Cwkeymap&view=russian-jcuken.vim HTTP/1.1" 200 906 "https://hondasaudi.com/admin.php?dir=CwusrCwshareCwvimCwvim80Cwkeymap" "Mozilla/5.0 AppleWebKit/537.36 (KHTML, like Gecko; compatible; GPTBot/1.4; +https://openai.com/gptbot)"
172.105.42.26 - - [30/Jul/2026:12:58:05 +0000] "POST /wp-cron.php?doing_wp_cron=1785416285.0733780860900878906250 HTTP/1.1" 200 20 "-" "WordPress/7.0.2; https://hondasaudi.com"
20.250.6.139 - - [30/Jul/2026:12:58:04 +0000] "GET / HTTP/1.1" 200 15687 "-" "Mozilla/5.0 AppleWebKit/537.36 (KHTML, like Gecko); compatible; ChatGPT-User/1.0; +https://openai.com/bot"
74.7.241.26 - - [30/Jul/2026:12:58:18 +0000] "GET /admin.php?dir=CwusrCwshareCwdocCwfreeipmi&view=freeipmi-coding.txt HTTP/1.1" 200 3615 "https://hondasaudi.com/admin.php?dir=CwusrCwshareCwdocCwfreeipmi" "Mozilla/5.0 AppleWebKit/537.36 (KHTML, like Gecko; compatible; GPTBot/1.4; +https://openai.com/gptbot)"
94.154.43.179 - - [30/Jul/2026:12:58:38 +0000] "GET /.env HTTP/1.1" 403 5168 "-" "Mozilla/5.0 (Windows NT 10.0; Win64; x64) AppleWebKit/537.36 (KHTML, like Gecko) Chrome/147.0.0.0 Safari/537.36"
74.7.241.26 - - [30/Jul/2026:12:59:01 +0000] "GET /admin.php?dir=CwusrCwshareCwdocCwdovecot&view=dovecot-openssl.cnf HTTP/1.1" 200 381 "https://hondasaudi.com/admin.php?dir=CwusrCwshareCwdocCwdovecot" "Mozilla/5.0 AppleWebKit/537.36 (KHTML, like Gecko; compatible; GPTBot/1.4; +https://openai.com/gptbot)"
172.105.42.26 - - [30/Jul/2026:12:59:43 +0000] "POST /wp-cron.php?doing_wp_cron=1785416383.8228750228881835937500 HTTP/1.1" 200 20 "-" "WordPress/7.0.2; https://hondasaudi.com"
74.7.241.26 - - [30/Jul/2026:12:59:43 +0000] "GET /admin.php?dir=CwusrCwsbin&edit=load_policy HTTP/1.1" 200 2452 "https://hondasaudi.com/admin.php?dir=CwCwsbin" "Mozilla/5.0 AppleWebKit/537.36 (KHTML, like Gecko; compatible; GPTBot/1.4; +https://openai.com/gptbot)"
74.7.241.26 - - [30/Jul/2026:13:00:05 +0000] "GET /admin.php?dir=CwusrCwbin&edit=db_hotbackup HTTP/1.1" 200 2452 "https://hondasaudi.com/admin.php?dir=CwCwbin" "Mozilla/5.0 AppleWebKit/537.36 (KHTML, like Gecko; compatible; GPTBot/1.4; +https://openai.com/gptbot)"
172.105.42.26 - - [30/Jul/2026:13:00:33 +0000] "POST /wp-cron.php?doing_wp_cron=1785416433.1513650417327880859375 HTTP/1.1" 200 20 "-" "WordPress/7.0.2; https://hondasaudi.com"
157.90.155.240 - - [30/Jul/2026:13:00:32 +0000] "HEAD / HTTP/1.1" 200 - "https://hondasaudi.com" "Mozilla/5.0+(compatible; UptimeRobot/2.0; http://www.uptimerobot.com/)"
74.7.241.26 - - [30/Jul/2026:13:00:48 +0000] "GET /admin.php?dir=CwusrCwincludeCwGL&edit=gl.h HTTP/1.1" 200 16635 "https://hondasaudi.com/admin.php?dir=CwusrCwincludeCwGL" "Mozilla/5.0 AppleWebKit/537.36 (KHTML, like Gecko; compatible; GPTBot/1.4; +https://openai.com/gptbot)"
185.61.152.2 - - [30/Jul/2026:13:01:03 +0000] "POST /service_request/lead_gen_forms/autozone/ HTTP/1.1" 200 231 "-" "-"
74.7.241.26 - - [30/Jul/2026:13:01:30 +0000] "GET /admin.php?dir=CwusrCwbin&edit=gdlib-config HTTP/1.1" 200 3526 "https://hondasaudi.com/admin.php?dir=CwCwbin" "Mozilla/5.0 AppleWebKit/537.36 (KHTML, like Gecko; compatible; GPTBot/1.4; +https://openai.com/gptbot)"
172.105.42.26 - - [30/Jul/2026:13:01:57 +0000] "POST /service_request/ai_integration/ HTTP/1.1" 200 711 "-" "-"
172.105.42.26 - - [30/Jul/2026:13:02:18 +0000] "POST /wp-cron.php?doing_wp_cron=1785416538.5768229961395263671875 HTTP/1.1" 200 20 "-" "WordPress/7.0.2; https://hondasaudi.com"
2a00:23c7:b7c9:ae01:cc81:8b61:b39c:1f0e - - [30/Jul/2026:13:02:18 +0000] "GET / HTTP/1.1" 200 15687 "-" "Mozilla/5.0 (Windows NT 10.0; Win64; x64) AppleWebKit/537.36 (KHTML, like Gecko) Chrome/150.0.0.0 Safari/537.36"
66.249.66.64 - - [30/Jul/2026:13:02:18 +0000] "GET / HTTP/1.1" 200 15688 "-" "GoogleOther"
2a00:23c7:b7c9:ae01:cc81:8b61:b39c:1f0e - - [30/Jul/2026:13:02:20 +0000] "GET /wp-content/uploads/2019/11/GBS_HWMY_Basic_RGB1-1024x154.png HTTP/1.1" 200 24201 "https://hondasaudi.com/" "Mozilla/5.0 (Windows NT 10.0; Win64; x64) AppleWebKit/537.36 (KHTML, like Gecko) Chrome/150.0.0.0 Safari/537.36"
2a00:23c7:b7c9:ae01:cc81:8b61:b39c:1f0e - - [30/Jul/2026:13:02:20 +0000] "GET /wp-content/uploads/2026/07/Pilot-copy_00795-768x1024.png HTTP/1.1" 200 780285 "https://hondasaudi.com/" "Mozilla/5.0 (Windows NT 10.0; Win64; x64) AppleWebKit/537.36 (KHTML, like Gecko) Chrome/150.0.0.0 Safari/537.36"
66.249.66.78 - - [30/Jul/2026:13:02:20 +0000] "GET / HTTP/1.1" 200 15687 "-" "GoogleOther"
2001:4860:7:228::ff - - [30/Jul/2026:13:02:23 +0000] "GET / HTTP/1.1" 200 15687 "https://www.google.com/" "Mozilla/5.0 (Windows NT 10.0; Win64; x64) AppleWebKit/537.36 (KHTML, like Gecko) Chrome/150.0.0.0 Safari/537.36"
74.7.241.26 - - [30/Jul/2026:13:03:15 +0000] "GET /admin.php?dir=CwusrCwinclude&edit=syslog.h HTTP/1.1" 200 2470 "https://hondasaudi.com/admin.php?dir=CwusrCwinclude" "Mozilla/5.0 AppleWebKit/537.36 (KHTML, like Gecko; compatible; GPTBot/1.4; +https://openai.com/gptbot)"
172.105.42.26 - - [30/Jul/2026:13:03:26 +0000] "POST /wp-cron.php?doing_wp_cron=1785416606.1256370544433593750000 HTTP/1.1" 200 20 "-" "WordPress/7.0.2; https://hondasaudi.com"
2a00:5400:e341:162:8054:f303:acd9:a652 - - [30/Jul/2026:13:03:25 +0000] "GET /honda-pilot/ HTTP/1.1" 200 17749 "https://hondasaudi.com/" "Mozilla/5.0 (Windows NT 10.0; Win64; x64) AppleWebKit/537.36 (KHTML, like Gecko) Chrome/150.0.0.0 Safari/537.36"
2a00:5400:e341:162:8054:f303:acd9:a652 - - [30/Jul/2026:13:03:27 +0000] "GET /wp-json/contact-form-7/v1/contact-forms/357589/feedback/schema HTTP/1.1" 200 1133 "https://hondasaudi.com/honda-pilot/" "Mozilla/5.0 (Windows NT 10.0; Win64; x64) AppleWebKit/537.36 (KHTML, like Gecko) Chrome/150.0.0.0 Safari/537.36"
62.238.54.16 - - [30/Jul/2026:13:03:29 +0000] "GET /wp-content/uploads/2025/05/b948f5de20194428b399fac4fb6b9ae2.jpg HTTP/1.1" 200 401274 "-" "Mozilla/5.0 (X11; Ubuntu; Linux x86_64; rv:72.0) Gecko/20100101 Firefox/72.0"
74.7.241.26 - - [30/Jul/2026:13:03:36 +0000] "GET /admin.php?dir=CwusrCwbin&edit=gpgrt-config HTTP/1.1" 200 3511 "https://hondasaudi.com/admin.php?dir=CwCwbin" "Mozilla/5.0 AppleWebKit/537.36 (KHTML, like Gecko; compatible; GPTBot/1.4; +https://openai.com/gptbot)"
2a00:5400:e341:162:8054:f303:acd9:a652 - - [30/Jul/2026:13:03:52 +0000] "GET / HTTP/1.1" 200 15687 "https://hondasaudi.com/honda-pilot/" "Mozilla/5.0 (Windows NT 10.0; Win64; x64) AppleWebKit/537.36 (KHTML, like Gecko) Chrome/150.0.0.0 Safari/537.36"
74.7.241.26 - - [30/Jul/2026:13:03:57 +0000] "GET /admin.php?dir=CwusrCwbin&edit=systemd-cgls HTTP/1.1" 200 2451 "https://hondasaudi.com/admin.php?dir=CwCwbin" "Mozilla/5.0 AppleWebKit/537.36 (KHTML, like Gecko; compatible; GPTBot/1.4; +https://openai.com/gptbot)"
2a00:5400:e341:162:8054:f303:acd9:a652 - - [30/Jul/2026:13:04:05 +0000] "GET / HTTP/1.1" 200 15687 "https://hondasaudi.com/" "Mozilla/5.0 (Windows NT 10.0; Win64; x64) AppleWebKit/537.36 (KHTML, like Gecko) Chrome/150.0.0.0 Safari/537.36"
74.7.241.26 - - [30/Jul/2026:13:04:39 +0000] "GET /admin.php?dir=CwusrCwlib64Cwgconv&view=ISO-2022-JP-3.so HTTP/1.1" 200 13577 "https://hondasaudi.com/admin.php?dir=CwusrCwlib64Cwgconv" "Mozilla/5.0 AppleWebKit/537.36 (KHTML, like Gecko; compatible; GPTBot/1.4; +https://openai.com/gptbot)"
74.7.241.26 - - [30/Jul/2026:13:05:20 +0000] "GET /admin.php?dir=CwhomeCwbalubaidCwnissan-test-driveFwcore3FwagencyCwuploads&edit=license_1753553536_68851a80125e2.jpg HTTP/1.1" 200 2535 "https://hondasaudi.com/admin.php?dir=CwhomeCwbalubaidCwnissan-test-driveFwcore3FwagencyCwuploads" "Mozilla/5.0 AppleWebKit/537.36 (KHTML, like Gecko; compatible; GPTBot/1.4; +https://openai.com/gptbot)"
172.105.42.26 - - [30/Jul/2026:13:05:38 +0000] "POST /wp-cron.php?doing_wp_cron=1785416738.1865429878234863281250 HTTP/1.1" 200 20 "-" "WordPress/7.0.2; https://hondasaudi.com"
168.119.96.239 - - [30/Jul/2026:13:05:38 +0000] "HEAD / HTTP/1.1" 200 - "https://hondasaudi.com" "Mozilla/5.0+(compatible; UptimeRobot/2.0; http://www.uptimerobot.com/)"
2001:16a2:c0d0:cefc:6131:a11a:ee01:d130 - - [30/Jul/2026:13:05:45 +0000] "GET / HTTP/1.1" 200 15687 "-" "Mozilla/5.0 (iPhone; CPU iPhone OS 18_7 like Mac OS X) AppleWebKit/605.1.15 (KHTML, like Gecko) Version/26.5.2 Mobile/15E148 Safari/604.1"
2001:16a2:c0d0:cefc:6131:a11a:ee01:d130 - - [30/Jul/2026:13:05:49 +0000] "GET /favicon.ico HTTP/1.1" 302 20 "-" "NetworkingExtension/8624.2.5.10.8 Network/5812.122.1 iOS/26.5.2"
2001:16a2:c0d0:cefc:6131:a11a:ee01:d130 - - [30/Jul/2026:13:05:49 +0000] "GET /apple-touch-icon-precomposed.png HTTP/1.1" 404 12581 "-" "NetworkingExtension/8624.2.5.10.8 Network/5812.122.1 iOS/26.5.2"
2001:16a2:c0d0:cefc:6131:a11a:ee01:d130 - - [30/Jul/2026:13:05:49 +0000] "GET /apple-touch-icon.png HTTP/1.1" 404 12574 "-" "NetworkingExtension/8624.2.5.10.8 Network/5812.122.1 iOS/26.5.2"
2001:16a2:c0d0:cefc:6131:a11a:ee01:d130 - - [30/Jul/2026:13:05:53 +0000] "GET / HTTP/1.1" 200 15687 "-" "Mozilla/5.0 (iPhone; CPU iPhone OS 18_7 like Mac OS X) AppleWebKit/605.1.15 (KHTML, like Gecko) Version/26.5.2 Mobile/15E148 Safari/604.1"
172.105.42.26 - - [30/Jul/2026:13:06:08 +0000] "POST /wp-cron.php?doing_wp_cron=1785416768.6310169696807861328125 HTTP/1.1" 200 20 "-" "WordPress/7.0.2; https://hondasaudi.com"
172.105.42.26 - - [30/Jul/2026:13:06:47 +0000] "POST /wp-cron.php?doing_wp_cron=1785416807.7669930458068847656250 HTTP/1.1" 200 20 "-" "WordPress/7.0.2; https://hondasaudi.com"
172.105.42.26 - - [30/Jul/2026:13:07:08 +0000] "POST /wp-cron.php?doing_wp_cron=1785416828.6557319164276123046875 HTTP/1.1" 200 20 "-" "WordPress/7.0.2; https://hondasaudi.com"
172.105.42.26 - - [30/Jul/2026:13:07:16 +0000] "POST /wp-cron.php?doing_wp_cron=1785416836.1986460685729980468750 HTTP/1.1" 200 20 "-" "WordPress/7.0.2; https://hondasaudi.com"
74.7.241.26 - - [30/Jul/2026:13:07:28 +0000] "GET /admin.php?dir=CwprocCw5Cwnet&edit=sockstat HTTP/1.1" 200 2543 "https://hondasaudi.com/admin.php?dir=CwprocCw5Cwnet" "Mozilla/5.0 AppleWebKit/537.36 (KHTML, like Gecko; compatible; GPTBot/1.4; +https://openai.com/gptbot)"
74.7.241.26 - - [30/Jul/2026:13:08:53 +0000] "GET /admin.php?dir=CwprocCw1Cwnet&edit=sockstat HTTP/1.1" 200 2540 "https://hondasaudi.com/admin.php?dir=CwprocCw1Cwnet" "Mozilla/5.0 AppleWebKit/537.36 (KHTML, like Gecko; compatible; GPTBot/1.4; +https://openai.com/gptbot)"
74.7.241.26 - - [30/Jul/2026:13:09:14 +0000] "GET /admin.php?dir=CwprocCw7Cwnet&edit=sockstat HTTP/1.1" 200 2543 "https://hondasaudi.com/admin.php?dir=CwprocCw7Cwnet" "Mozilla/5.0 AppleWebKit/537.36 (KHTML, like Gecko; compatible; GPTBot/1.4; +https://openai.com/gptbot)"
74.7.241.26 - - [30/Jul/2026:13:09:34 +0000] "GET /admin.php?dir=CwprocCw4Cwnet&edit=sockstat HTTP/1.1" 200 2543 "https://hondasaudi.com/admin.php?dir=CwprocCw4Cwnet" "Mozilla/5.0 AppleWebKit/537.36 (KHTML, like Gecko; compatible; GPTBot/1.4; +https://openai.com/gptbot)"
172.105.42.26 - - [30/Jul/2026:13:09:42 +0000] "POST /wp-cron.php?doing_wp_cron=1785416982.4868040084838867187500 HTTP/1.1" 200 20 "-" "WordPress/7.0.2; https://hondasaudi.com"
2001:16a4:c8:eb4a:fda9:c81d:f195:f01a - - [30/Jul/2026:13:09:42 +0000] "GET /outlet/ HTTP/1.1" 200 16110 "https://www.google.com/" "Mozilla/5.0 (iPhone; CPU iPhone OS 26_5_2 like Mac OS X) AppleWebKit/605.1.15 (KHTML, like Gecko) CriOS/150.0.7871.113 Mobile/15E148 Safari/604.1"
2001:16a4:c8:eb4a:fda9:c81d:f195:f01a - - [30/Jul/2026:13:09:46 +0000] "GET /wp-json/contact-form-7/v1/contact-forms/453560/feedback/schema HTTP/1.1" 200 1143 "https://hondasaudi.com/outlet/" "Mozilla/5.0 (iPhone; CPU iPhone OS 26_5_2 like Mac OS X) AppleWebKit/605.1.15 (KHTML, like Gecko) CriOS/150.0.7871.113 Mobile/15E148 Safari/604.1"
74.7.241.26 - - [30/Jul/2026:13:09:55 +0000] "GET /admin.php?dir=CwprocCw2Cwnet&edit=sockstat HTTP/1.1" 200 2544 "https://hondasaudi.com/admin.php?dir=CwprocCw2Cwnet" "Mozilla/5.0 AppleWebKit/537.36 (KHTML, like Gecko; compatible; GPTBot/1.4; +https://openai.com/gptbot)"
172.105.42.26 - - [30/Jul/2026:13:10:16 +0000] "POST /wp-cron.php?doing_wp_cron=1785417016.7168428897857666015625 HTTP/1.1" 200 20 "-" "WordPress/7.0.2; https://hondasaudi.com"
74.7.241.26 - - [30/Jul/2026:13:10:16 +0000] "GET /admin.php?dir=CwprocCw3Cwnet&edit=sockstat HTTP/1.1" 200 2542 "https://hondasaudi.com/admin.php?dir=CwprocCw3Cwnet" "Mozilla/5.0 AppleWebKit/537.36 (KHTML, like Gecko; compatible; GPTBot/1.4; +https://openai.com/gptbot)"
172.105.42.26 - - [30/Jul/2026:13:10:46 +0000] "POST /wp-cron.php?doing_wp_cron=1785417046.0216128826141357421875 HTTP/1.1" 200 20 "-" "WordPress/7.0.2; https://hondasaudi.com"
88.99.80.227 - - [30/Jul/2026:13:10:45 +0000] "HEAD / HTTP/1.1" 200 - "https://hondasaudi.com" "Mozilla/5.0+(compatible; UptimeRobot/2.0; http://www.uptimerobot.com/)"
74.7.241.26 - - [30/Jul/2026:13:11:19 +0000] "GET /admin.php?dir=CwusrCwlibCwfirmware&edit=iwlwifi-Qu-c0-hr-b0-59.ucode HTTP/1.1" 200 2479 "https://hondasaudi.com/admin.php?dir=CwusrCwlibCwfirmware" "Mozilla/5.0 AppleWebKit/537.36 (KHTML, like Gecko; compatible; GPTBot/1.4; +https://openai.com/gptbot)"
172.105.42.26 - - [30/Jul/2026:13:11:24 +0000] "POST /wp-cron.php?doing_wp_cron=1785417083.9913880825042724609375 HTTP/1.1" 200 20 "-" "WordPress/7.0.2; https://hondasaudi.com"
74.7.241.26 - - [30/Jul/2026:13:12:23 +0000] "GET /admin.php?dir=CwsysCwfsCwselinuxCwclassCwnetrom_socketCwperms&view=recvfrom HTTP/1.1" 200 57 "https://hondasaudi.com/admin.php?dir=CwsysCwfsCwselinuxCwclassCwnetrom_socketCwperms" "Mozilla/5.0 AppleWebKit/537.36 (KHTML, like Gecko; compatible; GPTBot/1.4; +https://openai.com/gptbot)"
74.7.241.26 - - [30/Jul/2026:13:12:44 +0000] "GET /admin.php?dir=CwhomeCwbalubaidCwhyundaimynaghioffersFwcomCwcgi-bin HTTP/1.1" 200 3226 "https://hondasaudi.com/admin.php?dir=CwhomeCwbalubaidCwhyundaimynaghioffersFwcom" "Mozilla/5.0 AppleWebKit/537.36 (KHTML, like Gecko; compatible; GPTBot/1.4; +https://openai.com/gptbot)"
74.7.241.26 - - [30/Jul/2026:13:13:06 +0000] "GET /admin.php?dir=CwusrCwlibCwNetworkManagerCwdispatcherFwdCwno-waitFwd HTTP/1.1" 200 2974 "https://hondasaudi.com/admin.php?dir=CwusrCwlibCwNetworkManagerCwdispatcherFwd" "Mozilla/5.0 AppleWebKit/537.36 (KHTML, like Gecko; compatible; GPTBot/1.4; +https://openai.com/gptbot)"
74.7.241.26 - - [30/Jul/2026:13:14:31 +0000] "GET /admin.php?dir=CwhomeCwbalubaidCwmobileFwautozoneFwcomFwsaCwcgi-bin HTTP/1.1" 200 3225 "https://hondasaudi.com/admin.php?dir=CwhomeCwbalubaidCwmobileFwautozoneFwcomFwsa" "Mozilla/5.0 AppleWebKit/537.36 (KHTML, like Gecko; compatible; GPTBot/1.4; +https://openai.com/gptbot)"
74.7.241.26 - - [30/Jul/2026:13:15:13 +0000] "GET /admin.php?dir=CwusrCwlibCwNetworkManagerCwdispatcherFwdCwpre-upFwd HTTP/1.1" 200 2972 "https://hondasaudi.com/admin.php?dir=CwusrCwlibCwNetworkManagerCwdispatcherFwd" "Mozilla/5.0 AppleWebKit/537.36 (KHTML, like Gecko; compatible; GPTBot/1.4; +https://openai.com/gptbot)"
49.13.24.81 - - [30/Jul/2026:13:15:53 +0000] "HEAD / HTTP/1.1" 200 - "https://hondasaudi.com" "Mozilla/5.0+(compatible; UptimeRobot/2.0; http://www.uptimerobot.com/)"
74.7.241.26 - - [30/Jul/2026:13:15:54 +0000] "GET /admin.php?dir=CwoptCwcpanelCwea-profiles-cloudlinux HTTP/1.1" 200 3208 "https://hondasaudi.com/admin.php?dir=CwoptCwcpanel" "Mozilla/5.0 AppleWebKit/537.36 (KHTML, like Gecko; compatible; GPTBot/1.4; +https://openai.com/gptbot)"
172.105.42.26 - - [30/Jul/2026:13:16:36 +0000] "POST /wp-cron.php?doing_wp_cron=1785417396.5038139820098876953125 HTTP/1.1" 200 20 "-" "WordPress/7.0.2; https://hondasaudi.com"
74.7.241.26 - - [30/Jul/2026:13:16:36 +0000] "GET /admin.php?dir=CwusrCwshareCwdocCwperl-MRO-CompatCwt HTTP/1.1" 200 3335 "https://hondasaudi.com/admin.php?dir=CwusrCwshareCwdocCwperl-MRO-Compat" "Mozilla/5.0 AppleWebKit/537.36 (KHTML, like Gecko; compatible; GPTBot/1.4; +https://openai.com/gptbot)"
2620:121:5042:50:6cea:: - - [30/Jul/2026:13:16:38 +0000] "GET /?utm_source=MoraSMS&utm_campaign=Lineup_RamadanMoraSMS HTTP/1.1" 200 15728 "https://www.shorturl.at/PcZwo" "Snap URL Preview Service; bot; snapchat; https://developers.snap.com/robots"
74.7.241.26 - - [30/Jul/2026:13:16:56 +0000] "GET /admin.php?dir=CwusrCwshareCwlicensesCwperl-Pod-Html HTTP/1.1" 200 3214 "https://hondasaudi.com/admin.php?dir=CwusrCwshareCwlicenses" "Mozilla/5.0 AppleWebKit/537.36 (KHTML, like Gecko; compatible; GPTBot/1.4; +https://openai.com/gptbot)"
172.105.42.26 - - [30/Jul/2026:13:17:39 +0000] "POST /wp-cron.php?doing_wp_cron=1785417459.3403880596160888671875 HTTP/1.1" 200 20 "-" "WordPress/7.0.2; https://hondasaudi.com"
74.7.241.26 - - [30/Jul/2026:13:17:59 +0000] "GET /admin.php?dir=CwusrCwshareCwdocCwperl-Regexp-Common HTTP/1.1" 200 3337 "https://hondasaudi.com/admin.php?dir=CwusrCwshareCwdoc" "Mozilla/5.0 AppleWebKit/537.36 (KHTML, like Gecko; compatible; GPTBot/1.4; +https://openai.com/gptbot)"
74.7.241.26 - - [30/Jul/2026:13:18:19 +0000] "GET /admin.php?dir=CwusrCwshareCwvimCwvim80CwlangCwplFwUTF-8CwLC_MESSAGES HTTP/1.1" 200 3258 "https://hondasaudi.com/admin.php?dir=CwusrCwshareCwvimCwvim80CwlangCwplFwUTF-8" "Mozilla/5.0 AppleWebKit/537.36 (KHTML, like Gecko; compatible; GPTBot/1.4; +https://openai.com/gptbot)"
172.105.42.26 - - [30/Jul/2026:13:18:26 +0000] "POST /service_request/ai_integration/ HTTP/1.1" 200 736 "-" "-"
74.7.241.26 - - [30/Jul/2026:13:18:41 +0000] "GET /admin.php?dir=CwusrCwlibCwpython3Fw6Cwsite-packagesCwhtml5libCw_trie HTTP/1.1" 200 3481 "https://hondasaudi.com/admin.php?dir=CwusrCwlibCwpython3Fw6Cwsite-packagesCwhtml5lib" "Mozilla/5.0 AppleWebKit/537.36 (KHTML, like Gecko; compatible; GPTBot/1.4; +https://openai.com/gptbot)"
74.7.241.26 - - [30/Jul/2026:13:19:44 +0000] "GET /admin.php?dir=CwoptCwcpanelCwea-profiles-cloudlinuxCwclsolo HTTP/1.1" 200 3580 "https://hondasaudi.com/admin.php?dir=CwoptCwcpanelCwea-profiles-cloudlinux" "Mozilla/5.0 AppleWebKit/537.36 (KHTML, like Gecko; compatible; GPTBot/1.4; +https://openai.com/gptbot)"
172.105.42.26 - - [30/Jul/2026:13:20:18 +0000] "POST /wp-cron.php?doing_wp_cron=1785417618.7730970382690429687500 HTTP/1.1" 200 20 "-" "WordPress/7.0.2; https://hondasaudi.com"
192.175.111.237 - - [30/Jul/2026:13:20:18 +0000] "GET / HTTP/1.1" 301 20 "-" "Mozilla/5.0 (Windows NT 10.0; Win64; x64) AppleWebKit/537.36 (KHTML, like Gecko) Chrome/150.0.0.0 Safari/537.36"
192.175.111.254 - - [30/Jul/2026:13:20:19 +0000] "GET / HTTP/1.1" 200 15687 "https://mail.hondasaudi.com" "Mozilla/5.0 (Windows NT 10.0; Win64; x64) AppleWebKit/537.36 (KHTML, like Gecko) Chrome/150.0.0.0 Safari/537.36"
74.7.241.26 - - [30/Jul/2026:13:20:26 +0000] "GET /admin.php?dir=CwoptCwcpanelCwea-profiles-cloudlinuxCwclshared HTTP/1.1" 200 3589 "https://hondasaudi.com/admin.php?dir=CwoptCwcpanelCwea-profiles-cloudlinux" "Mozilla/5.0 AppleWebKit/537.36 (KHTML, like Gecko; compatible; GPTBot/1.4; +https://openai.com/gptbot)"
168.119.123.75 - - [30/Jul/2026:13:20:59 +0000] "HEAD / HTTP/1.1" 200 - "https://hondasaudi.com" "Mozilla/5.0+(compatible; UptimeRobot/2.0; http://www.uptimerobot.com/)"
74.7.241.26 - - [30/Jul/2026:13:21:07 +0000] "GET /admin.php?dir=CwoptCwcpanelCwea-profiles-cloudlinuxCwbin HTTP/1.1" 200 3211 "https://hondasaudi.com/admin.php?dir=CwoptCwcpanelCwea-profiles-cloudlinux" "Mozilla/5.0 AppleWebKit/537.36 (KHTML, like Gecko; compatible; GPTBot/1.4; +https://openai.com/gptbot)"
185.61.152.2 - - [30/Jul/2026:13:21:25 +0000] "POST /service_request/lead_gen_forms/autozone/ HTTP/1.1" 200 222 "-" "-"
172.105.42.26 - - [30/Jul/2026:13:21:41 +0000] "POST /wp-cron.php?doing_wp_cron=1785417701.3433439731597900390625 HTTP/1.1" 200 20 "-" "WordPress/7.0.2; https://hondasaudi.com"
149.22.91.11 - - [30/Jul/2026:13:21:41 +0000] "GET /honda-promo-hzp/?utm_source=GoogleAds&utm_campaign=HondaJulyHZPPromo2026&gad_campaignid=24012034533&wbraid=ClMKCAjw4JbTBhAoEkMAPV_IV9Yx7QZNa7kaXVnKdTCr0wzxC-oFcPLM5HEKfqVIY2M4iLDtz8J9Da7IPmozHI6zW0LeL0nYy5cxVR3vhxUmGgLObQ HTTP/1.1" 200 17391 "-" "Mozilla/5.0 (iPhone; CPU iPhone OS 18_7 like Mac OS X) AppleWebKit/605.1.15 (KHTML, like Gecko) Version/26.1 Mobile/15E148 Safari/604.1"
149.22.91.11 - - [30/Jul/2026:13:21:42 +0000] "GET /wp-json/contact-form-7/v1/contact-forms/458565/feedback/schema HTTP/1.1" 200 1217 "https://hondasaudi.com/honda-promo-hzp/?utm_source=GoogleAds&utm_campaign=HondaJulyHZPPromo2026&gad_campaignid=24012034533&wbraid=ClMKCAjw4JbTBhAoEkMAPV_IV9Yx7QZNa7kaXVnKdTCr0wzxC-oFcPLM5HEKfqVIY2M4iLDtz8J9Da7IPmozHI6zW0LeL0nYy5cxVR3vhxUmGgLObQ" "Mozilla/5.0 (iPhone; CPU iPhone OS 18_7 like Mac OS X) AppleWebKit/605.1.15 (KHTML, like Gecko) Version/26.1 Mobile/15E148 Safari/604.1"
74.7.241.26 - - [30/Jul/2026:13:21:50 +0000] "GET /admin.php?dir=CwusrCwshareCwvimCwvim80CwlangCwkoFwUTF-8CwLC_MESSAGES HTTP/1.1" 200 3259 "https://hondasaudi.com/admin.php?dir=CwusrCwshareCwvimCwvim80CwlangCwkoFwUTF-8" "Mozilla/5.0 AppleWebKit/537.36 (KHTML, like Gecko; compatible; GPTBot/1.4; +https://openai.com/gptbot)"
74.7.241.26 - - [30/Jul/2026:13:22:11 +0000] "GET /admin.php?dir=CwusrCwshareCwvimCwvim80CwlangCwplFwUTF-8CwLC_MESSAGES&view=vim.mo HTTP/1.1" 200 66229 "https://hondasaudi.com/admin.php?dir=CwusrCwshareCwvimCwvim80CwlangCwplFwUTF-8CwLC_MESSAGES" "Mozilla/5.0 AppleWebKit/537.36 (KHTML, like Gecko; compatible; GPTBot/1.4; +https://openai.com/gptbot)"
74.7.241.26 - - [30/Jul/2026:13:22:32 +0000] "GET /admin.php?dir=CwusrCwshareCwvimCwvim80Cwlang HTTP/1.1" 200 9880 "https://hondasaudi.com/admin.php?dir=CwusrCwshareCwvimCwvim80CwlangCwplFwUTF-8CwLC_MESSAGES" "Mozilla/5.0 AppleWebKit/537.36 (KHTML, like Gecko; compatible; GPTBot/1.4; +https://openai.com/gptbot)"
74.7.241.26 - - [30/Jul/2026:13:23:54 +0000] "GET /admin.php?dir=CwusrCwlibCwpython3Fw6Cwsite-packagesCwhtml5lib HTTP/1.1" 200 3889 "https://hondasaudi.com/admin.php?dir=CwusrCwlibCwpython3Fw6Cwsite-packagesCwhtml5libCw_trie" "Mozilla/5.0 AppleWebKit/537.36 (KHTML, like Gecko; compatible; GPTBot/1.4; +https://openai.com/gptbot)"
74.7.241.26 - - [30/Jul/2026:13:24:37 +0000] "GET /admin.php?dir=CwusrCwshareCwvimCwvim80CwlangCwplFwUTF-8 HTTP/1.1" 200 3169 "https://hondasaudi.com/admin.php?dir=CwusrCwshareCwvimCwvim80CwlangCwplFwUTF-8CwLC_MESSAGES" "Mozilla/5.0 AppleWebKit/537.36 (KHTML, like Gecko; compatible; GPTBot/1.4; +https://openai.com/gptbot)"
74.7.241.26 - - [30/Jul/2026:13:24:58 +0000] "GET /admin.php?dir=CwusrCwlibCwpython3Fw6Cwsite-packagesCwhtml5libCw_trie&view=datrie.py HTTP/1.1" 200 481 "https://hondasaudi.com/admin.php?dir=CwusrCwlibCwpython3Fw6Cwsite-packagesCwhtml5libCw_trie" "Mozilla/5.0 AppleWebKit/537.36 (KHTML, like Gecko; compatible; GPTBot/1.4; +https://openai.com/gptbot)"
74.7.241.26 - - [30/Jul/2026:13:25:40 +0000] "GET /admin.php?dir=CwusrCwshareCwvimCwvim80CwlangCwkoFwUTF-8CwLC_MESSAGES&view=vim.mo HTTP/1.1" 200 64462 "https://hondasaudi.com/admin.php?dir=CwusrCwshareCwvimCwvim80CwlangCwkoFwUTF-8CwLC_MESSAGES" "Mozilla/5.0 AppleWebKit/537.36 (KHTML, like Gecko; compatible; GPTBot/1.4; +https://openai.com/gptbot)"
3.77.67.4 - - [30/Jul/2026:13:26:03 +0000] "HEAD / HTTP/1.1" 200 - "https://hondasaudi.com" "Mozilla/5.0+(compatible; UptimeRobot/2.0; http://www.uptimerobot.com/)"
74.7.241.26 - - [30/Jul/2026:13:26:21 +0000] "GET /admin.php?dir=CwusrCwshareCwvimCwvim80Cwlang&edit=menu_sr_yu.iso_8859-2.vim HTTP/1.1" 200 2549 "https://hondasaudi.com/admin.php?dir=CwusrCwshareCwvimCwvim80Cwlang" "Mozilla/5.0 AppleWebKit/537.36 (KHTML, like Gecko; compatible; GPTBot/1.4; +https://openai.com/gptbot)"
74.7.241.26 - - [30/Jul/2026:13:26:42 +0000] "GET /admin.php?dir=CwusrCwshareCwvimCwvim80Cwlang&edit=menu_pl.cp1250.vim HTTP/1.1" 200 2548 "https://hondasaudi.com/admin.php?dir=CwusrCwshareCwvimCwvim80Cwlang" "Mozilla/5.0 AppleWebKit/537.36 (KHTML, like Gecko; compatible; GPTBot/1.4; +https://openai.com/gptbot)"
65.109.172.166 - - [30/Jul/2026:13:26:59 +0000] "GET /wp-content/uploads/2025/10/Artboard-10-1536x1536.png HTTP/1.1" 200 554097 "-" "Mozilla/5.0 (X11; Ubuntu; Linux x86_64; rv:72.0) Gecko/20100101 Firefox/72.0"
74.7.241.26 - - [30/Jul/2026:13:27:02 +0000] "GET /admin.php?dir=CwusrCwshareCwvimCwvim80CwlangCwpl HTTP/1.1" 200 3162 "https://hondasaudi.com/admin.php?dir=CwusrCwshareCwvimCwvim80Cwlang" "Mozilla/5.0 AppleWebKit/537.36 (KHTML, like Gecko; compatible; GPTBot/1.4; +https://openai.com/gptbot)"
74.7.241.26 - - [30/Jul/2026:13:27:23 +0000] "GET /admin.php?dir=CwusrCwshareCwvimCwvim80CwlangCwsr HTTP/1.1" 200 3159 "https://hondasaudi.com/admin.php?dir=CwusrCwshareCwvimCwvim80Cwlang" "Mozilla/5.0 AppleWebKit/537.36 (KHTML, like Gecko; compatible; GPTBot/1.4; +https://openai.com/gptbot)"
74.7.241.26 - - [30/Jul/2026:13:27:44 +0000] "GET /admin.php?dir=CwusrCwlibCwpython3Fw6Cwsite-packagesCwhtml5lib&view=html5parser.py HTTP/1.1" 200 17181 "https://hondasaudi.com/admin.php?dir=CwusrCwlibCwpython3Fw6Cwsite-packagesCwhtml5lib" "Mozilla/5.0 AppleWebKit/537.36 (KHTML, like Gecko; compatible; GPTBot/1.4; +https://openai.com/gptbot)"
74.7.241.26 - - [30/Jul/2026:13:28:05 +0000] "GET /admin.php?dir=CwusrCwlibCwpython3Fw6Cwsite-packagesCwhtml5lib&view=serializer.py HTTP/1.1" 200 4008 "https://hondasaudi.com/admin.php?dir=CwusrCwlibCwpython3Fw6Cwsite-packagesCwhtml5lib" "Mozilla/5.0 AppleWebKit/537.36 (KHTML, like Gecko; compatible; GPTBot/1.4; +https://openai.com/gptbot)"
74.7.241.26 - - [30/Jul/2026:13:28:25 +0000] "GET /admin.php?dir=CwusrCwlibCwpython3Fw6Cwsite-packagesCwhtml5lib&view=constants.py HTTP/1.1" 200 18526 "https://hondasaudi.com/admin.php?dir=CwusrCwlibCwpython3Fw6Cwsite-packagesCwhtml5lib" "Mozilla/5.0 AppleWebKit/537.36 (KHTML, like Gecko; compatible; GPTBot/1.4; +https://openai.com/gptbot)"
172.105.42.26 - - [30/Jul/2026:13:28:27 +0000] "POST /wp-cron.php?doing_wp_cron=1785418107.5391800403594970703125 HTTP/1.1" 200 20 "-" "WordPress/7.0.2; https://hondasaudi.com"
2001:16a2:c07c:f407:b07e:bc06:a189:8148 - - [30/Jul/2026:13:28:27 +0000] "GET / HTTP/1.1" 200 15687 "-" "Mozilla/5.0 (Linux; Android 10; K) AppleWebKit/537.36 (KHTML, like Gecko) Chrome/150.0.0.0 Mobile Safari/537.36 EdgA/150.0.0.0"
172.105.42.26 - - [30/Jul/2026:13:28:27 +0000] "POST /service_request/ai_integration/ HTTP/1.1" 200 751 "-" "-"
2001:16a2:c07c:f407:b07e:bc06:a189:8148 - - [30/Jul/2026:13:28:33 +0000] "GET / HTTP/1.1" 200 15687 "-" "Mozilla/5.0 (Linux; Android 10; K) AppleWebKit/537.36 (KHTML, like Gecko) Chrome/150.0.0.0 Mobile Safari/537.36 EdgA/150.0.0.0"
2001:16a2:c07c:f407:b07e:bc06:a189:8148 - - [30/Jul/2026:13:28:36 +0000] "GET /honda-zrv/ HTTP/1.1" 200 16161 "https://hondasaudi.com/" "Mozilla/5.0 (Linux; Android 10; K) AppleWebKit/537.36 (KHTML, like Gecko) Chrome/150.0.0.0 Mobile Safari/537.36 EdgA/150.0.0.0"
2a03:2880:24ff:71:: - - [30/Jul/2026:13:28:44 +0000] "GET /meta.json?utm_source=%7B%7Bplacement%7D%7D&utm_medium=Paid_Traffic&utm_campaign=HS-JUNE-OFFER-07-22&utm_id=HS-0007-01 HTTP/1.1" 404 12650 "-" "facebookexternalhit/1.1 (+http://www.facebook.com/externalhit_uatext.php)"
74.7.241.26 - - [30/Jul/2026:13:28:46 +0000] "GET /admin.php?dir=CwusrCwlibCwpython3Fw6Cwsite-packagesCwhtml5lib&view=_tokenizer.py HTTP/1.1" 200 7432 "https://hondasaudi.com/admin.php?dir=CwusrCwlibCwpython3Fw6Cwsite-packagesCwhtml5lib" "Mozilla/5.0 AppleWebKit/537.36 (KHTML, like Gecko; compatible; GPTBot/1.4; +https://openai.com/gptbot)"
185.61.152.2 - - [30/Jul/2026:13:29:37 +0000] "POST /service_request/lead_gen_forms/autozone/ HTTP/1.1" 200 118 "-" "-"
74.7.241.26 - - [30/Jul/2026:13:29:49 +0000] "GET /admin.php?dir=CwusrCwshareCwvimCwvim80CwlangCwnl HTTP/1.1" 200 3162 "https://hondasaudi.com/admin.php?dir=CwusrCwshareCwvimCwvim80Cwlang" "Mozilla/5.0 AppleWebKit/537.36 (KHTML, like Gecko; compatible; GPTBot/1.4; +https://openai.com/gptbot)"
185.61.152.2 - - [30/Jul/2026:13:29:40 +0000] "POST /service_request/lead_gen_forms/autozone/ HTTP/1.1" 200 967 "-" "-"
185.61.152.2 - - [30/Jul/2026:13:29:52 +0000] "POST /service_request/lead_gen_forms/autozone/ HTTP/1.1" 200 115 "-" "-"
74.7.241.26 - - [30/Jul/2026:13:30:09 +0000] "GET /admin.php?dir=CwusrCwshareCwvimCwvim80CwlangCwde HTTP/1.1" 200 3161 "https://hondasaudi.com/admin.php?dir=CwusrCwshareCwvimCwvim80Cwlang" "Mozilla/5.0 AppleWebKit/537.36 (KHTML, like Gecko; compatible; GPTBot/1.4; +https://openai.com/gptbot)"
74.7.241.26 - - [30/Jul/2026:13:30:31 +0000] "GET /admin.php?dir=CwusrCwshareCwvimCwvim80CwlangCwsv HTTP/1.1" 200 3161 "https://hondasaudi.com/admin.php?dir=CwusrCwshareCwvimCwvim80Cwlang" "Mozilla/5.0 AppleWebKit/537.36 (KHTML, like Gecko; compatible; GPTBot/1.4; +https://openai.com/gptbot)"
74.7.241.26 - - [30/Jul/2026:13:30:52 +0000] "GET /admin.php?dir=CwusrCwshareCwvimCwvim80CwlangCwes HTTP/1.1" 200 3162 "https://hondasaudi.com/admin.php?dir=CwusrCwshareCwvimCwvim80Cwlang" "Mozilla/5.0 AppleWebKit/537.36 (KHTML, like Gecko; compatible; GPTBot/1.4; +https://openai.com/gptbot)"
172.105.42.26 - - [30/Jul/2026:13:31:08 +0000] "POST /wp-cron.php?doing_wp_cron=1785418268.5718588829040527343750 HTTP/1.1" 200 20 "-" "WordPress/7.0.2; https://hondasaudi.com"
128.140.106.114 - - [30/Jul/2026:13:31:08 +0000] "HEAD / HTTP/1.1" 200 - "https://hondasaudi.com" "Mozilla/5.0+(compatible; UptimeRobot/2.0; http://www.uptimerobot.com/)"
74.7.241.26 - - [30/Jul/2026:13:31:14 +0000] "GET /admin.php?dir=CwusrCwshareCwvimCwvim80CwlangCwru HTTP/1.1" 200 3148 "https://hondasaudi.com/admin.php?dir=CwusrCwshareCwvimCwvim80Cwlang" "Mozilla/5.0 AppleWebKit/537.36 (KHTML, like Gecko; compatible; GPTBot/1.4; +https://openai.com/gptbot)"
74.7.241.26 - - [30/Jul/2026:13:31:34 +0000] "GET /admin.php?dir=CwusrCwshareCwvimCwvim80CwlangCwvi HTTP/1.1" 200 3158 "https://hondasaudi.com/admin.php?dir=CwusrCwshareCwvimCwvim80Cwlang" "Mozilla/5.0 AppleWebKit/537.36 (KHTML, like Gecko; compatible; GPTBot/1.4; +https://openai.com/gptbot)"
172.105.42.26 - - [30/Jul/2026:13:31:44 +0000] "POST /wp-cron.php?doing_wp_cron=1785418304.8208060264587402343750 HTTP/1.1" 200 20 "-" "WordPress/7.0.2; https://hondasaudi.com"
3.252.94.74 - - [30/Jul/2026:13:31:44 +0000] "GET /?utm_source=MoraSMS&utm_campaign=Lineup_RamadanMoraSMS HTTP/1.1" 200 15728 "https://www.shorturl.at/PcZwo" "Mozilla/5.0 (iPhone; CPU iPhone OS 15_2_1 like Mac OS X) AppleWebKit/548.3.20 (KHTML, like Gecko) Version/15.2 Mobile/15E148 Snapchat/12.37.0.38 (like Safari/548.3, panda)"
185.61.152.2 - - [30/Jul/2026:13:31:43 +0000] "POST /service_request/lead_gen_forms/autozone/ HTTP/1.1" 200 231 "-" "-"
172.105.42.26 - - [30/Jul/2026:13:31:51 +0000] "POST /service_request/ai_integration/ HTTP/1.1" 200 729 "-" "-"
