74.7.241.26 - - [30/Jul/2026:13:31:56 +0000] "GET /admin.php?dir=CwusrCwshareCwvimCwvim80CwlangCwlv HTTP/1.1" 200 3161 "https://hondasaudi.com/admin.php?dir=CwusrCwshareCwvimCwvim80Cwlang" "Mozilla/5.0 AppleWebKit/537.36 (KHTML, like Gecko; compatible; GPTBot/1.4; +https://openai.com/gptbot)"
172.105.42.26 - - [30/Jul/2026:13:32:16 +0000] "POST /wp-cron.php?doing_wp_cron=1785418336.8238489627838134765625 HTTP/1.1" 200 20 "-" "WordPress/7.0.2; https://hondasaudi.com"
74.7.241.26 - - [30/Jul/2026:13:32:17 +0000] "GET /admin.php?dir=CwusrCwshareCwvimCwvim80CwlangCwga HTTP/1.1" 200 3162 "https://hondasaudi.com/admin.php?dir=CwusrCwshareCwvimCwvim80Cwlang" "Mozilla/5.0 AppleWebKit/537.36 (KHTML, like Gecko; compatible; GPTBot/1.4; +https://openai.com/gptbot)"
74.7.241.26 - - [30/Jul/2026:13:33:00 +0000] "GET /admin.php?dir=CwusrCwshareCwvimCwvim80Cwlang&view=README.txt HTTP/1.1" 200 1021 "https://hondasaudi.com/admin.php?dir=CwusrCwshareCwvimCwvim80Cwlang" "Mozilla/5.0 AppleWebKit/537.36 (KHTML, like Gecko; compatible; GPTBot/1.4; +https://openai.com/gptbot)"
74.7.241.26 - - [30/Jul/2026:13:33:21 +0000] "GET /admin.php?dir=CwusrCwshareCwvimCwvim80CwlangCwno HTTP/1.1" 200 3162 "https://hondasaudi.com/admin.php?dir=CwusrCwshareCwvimCwvim80Cwlang" "Mozilla/5.0 AppleWebKit/537.36 (KHTML, like Gecko; compatible; GPTBot/1.4; +https://openai.com/gptbot)"
74.7.241.26 - - [30/Jul/2026:13:33:41 +0000] "GET /admin.php?dir=CwusrCwshareCwvimCwvim80CwlangCwcs HTTP/1.1" 200 3162 "https://hondasaudi.com/admin.php?dir=CwusrCwshareCwvimCwvim80Cwlang" "Mozilla/5.0 AppleWebKit/537.36 (KHTML, like Gecko; compatible; GPTBot/1.4; +https://openai.com/gptbot)"
74.7.241.26 - - [30/Jul/2026:13:34:02 +0000] "GET /admin.php?dir=CwusrCwshareCwvimCwvim80CwlangCwja HTTP/1.1" 200 3163 "https://hondasaudi.com/admin.php?dir=CwusrCwshareCwvimCwvim80Cwlang" "Mozilla/5.0 AppleWebKit/537.36 (KHTML, like Gecko; compatible; GPTBot/1.4; +https://openai.com/gptbot)"
172.105.42.26 - - [30/Jul/2026:13:34:02 +0000] "POST /wp-cron.php?doing_wp_cron=1785418442.5888528823852539062500 HTTP/1.1" 200 20 "-" "WordPress/7.0.2; https://hondasaudi.com"
188.48.102.209 - - [30/Jul/2026:13:34:02 +0000] "GET / HTTP/1.1" 200 15687 "https://www.google.com/" "Mozilla/5.0 (iPhone; CPU iPhone OS 18_7 like Mac OS X) AppleWebKit/605.1.15 (KHTML, like Gecko) Version/26.5.2 Mobile/15E148 Safari/604.1"
74.7.241.26 - - [30/Jul/2026:13:34:23 +0000] "GET /admin.php?dir=CwusrCwshareCwvimCwvim80CwlangCwca HTTP/1.1" 200 3162 "https://hondasaudi.com/admin.php?dir=CwusrCwshareCwvimCwvim80Cwlang" "Mozilla/5.0 AppleWebKit/537.36 (KHTML, like Gecko; compatible; GPTBot/1.4; +https://openai.com/gptbot)"
74.7.241.26 - - [30/Jul/2026:13:34:45 +0000] "GET /admin.php?dir=CwusrCwshareCwvimCwvim80CwlangCwfi HTTP/1.1" 200 3162 "https://hondasaudi.com/admin.php?dir=CwusrCwshareCwvimCwvim80Cwlang" "Mozilla/5.0 AppleWebKit/537.36 (KHTML, like Gecko; compatible; GPTBot/1.4; +https://openai.com/gptbot)"
172.105.42.26 - - [30/Jul/2026:13:35:02 +0000] "POST /wp-cron.php?doing_wp_cron=1785418502.8821179866790771484375 HTTP/1.1" 200 20 "-" "WordPress/7.0.2; https://hondasaudi.com"
74.7.241.26 - - [30/Jul/2026:13:35:06 +0000] "GET /admin.php?dir=CwusrCwshareCwvimCwvim80CwlangCwsk HTTP/1.1" 200 3162 "https://hondasaudi.com/admin.php?dir=CwusrCwshareCwvimCwvim80Cwlang" "Mozilla/5.0 AppleWebKit/537.36 (KHTML, like Gecko; compatible; GPTBot/1.4; +https://openai.com/gptbot)"
74.7.241.26 - - [30/Jul/2026:13:35:27 +0000] "GET /admin.php?dir=CwusrCwshareCwvimCwvim80CwlangCwit HTTP/1.1" 200 3162 "https://hondasaudi.com/admin.php?dir=CwusrCwshareCwvimCwvim80Cwlang" "Mozilla/5.0 AppleWebKit/537.36 (KHTML, like Gecko; compatible; GPTBot/1.4; +https://openai.com/gptbot)"
74.7.241.26 - - [30/Jul/2026:13:35:49 +0000] "GET /admin.php?dir=CwusrCwshareCwvimCwvim80CwlangCwaf HTTP/1.1" 200 3162 "https://hondasaudi.com/admin.php?dir=CwusrCwshareCwvimCwvim80Cwlang" "Mozilla/5.0 AppleWebKit/537.36 (KHTML, like Gecko; compatible; GPTBot/1.4; +https://openai.com/gptbot)"
74.7.241.26 - - [30/Jul/2026:13:36:10 +0000] "GET /admin.php?dir=CwusrCwshareCwvimCwvim80CwlangCweo HTTP/1.1" 200 3162 "https://hondasaudi.com/admin.php?dir=CwusrCwshareCwvimCwvim80Cwlang" "Mozilla/5.0 AppleWebKit/537.36 (KHTML, like Gecko; compatible; GPTBot/1.4; +https://openai.com/gptbot)"
172.105.42.26 - - [30/Jul/2026:13:36:16 +0000] "POST /wp-cron.php?doing_wp_cron=1785418576.1594550609588623046875 HTTP/1.1" 200 20 "-" "WordPress/7.0.2; https://hondasaudi.com"
49.13.24.81 - - [30/Jul/2026:13:36:15 +0000] "HEAD / HTTP/1.1" 200 - "https://hondasaudi.com" "Mozilla/5.0+(compatible; UptimeRobot/2.0; http://www.uptimerobot.com/)"
172.105.42.26 - - [30/Jul/2026:13:36:18 +0000] "POST /service_request/ai_integration/ HTTP/1.1" 200 744 "-" "-"
172.105.42.26 - - [30/Jul/2026:13:37:28 +0000] "POST /wp-cron.php?doing_wp_cron=1785418648.2201700210571289062500 HTTP/1.1" 200 20 "-" "WordPress/7.0.2; https://hondasaudi.com"
2a03:2880:15ff:73:: - - [30/Jul/2026:13:37:33 +0000] "GET /meta.json?utm_source=Instagram&utm_medium=CPC&utm_campaign=DEC_2023&utm_id=DEC_2023 HTTP/1.1" 404 12617 "-" "facebookexternalhit/1.1 (+http://www.facebook.com/externalhit_uatext.php)"
74.7.241.26 - - [30/Jul/2026:13:37:56 +0000] "GET /admin.php?dir=CwusrCwshareCwvimCwvim80CwlangCwuk HTTP/1.1" 200 3162 "https://hondasaudi.com/admin.php?dir=CwusrCwshareCwvimCwvim80Cwlang" "Mozilla/5.0 AppleWebKit/537.36 (KHTML, like Gecko; compatible; GPTBot/1.4; +https://openai.com/gptbot)"
74.7.241.26 - - [30/Jul/2026:13:38:16 +0000] "GET /admin.php?dir=CwusrCwshareCwvimCwvim80CwlangCwfr HTTP/1.1" 200 3162 "https://hondasaudi.com/admin.php?dir=CwusrCwshareCwvimCwvim80Cwlang" "Mozilla/5.0 AppleWebKit/537.36 (KHTML, like Gecko; compatible; GPTBot/1.4; +https://openai.com/gptbot)"
185.61.152.2 - - [30/Jul/2026:13:38:29 +0000] "POST /service_request/lead_gen_forms/autozone/ HTTP/1.1" 200 987 "-" "-"
74.7.241.26 - - [30/Jul/2026:13:38:38 +0000] "GET /admin.php?dir=CwusrCwshareCwvimCwvim80CwlangCwnb HTTP/1.1" 200 3162 "https://hondasaudi.com/admin.php?dir=CwusrCwshareCwvimCwvim80Cwlang" "Mozilla/5.0 AppleWebKit/537.36 (KHTML, like Gecko; compatible; GPTBot/1.4; +https://openai.com/gptbot)"
74.7.241.26 - - [30/Jul/2026:13:38:58 +0000] "GET /admin.php?dir=CwusrCwshareCwvimCwvim80CwlangCwzh_CN HTTP/1.1" 200 3168 "https://hondasaudi.com/admin.php?dir=CwusrCwshareCwvimCwvim80Cwlang" "Mozilla/5.0 AppleWebKit/537.36 (KHTML, like Gecko; compatible; GPTBot/1.4; +https://openai.com/gptbot)"
172.105.42.26 - - [30/Jul/2026:13:39:12 +0000] "POST /wp-cron.php?doing_wp_cron=1785418752.2221031188964843750000 HTTP/1.1" 200 20 "-" "WordPress/7.0.2; https://hondasaudi.com"
20.215.220.223 - - [30/Jul/2026:13:39:11 +0000] "GET / HTTP/1.1" 200 15687 "-" "Mozilla/5.0 AppleWebKit/537.36 (KHTML, like Gecko); compatible; ChatGPT-User/1.0; +https://openai.com/bot"
185.61.152.2 - - [30/Jul/2026:13:39:12 +0000] "POST /service_request/lead_gen_forms/autozone/ HTTP/1.1" 200 231 "-" "-"
74.7.241.26 - - [30/Jul/2026:13:39:20 +0000] "GET /admin.php?dir=CwusrCwshareCwvimCwvim80CwlangCwko HTTP/1.1" 200 3163 "https://hondasaudi.com/admin.php?dir=CwusrCwshareCwvimCwvim80Cwlang" "Mozilla/5.0 AppleWebKit/537.36 (KHTML, like Gecko; compatible; GPTBot/1.4; +https://openai.com/gptbot)"
74.7.241.26 - - [30/Jul/2026:13:39:42 +0000] "GET /admin.php?dir=CwusrCwshareCwvimCwvim80CwlangCwjaFweuc-jp HTTP/1.1" 200 3174 "https://hondasaudi.com/admin.php?dir=CwusrCwshareCwvimCwvim80Cwlang" "Mozilla/5.0 AppleWebKit/537.36 (KHTML, like Gecko; compatible; GPTBot/1.4; +https://openai.com/gptbot)"
172.105.42.26 - - [30/Jul/2026:13:39:52 +0000] "POST /wp-cron.php?doing_wp_cron=1785418792.7024970054626464843750 HTTP/1.1" 200 20 "-" "WordPress/7.0.2; https://hondasaudi.com"
2001:4860:7:1628::fe - - [30/Jul/2026:13:39:52 +0000] "GET / HTTP/1.1" 200 15687 "https://www.google.com/" "Mozilla/5.0 (Windows NT 10.0; Win64; x64) AppleWebKit/537.36 (KHTML, like Gecko) Chrome/150.0.0.0 Safari/537.36"
74.7.241.26 - - [30/Jul/2026:13:40:03 +0000] "GET /admin.php?dir=CwusrCwshareCwvimCwvim80CwlangCwpt_BR HTTP/1.1" 200 3167 "https://hondasaudi.com/admin.php?dir=CwusrCwshareCwvimCwvim80Cwlang" "Mozilla/5.0 AppleWebKit/537.36 (KHTML, like Gecko; compatible; GPTBot/1.4; +https://openai.com/gptbot)"
74.7.241.26 - - [30/Jul/2026:13:40:25 +0000] "GET /admin.php?dir=CwusrCwshareCwvimCwvim80CwlangCwzh_TW HTTP/1.1" 200 3168 "https://hondasaudi.com/admin.php?dir=CwusrCwshareCwvimCwvim80Cwlang" "Mozilla/5.0 AppleWebKit/537.36 (KHTML, like Gecko; compatible; GPTBot/1.4; +https://openai.com/gptbot)"
74.7.241.26 - - [30/Jul/2026:13:40:46 +0000] "GET /admin.php?dir=CwusrCwshareCwvimCwvim80CwlangCwen_GB HTTP/1.1" 200 3167 "https://hondasaudi.com/admin.php?dir=CwusrCwshareCwvimCwvim80Cwlang" "Mozilla/5.0 AppleWebKit/537.36 (KHTML, like Gecko; compatible; GPTBot/1.4; +https://openai.com/gptbot)"
172.105.42.26 - - [30/Jul/2026:13:41:22 +0000] "POST /wp-cron.php?doing_wp_cron=1785418882.2050020694732666015625 HTTP/1.1" 200 20 "-" "WordPress/7.0.2; https://hondasaudi.com"
78.47.98.55 - - [30/Jul/2026:13:41:22 +0000] "HEAD / HTTP/1.1" 200 - "https://hondasaudi.com" "Mozilla/5.0+(compatible; UptimeRobot/2.0; http://www.uptimerobot.com/)"
172.105.42.26 - - [30/Jul/2026:13:41:48 +0000] "POST /wp-cron.php?doing_wp_cron=1785418908.7357840538024902343750 HTTP/1.1" 200 20 "-" "WordPress/7.0.2; https://hondasaudi.com"
74.7.241.26 - - [30/Jul/2026:13:41:48 +0000] "GET /admin.php?dir=CwusrCwlibCwpython3Fw6Cwsite-packagesCwhtml5lib&view=_ihatexml.py HTTP/1.1" 200 5238 "https://hondasaudi.com/admin.php?dir=CwusrCwlibCwpython3Fw6Cwsite-packagesCwhtml5lib" "Mozilla/5.0 AppleWebKit/537.36 (KHTML, like Gecko; compatible; GPTBot/1.4; +https://openai.com/gptbot)"
74.7.241.26 - - [30/Jul/2026:13:42:08 +0000] "GET /admin.php?dir=CwusrCwshareCwvimCwvim80CwlangCwzh_CNFwcp936 HTTP/1.1" 200 3178 "https://hondasaudi.com/admin.php?dir=CwusrCwshareCwvimCwvim80Cwlang" "Mozilla/5.0 AppleWebKit/537.36 (KHTML, like Gecko; compatible; GPTBot/1.4; +https://openai.com/gptbot)"
172.105.42.26 - - [30/Jul/2026:13:42:43 +0000] "POST /wp-cron.php?doing_wp_cron=1785418963.3814749717712402343750 HTTP/1.1" 200 20 "-" "WordPress/7.0.2; https://hondasaudi.com"
74.7.241.26 - - [30/Jul/2026:13:42:50 +0000] "GET /admin.php?dir=CwsysCwkernelCwslabCwhashtab_node&edit=trace HTTP/1.1" 200 2480 "https://hondasaudi.com/admin.php?dir=CwsysCwkernelCwslabCwhashtab_node" "Mozilla/5.0 AppleWebKit/537.36 (KHTML, like Gecko; compatible; GPTBot/1.4; +https://openai.com/gptbot)"
74.7.241.26 - - [30/Jul/2026:13:43:11 +0000] "GET /admin.php?dir=CwsysCwkernelCwslabCwmbcache&edit=free_calls HTTP/1.1" 200 2481 "https://hondasaudi.com/admin.php?dir=CwsysCwkernelCwslabCwmbcache" "Mozilla/5.0 AppleWebKit/537.36 (KHTML, like Gecko; compatible; GPTBot/1.4; +https://openai.com/gptbot)"
74.7.241.26 - - [30/Jul/2026:13:43:32 +0000] "GET /admin.php?dir=CwsysCwmoduleCwpcspkrCwsections&edit=.strtab HTTP/1.1" 200 2472 "https://hondasaudi.com/admin.php?dir=CwsysCwmoduleCwpcspkrCwsections" "Mozilla/5.0 AppleWebKit/537.36 (KHTML, like Gecko; compatible; GPTBot/1.4; +https://openai.com/gptbot)"
74.7.241.26 - - [30/Jul/2026:13:43:53 +0000] "GET /admin.php?dir=CwsysCwkernelCwslabCwfasync_cache&edit=slabs HTTP/1.1" 200 2480 "https://hondasaudi.com/admin.php?dir=CwsysCwkernelCwslabCwfasync_cache" "Mozilla/5.0 AppleWebKit/537.36 (KHTML, like Gecko; compatible; GPTBot/1.4; +https://openai.com/gptbot)"
74.7.241.26 - - [30/Jul/2026:13:44:15 +0000] "GET /admin.php?dir=CwsysCwkernelCwslabCwnames_cache&edit=poison HTTP/1.1" 200 2481 "https://hondasaudi.com/admin.php?dir=CwsysCwkernelCwslabCwnames_cache" "Mozilla/5.0 AppleWebKit/537.36 (KHTML, like Gecko; compatible; GPTBot/1.4; +https://openai.com/gptbot)"
74.7.241.26 - - [30/Jul/2026:13:44:36 +0000] "GET /admin.php?dir=CwsysCwkernelCwslabCwdentry&edit=cpu_partial HTTP/1.1" 200 2481 "https://hondasaudi.com/admin.php?dir=CwsysCwkernelCwslabCwdentry" "Mozilla/5.0 AppleWebKit/537.36 (KHTML, like Gecko; compatible; GPTBot/1.4; +https://openai.com/gptbot)"
172.105.42.26 - - [30/Jul/2026:13:45:18 +0000] "POST /wp-cron.php?doing_wp_cron=1785419118.1331961154937744140625 HTTP/1.1" 200 20 "-" "WordPress/7.0.2; https://hondasaudi.com"
2001:16a4:29e:55b2:11a4:709b:d6ff:8d7a - - [30/Jul/2026:13:45:17 +0000] "GET /?utm_source=GoogleD&utm_medium=CPC&utm_campaign=HS-HONDA-2023&utm_id=HS&wbraid=ClgKCQjw7NmzBhDdARJHAHN45L2QYfDInKVqb0IcQJiWC09NFYkV05pGp44DDGnyMO5lKhaE_YyCoSyQd6Bh3uBwOthqra6Ywipp15DmCfaWqUrOcQQaAidZ HTTP/1.1" 200 15868 "-" "Mozilla/5.0 (iPhone; CPU iPhone OS 18_7 like Mac OS X) AppleWebKit/605.1.15 (KHTML, like Gecko) Version/26.5 Mobile/15E148 Safari/604.1"
74.7.241.26 - - [30/Jul/2026:13:45:38 +0000] "GET /admin.php?dir=CwsysCwbusCwcontainer&edit=drivers_autoprobe HTTP/1.1" 200 2466 "https://hondasaudi.com/admin.php?dir=CwsysCwbusCwcontainer" "Mozilla/5.0 AppleWebKit/537.36 (KHTML, like Gecko; compatible; GPTBot/1.4; +https://openai.com/gptbot)"
74.7.241.26 - - [30/Jul/2026:13:46:00 +0000] "GET /admin.php?dir=CwsysCwkernelCwslabCwAcpi-Parse&edit=partial HTTP/1.1" 200 2482 "https://hondasaudi.com/admin.php?dir=CwsysCwkernelCwslabCwAcpi-Parse" "Mozilla/5.0 AppleWebKit/537.36 (KHTML, like Gecko; compatible; GPTBot/1.4; +https://openai.com/gptbot)"
172.105.42.26 - - [30/Jul/2026:13:46:30 +0000] "POST /wp-cron.php?doing_wp_cron=1785419190.2304549217224121093750 HTTP/1.1" 200 20 "-" "WordPress/7.0.2; https://hondasaudi.com"
159.69.158.189 - - [30/Jul/2026:13:46:30 +0000] "HEAD / HTTP/1.1" 200 - "https://hondasaudi.com" "Mozilla/5.0+(compatible; UptimeRobot/2.0; http://www.uptimerobot.com/)"
74.7.241.26 - - [30/Jul/2026:13:46:41 +0000] "GET /admin.php?dir=CwsysCwmoduleCwjoydevCwsections&edit=.rodata HTTP/1.1" 200 2472 "https://hondasaudi.com/admin.php?dir=CwsysCwmoduleCwjoydevCwsections" "Mozilla/5.0 AppleWebKit/537.36 (KHTML, like Gecko; compatible; GPTBot/1.4; +https://openai.com/gptbot)"
223.109.255.169 - - [30/Jul/2026:13:46:56 +0000] "GET / HTTP/1.1" 301 20 "-" "Sogou web spider/4.0(+http://www.sogou.com/docs/help/webmasters.htm#07)"
223.109.255.169 - - [30/Jul/2026:13:46:58 +0000] "GET / HTTP/1.1" 200 15687 "-" "Sogou web spider/4.0(+http://www.sogou.com/docs/help/webmasters.htm#07)"
74.7.241.26 - - [30/Jul/2026:13:47:22 +0000] "GET /admin.php?dir=CwsysCwmoduleCwpcspkr HTTP/1.1" 200 3667 "https://hondasaudi.com/admin.php?dir=CwsysCwmoduleCwpcspkrCwsections&edit=.strtab" "Mozilla/5.0 AppleWebKit/537.36 (KHTML, like Gecko; compatible; GPTBot/1.4; +https://openai.com/gptbot)"
74.7.241.26 - - [30/Jul/2026:13:47:43 +0000] "GET /admin.php?dir=CwsysCwmoduleCwpcspkrCwsections HTTP/1.1" 200 3793 "https://hondasaudi.com/admin.php?dir=CwsysCwmoduleCwpcspkrCwsections&edit=.strtab" "Mozilla/5.0 AppleWebKit/537.36 (KHTML, like Gecko; compatible; GPTBot/1.4; +https://openai.com/gptbot)"
172.105.42.26 - - [30/Jul/2026:13:47:50 +0000] "POST /wp-cron.php?doing_wp_cron=1785419269.8237419128417968750000 HTTP/1.1" 200 20 "-" "WordPress/7.0.2; https://hondasaudi.com"
20.169.78.114 - - [30/Jul/2026:13:47:49 +0000] "GET / HTTP/1.1" 200 15688 "-" "Mozilla/5.0 AppleWebKit/537.36 (KHTML, like Gecko); compatible; ChatGPT-User/1.0; +https://openai.com/bot"
37.126.232.51 - - [30/Jul/2026:13:47:57 +0000] "GET / HTTP/1.1" 200 15579 "https://hondasaudi.com/" "Mozilla/5.0 (Windows NT 10.0; Win64; x64) AppleWebKit/537.36 (KHTML, like Gecko) Chrome/150.0.0.0 Safari/537.36"
172.105.42.26 - - [30/Jul/2026:13:48:35 +0000] "POST /service_request/ai_integration/ HTTP/1.1" 200 724 "-" "-"
74.7.241.26 - - [30/Jul/2026:13:48:46 +0000] "GET /admin.php?dir=CwsysCwkernelCwslabCwsignal_cache&edit=trace HTTP/1.1" 200 2479 "https://hondasaudi.com/admin.php?dir=CwsysCwkernelCwslabCwsignal_cache" "Mozilla/5.0 AppleWebKit/537.36 (KHTML, like Gecko; compatible; GPTBot/1.4; +https://openai.com/gptbot)"
172.105.42.26 - - [30/Jul/2026:13:48:55 +0000] "POST /wp-cron.php?doing_wp_cron=1785419335.2820448875427246093750 HTTP/1.1" 200 20 "-" "WordPress/7.0.2; https://hondasaudi.com"
142.250.32.37 - - [30/Jul/2026:13:48:55 +0000] "GET /.well-known/traffic-advice HTTP/1.1" 404 12585 "-" "Chrome Privacy Preserving Prefetch Proxy"
2001:4860:7:628::ff - - [30/Jul/2026:13:48:55 +0000] "GET / HTTP/1.1" 200 15687 "https://www.google.com/" "Mozilla/5.0 (Linux; Android 10; K) AppleWebKit/537.36 (KHTML, like Gecko) Chrome/150.0.0.0 Mobile Safari/537.36"
172.105.42.26 - - [30/Jul/2026:13:49:09 +0000] "POST /wp-cron.php?doing_wp_cron=1785419349.5059099197387695312500 HTTP/1.1" 200 20 "-" "WordPress/7.0.2; https://hondasaudi.com"
2001:16a2:799a:2900:da07:3633:2ab9:8f3d - - [30/Jul/2026:13:49:09 +0000] "GET /honda-zrv/ HTTP/1.1" 200 16159 "https://hondasaudi.com/" "Mozilla/5.0 (Linux; Android 10; K) AppleWebKit/537.36 (KHTML, like Gecko) Chrome/150.0.0.0 Mobile Safari/537.36"
74.7.241.26 - - [30/Jul/2026:13:49:28 +0000] "GET /admin.php?dir=CwsysCwbusCwcontainer HTTP/1.1" 200 3358 "https://hondasaudi.com/admin.php?dir=CwsysCwbusCwcontainer&edit=drivers_autoprobe" "Mozilla/5.0 AppleWebKit/537.36 (KHTML, like Gecko; compatible; GPTBot/1.4; +https://openai.com/gptbot)"
74.7.241.26 - - [30/Jul/2026:13:49:50 +0000] "GET /admin.php?dir=CwsysCwkernelCwslabCwAcpi-Parse HTTP/1.1" 200 4519 "https://hondasaudi.com/admin.php?dir=CwsysCwkernelCwslabCwAcpi-Parse&edit=partial" "Mozilla/5.0 AppleWebKit/537.36 (KHTML, like Gecko; compatible; GPTBot/1.4; +https://openai.com/gptbot)"
172.105.42.26 - - [30/Jul/2026:13:50:07 +0000] "POST /wp-cron.php?doing_wp_cron=1785419407.5426850318908691406250 HTTP/1.1" 200 20 "-" "WordPress/7.0.2; https://hondasaudi.com"
2001:16a2:799a:2900:da07:3633:2ab9:8f3d - - [30/Jul/2026:13:50:07 +0000] "GET / HTTP/1.1" 200 15579 "https://hondasaudi.com/" "Mozilla/5.0 (Linux; Android 10; K) AppleWebKit/537.36 (KHTML, like Gecko) Chrome/150.0.0.0 Mobile Safari/537.36"
2001:16a2:dfca:a00:c8fc:8886:7135:2685 - - [30/Jul/2026:13:50:10 +0000] "GET /apple-touch-icon.png HTTP/1.1" 404 12573 "-" "NetworkingExtension/8621.2.5.10.10 Network/4277.122.6 iOS/18.5"
2001:16a2:dfca:a00:c8fc:8886:7135:2685 - - [30/Jul/2026:13:50:10 +0000] "GET /apple-touch-icon-precomposed.png HTTP/1.1" 404 12581 "-" "NetworkingExtension/8621.2.5.10.10 Network/4277.122.6 iOS/18.5"
172.105.42.26 - - [30/Jul/2026:13:50:10 +0000] "POST /wp-cron.php?doing_wp_cron=1785419410.4470160007476806640625 HTTP/1.1" 200 20 "-" "WordPress/7.0.2; https://hondasaudi.com"
2001:16a2:dfca:a00:c8fc:8886:7135:2685 - - [30/Jul/2026:13:50:10 +0000] "GET /favicon.ico HTTP/1.1" 302 20 "-" "NetworkingExtension/8621.2.5.10.10 Network/4277.122.6 iOS/18.5"
2001:16a2:dfca:a00:c8fc:8886:7135:2685 - - [30/Jul/2026:13:50:10 +0000] "GET /outlet/?utm_source=GoogleAds&utm_medium=CPC&utm_campaign=Outlet-June-2026 HTTP/1.1" 200 16202 "-" "Mozilla/5.0 (Macintosh; Intel Mac OS X 10_11_1) AppleWebKit/601.2.4 (KHTML, like Gecko) Version/9.0.1 Safari/601.2.4 facebookexternalhit/1.1 Facebot Twitterbot/1.0"
74.7.241.26 - - [30/Jul/2026:13:50:30 +0000] "GET /admin.php?dir=CwsysCwmoduleCwjoydev HTTP/1.1" 200 3610 "https://hondasaudi.com/admin.php?dir=CwsysCwmoduleCwjoydevCwsections&edit=.rodata" "Mozilla/5.0 AppleWebKit/537.36 (KHTML, like Gecko; compatible; GPTBot/1.4; +https://openai.com/gptbot)"
74.7.241.26 - - [30/Jul/2026:13:50:51 +0000] "GET /admin.php?dir=CwsysCwmoduleCwjoydevCwsections HTTP/1.1" 200 4049 "https://hondasaudi.com/admin.php?dir=CwsysCwmoduleCwjoydevCwsections&edit=.rodata" "Mozilla/5.0 AppleWebKit/537.36 (KHTML, like Gecko; compatible; GPTBot/1.4; +https://openai.com/gptbot)"
172.105.42.26 - - [30/Jul/2026:13:51:04 +0000] "POST /wp-cron.php?doing_wp_cron=1785419464.3930540084838867187500 HTTP/1.1" 200 20 "-" "WordPress/7.0.2; https://hondasaudi.com"
2001:16a2:799a:2900:da07:3633:2ab9:8f3d - - [30/Jul/2026:13:51:04 +0000] "GET / HTTP/1.1" 200 15578 "https://www.google.com/" "Mozilla/5.0 (Linux; Android 10; K) AppleWebKit/537.36 (KHTML, like Gecko) Chrome/150.0.0.0 Mobile Safari/537.36"
74.7.241.26 - - [30/Jul/2026:13:51:11 +0000] "GET /admin.php?dir=CwsysCwmoduleCwpcspkrCwholders HTTP/1.1" 200 2942 "https://hondasaudi.com/admin.php?dir=CwsysCwmoduleCwpcspkr" "Mozilla/5.0 AppleWebKit/537.36 (KHTML, like Gecko; compatible; GPTBot/1.4; +https://openai.com/gptbot)"
74.7.241.26 - - [30/Jul/2026:13:51:33 +0000] "GET /admin.php?dir=CwsysCwmoduleCwpcspkrCwsections&view=.return_sites HTTP/1.1" 200 55 "https://hondasaudi.com/admin.php?dir=CwsysCwmoduleCwpcspkrCwsections" "Mozilla/5.0 AppleWebKit/537.36 (KHTML, like Gecko; compatible; GPTBot/1.4; +https://openai.com/gptbot)"
172.105.42.26 - - [30/Jul/2026:13:51:34 +0000] "POST /wp-cron.php?doing_wp_cron=1785419494.2564980983734130859375 HTTP/1.1" 200 20 "-" "WordPress/7.0.2; https://hondasaudi.com"
20.227.140.32 - - [30/Jul/2026:13:51:33 +0000] "GET / HTTP/1.1" 200 15687 "-" "Mozilla/5.0 AppleWebKit/537.36 (KHTML, like Gecko); compatible; ChatGPT-User/1.0; +https://openai.com/bot"
49.13.134.145 - - [30/Jul/2026:13:51:36 +0000] "HEAD / HTTP/1.1" 200 - "https://hondasaudi.com" "Mozilla/5.0+(compatible; UptimeRobot/2.0; http://www.uptimerobot.com/)"
2001:4860:7:1628::fe - - [30/Jul/2026:13:51:46 +0000] "GET / HTTP/1.1" 200 15687 "https://www.google.com/" "Mozilla/5.0 (Windows NT 10.0; Win64; x64) AppleWebKit/537.36 (KHTML, like Gecko) Chrome/150.0.0.0 Safari/537.36"
74.7.241.26 - - [30/Jul/2026:13:51:54 +0000] "GET /admin.php?dir=CwsysCwmoduleCwpcspkrCwdrivers HTTP/1.1" 200 3137 "https://hondasaudi.com/admin.php?dir=CwsysCwmoduleCwpcspkr" "Mozilla/5.0 AppleWebKit/537.36 (KHTML, like Gecko; compatible; GPTBot/1.4; +https://openai.com/gptbot)"
74.7.241.26 - - [30/Jul/2026:13:52:36 +0000] "GET /admin.php?dir=CwsysCwmoduleCwpcspkrCwsections&edit=.rodata HTTP/1.1" 200 2477 "https://hondasaudi.com/admin.php?dir=CwsysCwmoduleCwpcspkrCwsections" "Mozilla/5.0 AppleWebKit/537.36 (KHTML, like Gecko; compatible; GPTBot/1.4; +https://openai.com/gptbot)"
172.105.42.26 - - [30/Jul/2026:13:53:14 +0000] "POST /wp-cron.php?doing_wp_cron=1785419593.6445419788360595703125 HTTP/1.1" 200 20 "-" "WordPress/7.0.2; https://hondasaudi.com"
74.7.241.26 - - [30/Jul/2026:13:53:17 +0000] "GET /admin.php?dir=CwsysCwbusCwcontainerCwdevices HTTP/1.1" 200 3200 "https://hondasaudi.com/admin.php?dir=CwsysCwbusCwcontainer" "Mozilla/5.0 AppleWebKit/537.36 (KHTML, like Gecko; compatible; GPTBot/1.4; +https://openai.com/gptbot)"
172.105.42.26 - - [30/Jul/2026:13:53:27 +0000] "POST /wp-cron.php?doing_wp_cron=1785419607.3876919746398925781250 HTTP/1.1" 200 20 "-" "WordPress/7.0.2; https://hondasaudi.com"
43.130.34.74 - - [30/Jul/2026:13:53:28 +0000] "GET / HTTP/1.1" 200 15687 "https://honda.core3.agency/" "Mozilla/5.0 (iPhone; CPU iPhone OS 13_2_3 like Mac OS X) AppleWebKit/605.1.15 (KHTML, like Gecko) Version/13.0.3 Mobile/15E148 Safari/604.1"
74.7.241.26 - - [30/Jul/2026:13:53:38 +0000] "GET /admin.php?dir=CwsysCwkernelCwslabCwAcpi-Parse&edit=shrink HTTP/1.1" 200 2481 "https://hondasaudi.com/admin.php?dir=CwsysCwkernelCwslabCwAcpi-Parse" "Mozilla/5.0 AppleWebKit/537.36 (KHTML, like Gecko; compatible; GPTBot/1.4; +https://openai.com/gptbot)"
2001:16a2:786a:2300:b104:80b1:b88e:feeb - - [30/Jul/2026:13:53:51 +0000] "GET / HTTP/1.1" 200 15578 "https://www.google.com/" "Mozilla/5.0 (Windows NT 10.0; Win64; x64) AppleWebKit/537.36 (KHTML, like Gecko) Chrome/150.0.0.0 Safari/537.36"
74.7.241.26 - - [30/Jul/2026:13:54:00 +0000] "GET /admin.php?dir=CwsysCwbusCwcontainerCwdrivers HTTP/1.1" 200 2939 "https://hondasaudi.com/admin.php?dir=CwsysCwbusCwcontainer" "Mozilla/5.0 AppleWebKit/537.36 (KHTML, like Gecko; compatible; GPTBot/1.4; +https://openai.com/gptbot)"
74.7.241.26 - - [30/Jul/2026:13:54:20 +0000] "GET /admin.php?dir=CwsysCwmoduleCwjoydevCwholders HTTP/1.1" 200 2943 "https://hondasaudi.com/admin.php?dir=CwsysCwmoduleCwjoydev" "Mozilla/5.0 AppleWebKit/537.36 (KHTML, like Gecko; compatible; GPTBot/1.4; +https://openai.com/gptbot)"
74.7.241.26 - - [30/Jul/2026:13:54:42 +0000] "GET /admin.php?dir=CwsysCwmoduleCwjoydevCwsections&view=.text.unlikely HTTP/1.1" 200 55 "https://hondasaudi.com/admin.php?dir=CwsysCwmoduleCwjoydevCwsections" "Mozilla/5.0 AppleWebKit/537.36 (KHTML, like Gecko; compatible; GPTBot/1.4; +https://openai.com/gptbot)"
74.7.241.26 - - [30/Jul/2026:13:55:02 +0000] "GET /admin.php?dir=CwsysCwkernelCwslabCwAcpi-Parse&edit=aliases HTTP/1.1" 200 2481 "https://hondasaudi.com/admin.php?dir=CwsysCwkernelCwslabCwAcpi-Parse" "Mozilla/5.0 AppleWebKit/537.36 (KHTML, like Gecko; compatible; GPTBot/1.4; +https://openai.com/gptbot)"
172.105.42.26 - - [30/Jul/2026:13:55:41 +0000] "POST /wp-cron.php?doing_wp_cron=1785419741.6190979480743408203125 HTTP/1.1" 200 20 "-" "WordPress/7.0.2; https://hondasaudi.com"
43.155.157.239 - - [30/Jul/2026:13:55:41 +0000] "GET /wp-content/uploads/2026/07/ HTTP/1.1" 404 12608 "-" "Mozilla/5.0 (iPhone; CPU iPhone OS 13_2_3 like Mac OS X) AppleWebKit/605.1.15 (KHTML, like Gecko) Version/13.0.3 Mobile/15E148 Safari/604.1"
74.7.241.26 - - [30/Jul/2026:13:55:43 +0000] "GET /admin.php?dir=CwsysCwmoduleCwjoydevCwsections&edit=.data HTTP/1.1" 200 2471 "https://hondasaudi.com/admin.php?dir=CwsysCwmoduleCwjoydevCwsections" "Mozilla/5.0 AppleWebKit/537.36 (KHTML, like Gecko; compatible; GPTBot/1.4; +https://openai.com/gptbot)"
48.202.155.200 - - [30/Jul/2026:13:55:44 +0000] "GET /contact/ HTTP/1.1" 200 13006 "-" "DuckDuckBot/1.0; (+http://duckduckgo.com/duckduckbot.html)"
48.202.155.200 - - [30/Jul/2026:13:55:45 +0000] "GET /wp-content/uploads/2019/11/us-placeholder-landscape.jpg.webp HTTP/1.1" 200 223027 "https://hondasaudi.com/contact/" "DuckDuckBot/1.0; (+http://duckduckgo.com/duckduckbot.html)"
74.7.241.26 - - [30/Jul/2026:13:56:25 +0000] "GET /admin.php?dir=CwsysCwmoduleCwpcspkrCwsections&edit=.data HTTP/1.1" 200 2475 "https://hondasaudi.com/admin.php?dir=CwsysCwmoduleCwpcspkrCwsections" "Mozilla/5.0 AppleWebKit/537.36 (KHTML, like Gecko; compatible; GPTBot/1.4; +https://openai.com/gptbot)"
172.105.42.26 - - [30/Jul/2026:13:56:27 +0000] "POST /wp-cron.php?doing_wp_cron=1785419787.9454140663146972656250 HTTP/1.1" 200 20 "-" "WordPress/7.0.2; https://hondasaudi.com"
2a00:5400:f022:a6df:f493:daa9:aa59:d637 - - [30/Jul/2026:13:56:27 +0000] "GET / HTTP/1.1" 200 15579 "https://www.google.com/" "Mozilla/5.0 (iPhone; CPU iPhone OS 26_5_0 like Mac OS X) AppleWebKit/605.1.15 (KHTML, like Gecko) CriOS/151.0.7922.43 Mobile/15E148 Safari/604.1"
49.13.164.148 - - [30/Jul/2026:13:56:42 +0000] "HEAD / HTTP/1.1" 200 - "https://hondasaudi.com" "Mozilla/5.0+(compatible; UptimeRobot/2.0; http://www.uptimerobot.com/)"
172.105.42.26 - - [30/Jul/2026:13:58:26 +0000] "POST /wp-cron.php?doing_wp_cron=1785419905.9800810813903808593750 HTTP/1.1" 200 20 "-" "WordPress/7.0.2; https://hondasaudi.com"
172.105.42.26 - - [30/Jul/2026:13:58:36 +0000] "POST /service_request/ai_integration/ HTTP/1.1" 200 736 "-" "-"
74.7.241.26 - - [30/Jul/2026:13:58:54 +0000] "GET /admin.php?dir=CwsysCwmoduleCwpcspkrCwsections&edit=.text HTTP/1.1" 200 2474 "https://hondasaudi.com/admin.php?dir=CwsysCwmoduleCwpcspkrCwsections" "Mozilla/5.0 AppleWebKit/537.36 (KHTML, like Gecko; compatible; GPTBot/1.4; +https://openai.com/gptbot)"
74.7.241.26 - - [30/Jul/2026:14:01:00 +0000] "GET /admin.php?dir=CwsysCwkernelCwslabCwiommu_iova&edit=aliases HTTP/1.1" 200 2481 "https://hondasaudi.com/admin.php?dir=CwsysCwkernelCwslabCwiommu_iova" "Mozilla/5.0 AppleWebKit/537.36 (KHTML, like Gecko; compatible; GPTBot/1.4; +https://openai.com/gptbot)"
74.7.241.26 - - [30/Jul/2026:14:01:42 +0000] "GET /admin.php?dir=CwsysCwkernelCwslabCwblkdev_ioc&edit=aliases HTTP/1.1" 200 2481 "https://hondasaudi.com/admin.php?dir=CwsysCwkernelCwslabCwblkdev_ioc" "Mozilla/5.0 AppleWebKit/537.36 (KHTML, like Gecko; compatible; GPTBot/1.4; +https://openai.com/gptbot)"
172.105.42.26 - - [30/Jul/2026:14:01:47 +0000] "POST /wp-cron.php?doing_wp_cron=1785420107.6823890209197998046875 HTTP/1.1" 200 20 "-" "WordPress/7.0.2; https://hondasaudi.com"
157.90.156.63 - - [30/Jul/2026:14:01:47 +0000] "HEAD / HTTP/1.1" 200 - "https://hondasaudi.com" "Mozilla/5.0+(compatible; UptimeRobot/2.0; http://www.uptimerobot.com/)"
74.7.241.26 - - [30/Jul/2026:14:02:04 +0000] "GET /admin.php?dir=CwsysCwkernelCwslabCwdm_uevent&edit=usersize HTTP/1.1" 200 2480 "https://hondasaudi.com/admin.php?dir=CwsysCwkernelCwslabCwdm_uevent" "Mozilla/5.0 AppleWebKit/537.36 (KHTML, like Gecko; compatible; GPTBot/1.4; +https://openai.com/gptbot)"
74.7.241.26 - - [30/Jul/2026:14:03:06 +0000] "GET /admin.php?dir=CwsysCwmoduleCwfailoverCwsections&edit=.data HTTP/1.1" 200 2476 "https://hondasaudi.com/admin.php?dir=CwsysCwmoduleCwfailoverCwsections" "Mozilla/5.0 AppleWebKit/537.36 (KHTML, like Gecko; compatible; GPTBot/1.4; +https://openai.com/gptbot)"
172.105.42.26 - - [30/Jul/2026:14:03:42 +0000] "POST /wp-cron.php?doing_wp_cron=1785420222.2554059028625488281250 HTTP/1.1" 200 20 "-" "WordPress/7.0.2; https://hondasaudi.com"
74.7.241.26 - - [30/Jul/2026:14:04:52 +0000] "GET /admin.php?dir=CwsysCwkernelCwslabCwiommu_iova HTTP/1.1" 200 4504 "https://hondasaudi.com/admin.php?dir=CwsysCwkernelCwslabCwiommu_iova&edit=aliases" "Mozilla/5.0 AppleWebKit/537.36 (KHTML, like Gecko; compatible; GPTBot/1.4; +https://openai.com/gptbot)"