74.7.241.26 - - [30/Jul/2026:12:26:21 +0000] "GET /admin.php?dir=CwusrCwlibCwdracutCwmodulesFwd HTTP/1.1" 200 5611 "https://hondasaudi.com/admin.php?dir=CwusrCwlibCwdracutCwmodulesFwdCw90lvm" "Mozilla/5.0 AppleWebKit/537.36 (KHTML, like Gecko; compatible; GPTBot/1.4; +https://openai.com/gptbot)"
172.105.42.26 - - [30/Jul/2026:12:26:23 +0000] "POST /wp-cron.php?doing_wp_cron=1785414383.8776450157165527343750 HTTP/1.1" 200 20 "-" "WordPress/7.0.2; https://hondasaudi.com"
163.116.191.27 - - [30/Jul/2026:12:26:23 +0000] "GET / HTTP/1.1" 200 15579 "https://www.google.com/" "Mozilla/5.0 (Windows NT 10.0; Win64; x64) AppleWebKit/537.36 (KHTML, like Gecko) Chrome/149.0.0.0 Safari/537.36 Edg/149.0.0.0"
2602:ffe4:8:1001::4 - - [30/Jul/2026:12:26:28 +0000] "GET /wp-content/uploads/2024/08/2024-City-DX-1-600x600.jpg HTTP/1.1" 200 66998 "https://hondasaudi.com/honda-accord-offer-2022/" "Mozilla/5.0 (Linux; Android 5.0) AppleWebKit/537.36 (KHTML, like Gecko) Mobile Safari/537.36 (compatible; Bytespider; spider-feedback@bytedance.com)"
74.7.241.26 - - [30/Jul/2026:12:27:25 +0000] "GET /admin.php?dir=CwusrCwlibCwdracutCwmodulesFwdCw06rngd&view=sysconfig HTTP/1.1" 200 109 "https://hondasaudi.com/admin.php?dir=CwusrCwlibCwdracutCwmodulesFwdCw06rngd" "Mozilla/5.0 AppleWebKit/537.36 (KHTML, like Gecko; compatible; GPTBot/1.4; +https://openai.com/gptbot)"
74.7.241.26 - - [30/Jul/2026:12:27:45 +0000] "GET /admin.php?dir=CwusrCwlibCwdracutCwmodulesFwdCw01fips&view=fips.sh HTTP/1.1" 200 1948 "https://hondasaudi.com/admin.php?dir=CwusrCwlibCwdracutCwmodulesFwdCw01fips" "Mozilla/5.0 AppleWebKit/537.36 (KHTML, like Gecko; compatible; GPTBot/1.4; +https://openai.com/gptbot)"
172.105.42.26 - - [30/Jul/2026:12:27:58 +0000] "POST /wp-cron.php?doing_wp_cron=1785414478.3623650074005126953125 HTTP/1.1" 200 20 "-" "WordPress/7.0.2; https://hondasaudi.com"
17.246.23.173 - - [30/Jul/2026:12:27:58 +0000] "GET /wp-json/contact-form-7/v1/contact-forms/987/feedback/schema HTTP/1.1" 200 1316 "https://hondasaudi.com/oddysey-offer-2022/" "Mozilla/5.0 (Macintosh; Intel Mac OS X 10_15_7) AppleWebKit/605.1.15 (KHTML, like Gecko) Version/17.4 Safari/605.1.15 (Applebot/0.1; +http://www.apple.com/go/applebot)"
172.105.42.26 - - [30/Jul/2026:12:28:13 +0000] "POST /wp-cron.php?doing_wp_cron=1785414493.1236460208892822265625 HTTP/1.1" 200 20 "-" "WordPress/7.0.2; https://hondasaudi.com"
37.105.204.153 - - [30/Jul/2026:12:28:12 +0000] "GET / HTTP/1.1" 200 15579 "-" "Mozilla/5.0 (iPhone; CPU iPhone OS 18_7 like Mac OS X) AppleWebKit/605.1.15 (KHTML, like Gecko) Version/26.5.2 Mobile/15E148 Safari/604.1"
172.105.42.26 - - [30/Jul/2026:12:29:26 +0000] "POST /wp-cron.php?doing_wp_cron=1785414565.8857800960540771484375 HTTP/1.1" 200 20 "-" "WordPress/7.0.2; https://hondasaudi.com"
74.7.241.26 - - [30/Jul/2026:12:29:31 +0000] "GET /admin.php?dir=CwusrCwlibCwdracutCwmodulesFwdCw95nfs&view=nfsroot.sh HTTP/1.1" 200 481 "https://hondasaudi.com/admin.php?dir=CwusrCwlibCwdracutCwmodulesFwdCw95nfs" "Mozilla/5.0 AppleWebKit/537.36 (KHTML, like Gecko; compatible; GPTBot/1.4; +https://openai.com/gptbot)"
52.28.162.93 - - [30/Jul/2026:12:29:46 +0000] "HEAD / HTTP/1.1" 200 - "https://hondasaudi.com" "Mozilla/5.0+(compatible; UptimeRobot/2.0; http://www.uptimerobot.com/)"
74.7.241.26 - - [30/Jul/2026:12:29:52 +0000] "GET /admin.php?dir=CwusrCwlibCwdracutCwmodulesFwdCw95nfs&edit=nfs-start-rpc.sh HTTP/1.1" 200 2932 "https://hondasaudi.com/admin.php?dir=CwusrCwlibCwdracutCwmodulesFwdCw95nfs" "Mozilla/5.0 AppleWebKit/537.36 (KHTML, like Gecko; compatible; GPTBot/1.4; +https://openai.com/gptbot)"
74.7.241.26 - - [30/Jul/2026:12:30:13 +0000] "GET /admin.php?dir=CwusrCwlibCwdracutCwmodulesFwdCw90kernel-network-modules HTTP/1.1" 200 3242 "https://hondasaudi.com/admin.php?dir=CwusrCwlibCwdracutCwmodulesFwd" "Mozilla/5.0 AppleWebKit/537.36 (KHTML, like Gecko; compatible; GPTBot/1.4; +https://openai.com/gptbot)"
74.7.241.26 - - [30/Jul/2026:12:30:34 +0000] "GET /admin.php?dir=CwusrCwlibCwdracutCwmodulesFwdCw90qemu-net HTTP/1.1" 200 3221 "https://hondasaudi.com/admin.php?dir=CwusrCwlibCwdracutCwmodulesFwd" "Mozilla/5.0 AppleWebKit/537.36 (KHTML, like Gecko; compatible; GPTBot/1.4; +https://openai.com/gptbot)"
74.7.241.26 - - [30/Jul/2026:12:30:56 +0000] "GET /admin.php?dir=CwusrCwlibCwdracutCwmodulesFwdCw95udev-rules HTTP/1.1" 200 3436 "https://hondasaudi.com/admin.php?dir=CwusrCwlibCwdracutCwmodulesFwd" "Mozilla/5.0 AppleWebKit/537.36 (KHTML, like Gecko; compatible; GPTBot/1.4; +https://openai.com/gptbot)"
74.7.241.26 - - [30/Jul/2026:12:31:16 +0000] "GET /admin.php?dir=CwusrCwlibCwdracutCwmodulesFwdCw99uefi-lib HTTP/1.1" 200 3286 "https://hondasaudi.com/admin.php?dir=CwusrCwlibCwdracutCwmodulesFwd" "Mozilla/5.0 AppleWebKit/537.36 (KHTML, like Gecko; compatible; GPTBot/1.4; +https://openai.com/gptbot)"
172.105.42.26 - - [30/Jul/2026:12:31:18 +0000] "POST /wp-cron.php?doing_wp_cron=1785414678.8801660537719726562500 HTTP/1.1" 200 20 "-" "WordPress/7.0.2; https://hondasaudi.com"
20.151.221.234 - - [30/Jul/2026:12:31:18 +0000] "GET /wp-includes/interactivity-api/index.php HTTP/1.1" 301 20 "-" "Mozilla/5.0 (Windows NT 10.0; Win64; x64) AppleWebKit/537.36 (KHTML, like Gecko) Chrome/120.0.0.0 Safari/537.36"
20.151.221.234 - - [30/Jul/2026:12:31:19 +0000] "GET /php8.php HTTP/1.1" 404 12570 "-" "Mozilla/5.0 (Windows NT 10.0; Win64; x64) AppleWebKit/537.36 (KHTML, like Gecko) Chrome/120.0.0.0 Safari/537.36"
20.151.221.234 - - [30/Jul/2026:12:31:20 +0000] "GET /assets/ HTTP/1.1" 404 12570 "-" "Mozilla/5.0 (Windows NT 10.0; Win64; x64) AppleWebKit/537.36 (KHTML, like Gecko) Chrome/120.0.0.0 Safari/537.36"
20.151.221.234 - - [30/Jul/2026:12:31:20 +0000] "GET /lite.php HTTP/1.1" 404 12568 "-" "Mozilla/5.0 (Windows NT 10.0; Win64; x64) AppleWebKit/537.36 (KHTML, like Gecko) Chrome/120.0.0.0 Safari/537.36"
20.151.221.234 - - [30/Jul/2026:12:31:20 +0000] "GET /term.php HTTP/1.1" 404 12570 "-" "Mozilla/5.0 (Windows NT 10.0; Win64; x64) AppleWebKit/537.36 (KHTML, like Gecko) Chrome/120.0.0.0 Safari/537.36"
20.151.221.234 - - [30/Jul/2026:12:31:21 +0000] "GET /config.php HTTP/1.1" 404 12571 "-" "Mozilla/5.0 (Windows NT 10.0; Win64; x64) AppleWebKit/537.36 (KHTML, like Gecko) Chrome/120.0.0.0 Safari/537.36"
20.151.221.234 - - [30/Jul/2026:12:31:21 +0000] "GET /wp-admin/classwithtostring.php HTTP/1.1" 404 12581 "-" "Mozilla/5.0 (Windows NT 10.0; Win64; x64) AppleWebKit/537.36 (KHTML, like Gecko) Chrome/120.0.0.0 Safari/537.36"
20.151.221.234 - - [30/Jul/2026:12:31:22 +0000] "GET /wp-good.php HTTP/1.1" 404 12569 "-" "Mozilla/5.0 (Windows NT 10.0; Win64; x64) AppleWebKit/537.36 (KHTML, like Gecko) Chrome/120.0.0.0 Safari/537.36"
20.151.221.234 - - [30/Jul/2026:12:31:23 +0000] "GET /wp-includes/Requests/library/index.php HTTP/1.1" 301 20 "-" "Mozilla/5.0 (Windows NT 10.0; Win64; x64) AppleWebKit/537.36 (KHTML, like Gecko) Chrome/120.0.0.0 Safari/537.36"
20.151.221.234 - - [30/Jul/2026:12:31:23 +0000] "GET /abcd.php HTTP/1.1" 404 12570 "-" "Mozilla/5.0 (Windows NT 10.0; Win64; x64) AppleWebKit/537.36 (KHTML, like Gecko) Chrome/120.0.0.0 Safari/537.36"
20.151.221.234 - - [30/Jul/2026:12:31:24 +0000] "GET /x.php HTTP/1.1" 404 12568 "-" "Mozilla/5.0 (Windows NT 10.0; Win64; x64) AppleWebKit/537.36 (KHTML, like Gecko) Chrome/120.0.0.0 Safari/537.36"
20.151.221.234 - - [30/Jul/2026:12:31:24 +0000] "GET /goods.php HTTP/1.1" 404 12571 "-" "Mozilla/5.0 (Windows NT 10.0; Win64; x64) AppleWebKit/537.36 (KHTML, like Gecko) Chrome/120.0.0.0 Safari/537.36"
20.151.221.234 - - [30/Jul/2026:12:31:24 +0000] "GET /wp-access.php HTTP/1.1" 404 12571 "-" "Mozilla/5.0 (Windows NT 10.0; Win64; x64) AppleWebKit/537.36 (KHTML, like Gecko) Chrome/120.0.0.0 Safari/537.36"
20.151.221.234 - - [30/Jul/2026:12:31:25 +0000] "GET /wp-content/uploads/min.php HTTP/1.1" 404 12608 "-" "Mozilla/5.0 (Windows NT 10.0; Win64; x64) AppleWebKit/537.36 (KHTML, like Gecko) Chrome/120.0.0.0 Safari/537.36"
20.151.221.234 - - [30/Jul/2026:12:31:26 +0000] "GET /filemanager.php HTTP/1.1" 404 12573 "-" "Mozilla/5.0 (Windows NT 10.0; Win64; x64) AppleWebKit/537.36 (KHTML, like Gecko) Chrome/120.0.0.0 Safari/537.36"
20.151.221.234 - - [30/Jul/2026:12:31:26 +0000] "GET /wp-includes/ID3/index.php HTTP/1.1" 301 20 "-" "Mozilla/5.0 (Windows NT 10.0; Win64; x64) AppleWebKit/537.36 (KHTML, like Gecko) Chrome/120.0.0.0 Safari/537.36"
20.151.221.234 - - [30/Jul/2026:12:31:27 +0000] "GET /bthil.php HTTP/1.1" 404 12571 "-" "Mozilla/5.0 (Windows NT 10.0; Win64; x64) AppleWebKit/537.36 (KHTML, like Gecko) Chrome/120.0.0.0 Safari/537.36"
20.151.221.234 - - [30/Jul/2026:12:31:27 +0000] "GET /xmlrpc.php HTTP/1.1" 404 12569 "-" "Mozilla/5.0 (Windows NT 10.0; Win64; x64) AppleWebKit/537.36 (KHTML, like Gecko) Chrome/120.0.0.0 Safari/537.36"
20.151.221.234 - - [30/Jul/2026:12:31:28 +0000] "GET /wp-admin/includes/ HTTP/1.1" 404 12570 "-" "Mozilla/5.0 (Windows NT 10.0; Win64; x64) AppleWebKit/537.36 (KHTML, like Gecko) Chrome/120.0.0.0 Safari/537.36"
20.151.221.234 - - [30/Jul/2026:12:31:28 +0000] "GET /cv.php HTTP/1.1" 404 12569 "-" "Mozilla/5.0 (Windows NT 10.0; Win64; x64) AppleWebKit/537.36 (KHTML, like Gecko) Chrome/120.0.0.0 Safari/537.36"
20.151.221.234 - - [30/Jul/2026:12:31:29 +0000] "GET /wp-content/packed.php HTTP/1.1" 404 12569 "-" "Mozilla/5.0 (Windows NT 10.0; Win64; x64) AppleWebKit/537.36 (KHTML, like Gecko) Chrome/120.0.0.0 Safari/537.36"
20.151.221.234 - - [30/Jul/2026:12:31:30 +0000] "GET /css.php HTTP/1.1" 404 12568 "-" "Mozilla/5.0 (Windows NT 10.0; Win64; x64) AppleWebKit/537.36 (KHTML, like Gecko) Chrome/120.0.0.0 Safari/537.36"
20.151.221.234 - - [30/Jul/2026:12:31:30 +0000] "GET /wp-admin/js/index.php HTTP/1.1" 301 20 "-" "Mozilla/5.0 (Windows NT 10.0; Win64; x64) AppleWebKit/537.36 (KHTML, like Gecko) Chrome/120.0.0.0 Safari/537.36"
20.151.221.234 - - [30/Jul/2026:12:31:31 +0000] "GET /core.php HTTP/1.1" 404 12570 "-" "Mozilla/5.0 (Windows NT 10.0; Win64; x64) AppleWebKit/537.36 (KHTML, like Gecko) Chrome/120.0.0.0 Safari/537.36"
20.151.221.234 - - [30/Jul/2026:12:31:31 +0000] "GET /admin/function.php HTTP/1.1" 404 12575 "-" "Mozilla/5.0 (Windows NT 10.0; Win64; x64) AppleWebKit/537.36 (KHTML, like Gecko) Chrome/120.0.0.0 Safari/537.36"
20.151.221.234 - - [30/Jul/2026:12:31:32 +0000] "GET /admin/index.php HTTP/1.1" 301 20 "-" "Mozilla/5.0 (Windows NT 10.0; Win64; x64) AppleWebKit/537.36 (KHTML, like Gecko) Chrome/120.0.0.0 Safari/537.36"
20.151.221.234 - - [30/Jul/2026:12:31:32 +0000] "GET /storage/rip.php HTTP/1.1" 404 12576 "-" "Mozilla/5.0 (Windows NT 10.0; Win64; x64) AppleWebKit/537.36 (KHTML, like Gecko) Chrome/120.0.0.0 Safari/537.36"
20.151.221.234 - - [30/Jul/2026:12:31:33 +0000] "GET /ahax.php HTTP/1.1" 404 12571 "-" "Mozilla/5.0 (Windows NT 10.0; Win64; x64) AppleWebKit/537.36 (KHTML, like Gecko) Chrome/120.0.0.0 Safari/537.36"
20.151.221.234 - - [30/Jul/2026:12:31:33 +0000] "GET /zoom1.php HTTP/1.1" 404 12571 "-" "Mozilla/5.0 (Windows NT 10.0; Win64; x64) AppleWebKit/537.36 (KHTML, like Gecko) Chrome/120.0.0.0 Safari/537.36"
20.151.221.234 - - [30/Jul/2026:12:31:34 +0000] "GET /txets.php HTTP/1.1" 404 12571 "-" "Mozilla/5.0 (Windows NT 10.0; Win64; x64) AppleWebKit/537.36 (KHTML, like Gecko) Chrome/120.0.0.0 Safari/537.36"
20.151.221.234 - - [30/Jul/2026:12:31:34 +0000] "GET /wp-admin/network/ HTTP/1.1" 302 20 "-" "Mozilla/5.0 (Windows NT 10.0; Win64; x64) AppleWebKit/537.36 (KHTML, like Gecko) Chrome/120.0.0.0 Safari/537.36"
20.151.221.234 - - [30/Jul/2026:12:31:34 +0000] "GET /wp-admin/css/colors/midnight/ HTTP/1.1" 404 12617 "-" "Mozilla/5.0 (Windows NT 10.0; Win64; x64) AppleWebKit/537.36 (KHTML, like Gecko) Chrome/120.0.0.0 Safari/537.36"
20.151.221.234 - - [30/Jul/2026:12:31:35 +0000] "GET /wp-content/themes/about.php HTTP/1.1" 404 12611 "-" "Mozilla/5.0 (Windows NT 10.0; Win64; x64) AppleWebKit/537.36 (KHTML, like Gecko) Chrome/120.0.0.0 Safari/537.36"
20.151.221.234 - - [30/Jul/2026:12:31:36 +0000] "GET /wp-includes/assets/index.php HTTP/1.1" 301 20 "-" "Mozilla/5.0 (Windows NT 10.0; Win64; x64) AppleWebKit/537.36 (KHTML, like Gecko) Chrome/120.0.0.0 Safari/537.36"
20.151.221.234 - - [30/Jul/2026:12:31:36 +0000] "GET /wp-admin/index.php HTTP/1.1" 302 20 "-" "Mozilla/5.0 (Windows NT 10.0; Win64; x64) AppleWebKit/537.36 (KHTML, like Gecko) Chrome/120.0.0.0 Safari/537.36"
20.151.221.234 - - [30/Jul/2026:12:31:36 +0000] "GET /radio.php HTTP/1.1" 404 12570 "-" "Mozilla/5.0 (Windows NT 10.0; Win64; x64) AppleWebKit/537.36 (KHTML, like Gecko) Chrome/120.0.0.0 Safari/537.36"
20.151.221.234 - - [30/Jul/2026:12:31:37 +0000] "GET /item.php HTTP/1.1" 404 12570 "-" "Mozilla/5.0 (Windows NT 10.0; Win64; x64) AppleWebKit/537.36 (KHTML, like Gecko) Chrome/120.0.0.0 Safari/537.36"
20.151.221.234 - - [30/Jul/2026:12:31:38 +0000] "GET /t.php HTTP/1.1" 404 12568 "-" "Mozilla/5.0 (Windows NT 10.0; Win64; x64) AppleWebKit/537.36 (KHTML, like Gecko) Chrome/120.0.0.0 Safari/537.36"
20.151.221.234 - - [30/Jul/2026:12:31:38 +0000] "GET /i.php HTTP/1.1" 404 12568 "-" "Mozilla/5.0 (Windows NT 10.0; Win64; x64) AppleWebKit/537.36 (KHTML, like Gecko) Chrome/120.0.0.0 Safari/537.36"
74.7.241.26 - - [30/Jul/2026:12:31:38 +0000] "GET /admin.php?dir=CwusrCwlibCwdracutCwmodulesFwdCw45url-lib HTTP/1.1" 200 3295 "https://hondasaudi.com/admin.php?dir=CwusrCwlibCwdracutCwmodulesFwd" "Mozilla/5.0 AppleWebKit/537.36 (KHTML, like Gecko; compatible; GPTBot/1.4; +https://openai.com/gptbot)"
20.151.221.234 - - [30/Jul/2026:12:31:39 +0000] "GET /deepseek_d.php HTTP/1.1" 404 12574 "-" "Mozilla/5.0 (Windows NT 10.0; Win64; x64) AppleWebKit/537.36 (KHTML, like Gecko) Chrome/120.0.0.0 Safari/537.36"
20.151.221.234 - - [30/Jul/2026:12:31:39 +0000] "GET /wp-includes/fonts/ HTTP/1.1" 404 12566 "-" "Mozilla/5.0 (Windows NT 10.0; Win64; x64) AppleWebKit/537.36 (KHTML, like Gecko) Chrome/120.0.0.0 Safari/537.36"
20.151.221.234 - - [30/Jul/2026:12:31:40 +0000] "GET /.well-known/acme-challenge/file.php HTTP/1.1" 404 12630 "-" "Mozilla/5.0 (Windows NT 10.0; Win64; x64) AppleWebKit/537.36 (KHTML, like Gecko) Chrome/120.0.0.0 Safari/537.36"
20.151.221.234 - - [30/Jul/2026:12:31:40 +0000] "GET /wp-admin/css/ HTTP/1.1" 404 12569 "-" "Mozilla/5.0 (Windows NT 10.0; Win64; x64) AppleWebKit/537.36 (KHTML, like Gecko) Chrome/120.0.0.0 Safari/537.36"
20.151.221.234 - - [30/Jul/2026:12:31:41 +0000] "GET /wp-content/themes/pridmag/il.php HTTP/1.1" 404 12615 "-" "Mozilla/5.0 (Windows NT 10.0; Win64; x64) AppleWebKit/537.36 (KHTML, like Gecko) Chrome/120.0.0.0 Safari/537.36"
20.151.221.234 - - [30/Jul/2026:12:31:41 +0000] "GET /assets/images/doc.php HTTP/1.1" 404 12617 "-" "Mozilla/5.0 (Windows NT 10.0; Win64; x64) AppleWebKit/537.36 (KHTML, like Gecko) Chrome/120.0.0.0 Safari/537.36"
20.151.221.234 - - [30/Jul/2026:12:31:42 +0000] "GET /bgymj.php HTTP/1.1" 404 12572 "-" "Mozilla/5.0 (Windows NT 10.0; Win64; x64) AppleWebKit/537.36 (KHTML, like Gecko) Chrome/120.0.0.0 Safari/537.36"
20.151.221.234 - - [30/Jul/2026:12:31:42 +0000] "GET /modules/mod_footer/tmpl/index.php HTTP/1.1" 301 20 "-" "Mozilla/5.0 (Windows NT 10.0; Win64; x64) AppleWebKit/537.36 (KHTML, like Gecko) Chrome/120.0.0.0 Safari/537.36"
20.151.221.234 - - [30/Jul/2026:12:31:43 +0000] "GET /images/ HTTP/1.1" 404 12568 "-" "Mozilla/5.0 (Windows NT 10.0; Win64; x64) AppleWebKit/537.36 (KHTML, like Gecko) Chrome/120.0.0.0 Safari/537.36"
20.151.221.234 - - [30/Jul/2026:12:31:43 +0000] "GET /wp-load.php HTTP/1.1" 200 20 "-" "Mozilla/5.0 (Windows NT 10.0; Win64; x64) AppleWebKit/537.36 (KHTML, like Gecko) Chrome/120.0.0.0 Safari/537.36"
20.151.221.234 - - [30/Jul/2026:12:31:44 +0000] "GET /wp-includes/Text/Diff/Engine/ HTTP/1.1" 404 12617 "-" "Mozilla/5.0 (Windows NT 10.0; Win64; x64) AppleWebKit/537.36 (KHTML, like Gecko) Chrome/120.0.0.0 Safari/537.36"
20.151.221.234 - - [30/Jul/2026:12:31:44 +0000] "GET /a.php HTTP/1.1" 404 12568 "-" "Mozilla/5.0 (Windows NT 10.0; Win64; x64) AppleWebKit/537.36 (KHTML, like Gecko) Chrome/120.0.0.0 Safari/537.36"
20.151.221.234 - - [30/Jul/2026:12:31:45 +0000] "GET /u.php HTTP/1.1" 404 12568 "-" "Mozilla/5.0 (Windows NT 10.0; Win64; x64) AppleWebKit/537.36 (KHTML, like Gecko) Chrome/120.0.0.0 Safari/537.36"
20.151.221.234 - - [30/Jul/2026:12:31:45 +0000] "GET /r.php HTTP/1.1" 404 12568 "-" "Mozilla/5.0 (Windows NT 10.0; Win64; x64) AppleWebKit/537.36 (KHTML, like Gecko) Chrome/120.0.0.0 Safari/537.36"
20.151.221.234 - - [30/Jul/2026:12:31:46 +0000] "GET /wp-blog.php HTTP/1.1" 404 12568 "-" "Mozilla/5.0 (Windows NT 10.0; Win64; x64) AppleWebKit/537.36 (KHTML, like Gecko) Chrome/120.0.0.0 Safari/537.36"
20.151.221.234 - - [30/Jul/2026:12:31:46 +0000] "GET /xxx.php HTTP/1.1" 404 12570 "-" "Mozilla/5.0 (Windows NT 10.0; Win64; x64) AppleWebKit/537.36 (KHTML, like Gecko) Chrome/120.0.0.0 Safari/537.36"
20.151.221.234 - - [30/Jul/2026:12:31:47 +0000] "GET /randkeyword.PhP7 HTTP/1.1" 404 12578 "-" "Mozilla/5.0 (Windows NT 10.0; Win64; x64) AppleWebKit/537.36 (KHTML, like Gecko) Chrome/120.0.0.0 Safari/537.36"
20.151.221.234 - - [30/Jul/2026:12:31:47 +0000] "GET /vendor/ HTTP/1.1" 404 12570 "-" "Mozilla/5.0 (Windows NT 10.0; Win64; x64) AppleWebKit/537.36 (KHTML, like Gecko) Chrome/120.0.0.0 Safari/537.36"
20.151.221.234 - - [30/Jul/2026:12:31:48 +0000] "GET /tool.php HTTP/1.1" 404 12570 "-" "Mozilla/5.0 (Windows NT 10.0; Win64; x64) AppleWebKit/537.36 (KHTML, like Gecko) Chrome/120.0.0.0 Safari/537.36"
20.151.221.234 - - [30/Jul/2026:12:31:48 +0000] "GET /wp-content.php HTTP/1.1" 404 12565 "-" "Mozilla/5.0 (Windows NT 10.0; Win64; x64) AppleWebKit/537.36 (KHTML, like Gecko) Chrome/120.0.0.0 Safari/537.36"
20.151.221.234 - - [30/Jul/2026:12:31:49 +0000] "GET /k.php HTTP/1.1" 404 12568 "-" "Mozilla/5.0 (Windows NT 10.0; Win64; x64) AppleWebKit/537.36 (KHTML, like Gecko) Chrome/120.0.0.0 Safari/537.36"
20.151.221.234 - - [30/Jul/2026:12:31:49 +0000] "GET /root.php HTTP/1.1" 404 12570 "-" "Mozilla/5.0 (Windows NT 10.0; Win64; x64) AppleWebKit/537.36 (KHTML, like Gecko) Chrome/120.0.0.0 Safari/537.36"
20.151.221.234 - - [30/Jul/2026:12:31:50 +0000] "GET /ws.php HTTP/1.1" 404 12569 "-" "Mozilla/5.0 (Windows NT 10.0; Win64; x64) AppleWebKit/537.36 (KHTML, like Gecko) Chrome/120.0.0.0 Safari/537.36"
20.151.221.234 - - [30/Jul/2026:12:31:50 +0000] "GET /p.php HTTP/1.1" 404 12568 "-" "Mozilla/5.0 (Windows NT 10.0; Win64; x64) AppleWebKit/537.36 (KHTML, like Gecko) Chrome/120.0.0.0 Safari/537.36"
20.151.221.234 - - [30/Jul/2026:12:31:51 +0000] "GET /elp.php HTTP/1.1" 404 12569 "-" "Mozilla/5.0 (Windows NT 10.0; Win64; x64) AppleWebKit/537.36 (KHTML, like Gecko) Chrome/120.0.0.0 Safari/537.36"
20.151.221.234 - - [30/Jul/2026:12:31:51 +0000] "GET /a1.php HTTP/1.1" 404 12569 "-" "Mozilla/5.0 (Windows NT 10.0; Win64; x64) AppleWebKit/537.36 (KHTML, like Gecko) Chrome/120.0.0.0 Safari/537.36"
20.151.221.234 - - [30/Jul/2026:12:31:52 +0000] "GET /wp-includes/Text/index.php HTTP/1.1" 301 20 "-" "Mozilla/5.0 (Windows NT 10.0; Win64; x64) AppleWebKit/537.36 (KHTML, like Gecko) Chrome/120.0.0.0 Safari/537.36"
20.151.221.234 - - [30/Jul/2026:12:31:52 +0000] "GET /alfa-rex.php7 HTTP/1.1" 403 5168 "-" "Mozilla/5.0 (Windows NT 10.0; Win64; x64) AppleWebKit/537.36 (KHTML, like Gecko) Chrome/120.0.0.0 Safari/537.36"
20.151.221.234 - - [30/Jul/2026:12:31:53 +0000] "GET /wp-admin/css/admin.php HTTP/1.1" 404 12613 "-" "Mozilla/5.0 (Windows NT 10.0; Win64; x64) AppleWebKit/537.36 (KHTML, like Gecko) Chrome/120.0.0.0 Safari/537.36"
20.151.221.234 - - [30/Jul/2026:12:31:53 +0000] "GET /install.php HTTP/1.1" 404 12572 "-" "Mozilla/5.0 (Windows NT 10.0; Win64; x64) AppleWebKit/537.36 (KHTML, like Gecko) Chrome/120.0.0.0 Safari/537.36"
20.151.221.234 - - [30/Jul/2026:12:31:54 +0000] "GET /wp-includes/fonts/index.php HTTP/1.1" 301 20 "-" "Mozilla/5.0 (Windows NT 10.0; Win64; x64) AppleWebKit/537.36 (KHTML, like Gecko) Chrome/120.0.0.0 Safari/537.36"
20.151.221.234 - - [30/Jul/2026:12:31:54 +0000] "GET /upload.php HTTP/1.1" 404 12570 "-" "Mozilla/5.0 (Windows NT 10.0; Win64; x64) AppleWebKit/537.36 (KHTML, like Gecko) Chrome/120.0.0.0 Safari/537.36"
20.151.221.234 - - [30/Jul/2026:12:31:55 +0000] "GET /wp-includes/ID3/ HTTP/1.1" 404 12566 "-" "Mozilla/5.0 (Windows NT 10.0; Win64; x64) AppleWebKit/537.36 (KHTML, like Gecko) Chrome/120.0.0.0 Safari/537.36"
20.151.221.234 - - [30/Jul/2026:12:31:55 +0000] "GET /wp-includes/Text/Diff/ HTTP/1.1" 404 12611 "-" "Mozilla/5.0 (Windows NT 10.0; Win64; x64) AppleWebKit/537.36 (KHTML, like Gecko) Chrome/120.0.0.0 Safari/537.36"
20.151.221.234 - - [30/Jul/2026:12:31:56 +0000] "GET /wp-content/file.php HTTP/1.1" 404 12568 "-" "Mozilla/5.0 (Windows NT 10.0; Win64; x64) AppleWebKit/537.36 (KHTML, like Gecko) Chrome/120.0.0.0 Safari/537.36"
20.151.221.234 - - [30/Jul/2026:12:31:56 +0000] "GET /files.php HTTP/1.1" 404 12571 "-" "Mozilla/5.0 (Windows NT 10.0; Win64; x64) AppleWebKit/537.36 (KHTML, like Gecko) Chrome/120.0.0.0 Safari/537.36"
20.151.221.234 - - [30/Jul/2026:12:31:57 +0000] "GET /o.php HTTP/1.1" 404 12568 "-" "Mozilla/5.0 (Windows NT 10.0; Win64; x64) AppleWebKit/537.36 (KHTML, like Gecko) Chrome/120.0.0.0 Safari/537.36"
20.151.221.234 - - [30/Jul/2026:12:31:57 +0000] "GET /file2.php HTTP/1.1" 404 12571 "-" "Mozilla/5.0 (Windows NT 10.0; Win64; x64) AppleWebKit/537.36 (KHTML, like Gecko) Chrome/120.0.0.0 Safari/537.36"
20.151.221.234 - - [30/Jul/2026:12:31:58 +0000] "GET /.well-known/gecko-litespeed.php HTTP/1.1" 403 5168 "-" "Mozilla/5.0 (Windows NT 10.0; Win64; x64) AppleWebKit/537.36 (KHTML, like Gecko) Chrome/120.0.0.0 Safari/537.36"
20.151.221.234 - - [30/Jul/2026:12:31:58 +0000] "GET /xda.php HTTP/1.1" 404 12570 "-" "Mozilla/5.0 (Windows NT 10.0; Win64; x64) AppleWebKit/537.36 (KHTML, like Gecko) Chrome/120.0.0.0 Safari/537.36"
20.151.221.234 - - [30/Jul/2026:12:31:58 +0000] "GET /theme.php HTTP/1.1" 404 12569 "-" "Mozilla/5.0 (Windows NT 10.0; Win64; x64) AppleWebKit/537.36 (KHTML, like Gecko) Chrome/120.0.0.0 Safari/537.36"
20.151.221.234 - - [30/Jul/2026:12:31:59 +0000] "GET //classwithtostring.php HTTP/1.1" 301 20 "-" "Mozilla/5.0 (Windows NT 10.0; Win64; x64) AppleWebKit/537.36 (KHTML, like Gecko) Chrome/120.0.0.0 Safari/537.36"
74.7.241.26 - - [30/Jul/2026:12:31:59 +0000] "GET /admin.php?dir=CwusrCwlibCwdracutCwmodulesFwdCw99fs-lib HTTP/1.1" 200 3297 "https://hondasaudi.com/admin.php?dir=CwusrCwlibCwdracutCwmodulesFwd" "Mozilla/5.0 AppleWebKit/537.36 (KHTML, like Gecko; compatible; GPTBot/1.4; +https://openai.com/gptbot)"
20.151.221.234 - - [30/Jul/2026:12:31:59 +0000] "GET /news.php HTTP/1.1" 404 12570 "-" "Mozilla/5.0 (Windows NT 10.0; Win64; x64) AppleWebKit/537.36 (KHTML, like Gecko) Chrome/120.0.0.0 Safari/537.36"
20.151.221.234 - - [30/Jul/2026:12:32:00 +0000] "GET /about/function.php HTTP/1.1" 404 12576 "-" "Mozilla/5.0 (Windows NT 10.0; Win64; x64) AppleWebKit/537.36 (KHTML, like Gecko) Chrome/120.0.0.0 Safari/537.36"
20.151.221.234 - - [30/Jul/2026:12:32:00 +0000] "GET /wp-admin/user/ HTTP/1.1" 302 20 "-" "Mozilla/5.0 (Windows NT 10.0; Win64; x64) AppleWebKit/537.36 (KHTML, like Gecko) Chrome/120.0.0.0 Safari/537.36"
20.151.221.234 - - [30/Jul/2026:12:32:01 +0000] "GET /wp-includes/admin.php HTTP/1.1" 404 12568 "-" "Mozilla/5.0 (Windows NT 10.0; Win64; x64) AppleWebKit/537.36 (KHTML, like Gecko) Chrome/120.0.0.0 Safari/537.36"
20.151.221.234 - - [30/Jul/2026:12:32:01 +0000] "GET /wp-includes/images/media/ HTTP/1.1" 404 12610 "-" "Mozilla/5.0 (Windows NT 10.0; Win64; x64) AppleWebKit/537.36 (KHTML, like Gecko) Chrome/120.0.0.0 Safari/537.36"
20.151.221.234 - - [30/Jul/2026:12:32:02 +0000] "GET /lock360.php HTTP/1.1" 403 5168 "-" "Mozilla/5.0 (Windows NT 10.0; Win64; x64) AppleWebKit/537.36 (KHTML, like Gecko) Chrome/120.0.0.0 Safari/537.36"
20.151.221.234 - - [30/Jul/2026:12:32:02 +0000] "GET /wp-conflg.php HTTP/1.1" 404 12570 "-" "Mozilla/5.0 (Windows NT 10.0; Win64; x64) AppleWebKit/537.36 (KHTML, like Gecko) Chrome/120.0.0.0 Safari/537.36"
20.151.221.234 - - [30/Jul/2026:12:32:03 +0000] "GET /123.php HTTP/1.1" 404 12570 "-" "Mozilla/5.0 (Windows NT 10.0; Win64; x64) AppleWebKit/537.36 (KHTML, like Gecko) Chrome/120.0.0.0 Safari/537.36"
20.151.221.234 - - [30/Jul/2026:12:32:03 +0000] "GET /yanz.php HTTP/1.1" 404 12570 "-" "Mozilla/5.0 (Windows NT 10.0; Win64; x64) AppleWebKit/537.36 (KHTML, like Gecko) Chrome/120.0.0.0 Safari/537.36"
20.151.221.234 - - [30/Jul/2026:12:32:04 +0000] "GET /autoload_classmap.php HTTP/1.1" 403 5168 "-" "Mozilla/5.0 (Windows NT 10.0; Win64; x64) AppleWebKit/537.36 (KHTML, like Gecko) Chrome/120.0.0.0 Safari/537.36"
20.151.221.234 - - [30/Jul/2026:12:32:04 +0000] "GET /bi.php HTTP/1.1" 404 12569 "-" "Mozilla/5.0 (Windows NT 10.0; Win64; x64) AppleWebKit/537.36 (KHTML, like Gecko) Chrome/120.0.0.0 Safari/537.36"
20.151.221.234 - - [30/Jul/2026:12:32:04 +0000] "GET /cc.php HTTP/1.1" 404 12568 "-" "Mozilla/5.0 (Windows NT 10.0; Win64; x64) AppleWebKit/537.36 (KHTML, like Gecko) Chrome/120.0.0.0 Safari/537.36"
20.151.221.234 - - [30/Jul/2026:12:32:05 +0000] "GET /files/index.php HTTP/1.1" 301 20 "-" "Mozilla/5.0 (Windows NT 10.0; Win64; x64) AppleWebKit/537.36 (KHTML, like Gecko) Chrome/120.0.0.0 Safari/537.36"
20.151.221.234 - - [30/Jul/2026:12:32:05 +0000] "GET /1.php7 HTTP/1.1" 404 12569 "-" "Mozilla/5.0 (Windows NT 10.0; Win64; x64) AppleWebKit/537.36 (KHTML, like Gecko) Chrome/120.0.0.0 Safari/537.36"
20.151.221.234 - - [30/Jul/2026:12:32:06 +0000] "GET /disagraeosc.php HTTP/1.1" 404 12575 "-" "Mozilla/5.0 (Windows NT 10.0; Win64; x64) AppleWebKit/537.36 (KHTML, like Gecko) Chrome/120.0.0.0 Safari/537.36"
20.151.221.234 - - [30/Jul/2026:12:32:06 +0000] "GET /wp-logs.php HTTP/1.1" 404 12569 "-" "Mozilla/5.0 (Windows NT 10.0; Win64; x64) AppleWebKit/537.36 (KHTML, like Gecko) Chrome/120.0.0.0 Safari/537.36"
20.151.221.234 - - [30/Jul/2026:12:32:07 +0000] "GET /wp-admin/css/about.php HTTP/1.1" 404 12616 "-" "Mozilla/5.0 (Windows NT 10.0; Win64; x64) AppleWebKit/537.36 (KHTML, like Gecko) Chrome/120.0.0.0 Safari/537.36"
172.105.42.26 - - [30/Jul/2026:12:32:08 +0000] "POST /wp-cron.php?doing_wp_cron=1785414728.1383368968963623046875 HTTP/1.1" 200 20 "-" "WordPress/7.0.2; https://hondasaudi.com"
20.151.221.234 - - [30/Jul/2026:12:32:07 +0000] "GET /system_log.php HTTP/1.1" 404 12575 "-" "Mozilla/5.0 (Windows NT 10.0; Win64; x64) AppleWebKit/537.36 (KHTML, like Gecko) Chrome/120.0.0.0 Safari/537.36"
20.151.221.234 - - [30/Jul/2026:12:32:08 +0000] "GET /24.php HTTP/1.1" 404 12569 "-" "Mozilla/5.0 (Windows NT 10.0; Win64; x64) AppleWebKit/537.36 (KHTML, like Gecko) Chrome/120.0.0.0 Safari/537.36"
20.151.221.234 - - [30/Jul/2026:12:32:08 +0000] "GET /wp-admin/maint/ HTTP/1.1" 404 12572 "-" "Mozilla/5.0 (Windows NT 10.0; Win64; x64) AppleWebKit/537.36 (KHTML, like Gecko) Chrome/120.0.0.0 Safari/537.36"
20.151.221.234 - - [30/Jul/2026:12:32:09 +0000] "GET /wp-content/plugins/index.php HTTP/1.1" 200 20 "-" "Mozilla/5.0 (Windows NT 10.0; Win64; x64) AppleWebKit/537.36 (KHTML, like Gecko) Chrome/120.0.0.0 Safari/537.36"
20.151.221.234 - - [30/Jul/2026:12:32:09 +0000] "GET /admin/controller/extension/extension/ HTTP/1.1" 404 12618 "-" "Mozilla/5.0 (Windows NT 10.0; Win64; x64) AppleWebKit/537.36 (KHTML, like Gecko) Chrome/120.0.0.0 Safari/537.36"
20.151.221.234 - - [30/Jul/2026:12:32:10 +0000] "GET /wp-includes/css/dist/widgets/ HTTP/1.1" 404 12615 "-" "Mozilla/5.0 (Windows NT 10.0; Win64; x64) AppleWebKit/537.36 (KHTML, like Gecko) Chrome/120.0.0.0 Safari/537.36"
20.151.221.234 - - [30/Jul/2026:12:32:10 +0000] "GET /wp-admin/images/index.php HTTP/1.1" 301 20 "-" "Mozilla/5.0 (Windows NT 10.0; Win64; x64) AppleWebKit/537.36 (KHTML, like Gecko) Chrome/120.0.0.0 Safari/537.36"
20.151.221.234 - - [30/Jul/2026:12:32:11 +0000] "GET /num.php HTTP/1.1" 404 12570 "-" "Mozilla/5.0 (Windows NT 10.0; Win64; x64) AppleWebKit/537.36 (KHTML, like Gecko) Chrome/120.0.0.0 Safari/537.36"
20.151.221.234 - - [30/Jul/2026:12:32:11 +0000] "GET /wp-admin/css/colors/ocean/ HTTP/1.1" 404 12615 "-" "Mozilla/5.0 (Windows NT 10.0; Win64; x64) AppleWebKit/537.36 (KHTML, like Gecko) Chrome/120.0.0.0 Safari/537.36"
20.151.221.234 - - [30/Jul/2026:12:32:12 +0000] "GET /wp-content/et-cache/ HTTP/1.1" 404 12569 "-" "Mozilla/5.0 (Windows NT 10.0; Win64; x64) AppleWebKit/537.36 (KHTML, like Gecko) Chrome/120.0.0.0 Safari/537.36"
20.151.221.234 - - [30/Jul/2026:12:32:12 +0000] "GET /wp-content/upgrade/index.php HTTP/1.1" 301 20 "-" "Mozilla/5.0 (Windows NT 10.0; Win64; x64) AppleWebKit/537.36 (KHTML, like Gecko) Chrome/120.0.0.0 Safari/537.36"
20.151.221.234 - - [30/Jul/2026:12:32:13 +0000] "GET /wp-includes/SimplePie/index.php HTTP/1.1" 301 20 "-" "Mozilla/5.0 (Windows NT 10.0; Win64; x64) AppleWebKit/537.36 (KHTML, like Gecko) Chrome/120.0.0.0 Safari/537.36"
20.151.221.234 - - [30/Jul/2026:12:32:13 +0000] "GET /gifclass.php HTTP/1.1" 404 12573 "-" "Mozilla/5.0 (Windows NT 10.0; Win64; x64) AppleWebKit/537.36 (KHTML, like Gecko) Chrome/120.0.0.0 Safari/537.36"
20.151.221.234 - - [30/Jul/2026:12:32:14 +0000] "GET /wp-includes/certificates/ HTTP/1.1" 404 12571 "-" "Mozilla/5.0 (Windows NT 10.0; Win64; x64) AppleWebKit/537.36 (KHTML, like Gecko) Chrome/120.0.0.0 Safari/537.36"
20.151.221.234 - - [30/Jul/2026:12:32:14 +0000] "GET /wp-content/plugins/admin.php HTTP/1.1" 404 12615 "-" "Mozilla/5.0 (Windows NT 10.0; Win64; x64) AppleWebKit/537.36 (KHTML, like Gecko) Chrome/120.0.0.0 Safari/537.36"
20.151.221.234 - - [30/Jul/2026:12:32:15 +0000] "GET /css/index.php HTTP/1.1" 301 20 "-" "Mozilla/5.0 (Windows NT 10.0; Win64; x64) AppleWebKit/537.36 (KHTML, like Gecko) Chrome/120.0.0.0 Safari/537.36"
20.151.221.234 - - [30/Jul/2026:12:32:15 +0000] "GET /wp-cron.php HTTP/1.1" 200 20 "-" "Mozilla/5.0 (Windows NT 10.0; Win64; x64) AppleWebKit/537.36 (KHTML, like Gecko) Chrome/120.0.0.0 Safari/537.36"
172.105.42.26 - - [30/Jul/2026:12:32:16 +0000] "POST /wp-cron.php?doing_wp_cron=1785414736.0860500335693359375000 HTTP/1.1" 200 20 "-" "WordPress/7.0.2; https://hondasaudi.com"
20.151.221.234 - - [30/Jul/2026:12:32:15 +0000] "GET /wp-block.php HTTP/1.1" 404 12566 "-" "Mozilla/5.0 (Windows NT 10.0; Win64; x64) AppleWebKit/537.36 (KHTML, like Gecko) Chrome/120.0.0.0 Safari/537.36"
20.151.221.234 - - [30/Jul/2026:12:32:16 +0000] "GET /wp-includes/fonts/admin.php HTTP/1.1" 404 12611 "-" "Mozilla/5.0 (Windows NT 10.0; Win64; x64) AppleWebKit/537.36 (KHTML, like Gecko) Chrome/120.0.0.0 Safari/537.36"
20.151.221.234 - - [30/Jul/2026:12:32:16 +0000] "GET /wp-admin/css/colors/modern/ HTTP/1.1" 404 12617 "-" "Mozilla/5.0 (Windows NT 10.0; Win64; x64) AppleWebKit/537.36 (KHTML, like Gecko) Chrome/120.0.0.0 Safari/537.36"
114.119.140.50 - - [30/Jul/2026:12:32:17 +0000] "GET /odyssey/ HTTP/1.1" 200 16099 "https://hondasaudi.com/odyssey/" "Mozilla/5.0 (Linux; Android 7.0;) AppleWebKit/537.36 (HTML, like Gecko) Mobile Safari/537.36 (compatible; PetalBot;+https://webmaster.petalsearch.com/site/petalbot)"
74.7.241.26 - - [30/Jul/2026:12:32:20 +0000] "GET /admin.php?dir=CwusrCwlibCwdracutCwmodulesFwdCw91crypt-gpg HTTP/1.1" 200 3347 "https://hondasaudi.com/admin.php?dir=CwusrCwlibCwdracutCwmodulesFwd" "Mozilla/5.0 AppleWebKit/537.36 (KHTML, like Gecko; compatible; GPTBot/1.4; +https://openai.com/gptbot)"
74.7.241.26 - - [30/Jul/2026:12:32:41 +0000] "GET /admin.php?dir=CwusrCwlibCwdracutCwmodulesFwdCw95fcoe-uefi HTTP/1.1" 200 3291 "https://hondasaudi.com/admin.php?dir=CwusrCwlibCwdracutCwmodulesFwd" "Mozilla/5.0 AppleWebKit/537.36 (KHTML, like Gecko; compatible; GPTBot/1.4; +https://openai.com/gptbot)"
172.105.42.26 - - [30/Jul/2026:12:32:41 +0000] "POST /wp-cron.php?doing_wp_cron=1785414761.5059399604797363281250 HTTP/1.1" 200 20 "-" "WordPress/7.0.2; https://hondasaudi.com"
2.88.152.211 - - [30/Jul/2026:12:32:41 +0000] "GET / HTTP/1.1" 200 15687 "https://www.google.com/" "Mozilla/5.0 (iPhone; CPU iPhone OS 18_7 like Mac OS X) AppleWebKit/605.1.15 (KHTML, like Gecko) Version/26.5.2 Mobile/15E148 Safari/604.1"
2.88.152.211 - - [30/Jul/2026:12:32:49 +0000] "GET / HTTP/1.1" 200 15579 "https://hondasaudi.com/" "Mozilla/5.0 (iPhone; CPU iPhone OS 18_7 like Mac OS X) AppleWebKit/605.1.15 (KHTML, like Gecko) Version/26.5.2 Mobile/15E148 Safari/604.1"
2.88.152.211 - - [30/Jul/2026:12:32:58 +0000] "GET / HTTP/1.1" 200 15579 "https://hondasaudi.com/" "Mozilla/5.0 (iPhone; CPU iPhone OS 18_7 like Mac OS X) AppleWebKit/605.1.15 (KHTML, like Gecko) Version/26.5.2 Mobile/15E148 Safari/604.1"
2.88.152.211 - - [30/Jul/2026:12:33:00 +0000] "GET /honda-zrv/ HTTP/1.1" 200 16051 "https://hondasaudi.com/" "Mozilla/5.0 (iPhone; CPU iPhone OS 18_7 like Mac OS X) AppleWebKit/605.1.15 (KHTML, like Gecko) Version/26.5.2 Mobile/15E148 Safari/604.1"
2.88.152.211 - - [30/Jul/2026:12:33:02 +0000] "GET /wp-json/contact-form-7/v1/contact-forms/275185/feedback/schema HTTP/1.1" 200 1133 "https://hondasaudi.com/honda-zrv/" "Mozilla/5.0 (iPhone; CPU iPhone OS 18_7 like Mac OS X) AppleWebKit/605.1.15 (KHTML, like Gecko) Version/26.5.2 Mobile/15E148 Safari/604.1"
74.7.241.26 - - [30/Jul/2026:12:33:02 +0000] "GET /admin.php?dir=CwusrCwlibCwdracutCwmodulesFwdCw95fstab-sys HTTP/1.1" 200 3290 "https://hondasaudi.com/admin.php?dir=CwusrCwlibCwdracutCwmodulesFwd" "Mozilla/5.0 AppleWebKit/537.36 (KHTML, like Gecko; compatible; GPTBot/1.4; +https://openai.com/gptbot)"
172.105.42.26 - - [30/Jul/2026:12:33:24 +0000] "POST /wp-cron.php?doing_wp_cron=1785414804.9347429275512695312500 HTTP/1.1" 200 20 "-" "WordPress/7.0.2; https://hondasaudi.com"
74.7.241.26 - - [30/Jul/2026:12:33:24 +0000] "GET /admin.php?dir=CwusrCwlibCwdracutCwmodulesFwdCw95nfs&view=nfsroot-cleanup.sh HTTP/1.1" 200 402 "https://hondasaudi.com/admin.php?dir=CwusrCwlibCwdracutCwmodulesFwdCw95nfs" "Mozilla/5.0 AppleWebKit/537.36 (KHTML, like Gecko; compatible; GPTBot/1.4; +https://openai.com/gptbot)"
74.7.241.26 - - [30/Jul/2026:12:34:07 +0000] "GET /admin.php?dir=CwusrCwlibCwdracutCwmodulesFwdCw95ssh-client HTTP/1.1" 200 3224 "https://hondasaudi.com/admin.php?dir=CwusrCwlibCwdracutCwmodulesFwd" "Mozilla/5.0 AppleWebKit/537.36 (KHTML, like Gecko; compatible; GPTBot/1.4; +https://openai.com/gptbot)"
74.7.241.26 - - [30/Jul/2026:12:34:28 +0000] "GET /admin.php?dir=CwusrCwlibCwdracutCwmodulesFwdCw90qemu-net&view=module-setup.sh HTTP/1.1" 200 432 "https://hondasaudi.com/admin.php?dir=CwusrCwlibCwdracutCwmodulesFwdCw90qemu-net" "Mozilla/5.0 AppleWebKit/537.36 (KHTML, like Gecko; compatible; GPTBot/1.4; +https://openai.com/gptbot)"
172.105.42.26 - - [30/Jul/2026:12:34:45 +0000] "POST /wp-cron.php?doing_wp_cron=1785414884.6498479843139648437500 HTTP/1.1" 200 20 "-" "WordPress/7.0.2; https://hondasaudi.com"
74.7.241.26 - - [30/Jul/2026:12:34:48 +0000] "GET /admin.php?dir=CwusrCwlibCwdracutCwmodulesFwdCw90qemu-net&edit=module-setup.sh HTTP/1.1" 200 2859 "https://hondasaudi.com/admin.php?dir=CwusrCwlibCwdracutCwmodulesFwdCw90qemu-net" "Mozilla/5.0 AppleWebKit/537.36 (KHTML, like Gecko; compatible; GPTBot/1.4; +https://openai.com/gptbot)"
78.47.98.55 - - [30/Jul/2026:12:34:53 +0000] "HEAD / HTTP/1.1" 200 - "https://hondasaudi.com" "Mozilla/5.0+(compatible; UptimeRobot/2.0; http://www.uptimerobot.com/)"
176.16.150.112 - - [30/Jul/2026:12:34:55 +0000] "GET /wp-json/contact-form-7/v1/contact-forms/453560/feedback/schema HTTP/1.1" 200 1143 "https://hondasaudi.com/outlet/" "Mozilla/5.0 (iPhone; CPU iPhone OS 18_7 like Mac OS X) AppleWebKit/605.1.15 (KHTML, like Gecko) Version/26.5.2 Mobile/15E148 Safari/604.1"
74.7.241.26 - - [30/Jul/2026:12:35:09 +0000] "GET /admin.php?dir=CwusrCwlibCwdracutCwmodulesFwdCw90mdraid HTTP/1.1" 200 3914 "https://hondasaudi.com/admin.php?dir=CwusrCwlibCwdracutCwmodulesFwd" "Mozilla/5.0 AppleWebKit/537.36 (KHTML, like Gecko; compatible; GPTBot/1.4; +https://openai.com/gptbot)"
185.61.152.2 - - [30/Jul/2026:12:35:10 +0000] "POST /service_request/lead_gen_forms/autozone/ HTTP/1.1" 200 231 "-" "-"
185.61.152.2 - - [30/Jul/2026:12:35:14 +0000] "POST /service_request/lead_gen_forms/autozone/ HTTP/1.1" 200 118 "-" "-"
185.61.152.2 - - [30/Jul/2026:12:35:14 +0000] "POST /service_request/lead_gen_forms/autozone/ HTTP/1.1" 500 187 "-" "-"
74.7.241.26 - - [30/Jul/2026:12:35:31 +0000] "GET /admin.php?dir=CwusrCwlibCwdracutCwmodulesFwdCw05nss-softokn HTTP/1.1" 200 3223 "https://hondasaudi.com/admin.php?dir=CwusrCwlibCwdracutCwmodulesFwd" "Mozilla/5.0 AppleWebKit/537.36 (KHTML, like Gecko; compatible; GPTBot/1.4; +https://openai.com/gptbot)"
103.59.160.94 - - [30/Jul/2026:12:35:31 +0000] "GET /wp-content/plugins/updraftplus/readme.txt HTTP/1.1" 200 39237 "-" "Mozilla/5.0 (Windows NT 10.0; Win64; x64) AppleWebKit/537.36 (KHTML, like Gecko) Chrome/120.0.0.0 Safari/537.36"
172.105.42.26 - - [30/Jul/2026:12:35:44 +0000] "POST /wp-cron.php?doing_wp_cron=1785414944.5285370349884033203125 HTTP/1.1" 200 20 "-" "WordPress/7.0.2; https://hondasaudi.com"
2001:16a2:7884:fd00:7038:bf69:79b1:e92a - - [30/Jul/2026:12:35:44 +0000] "GET / HTTP/1.1" 200 15687 "https://www.google.com/" "Mozilla/5.0 (iPhone; CPU iPhone OS 26_5_0 like Mac OS X) AppleWebKit/605.1.15 (KHTML, like Gecko) CriOS/150.0.7871.113 Mobile/15E148 Safari/604.1"
2001:16a2:7884:fd00:7038:bf69:79b1:e92a - - [30/Jul/2026:12:35:47 +0000] "GET / HTTP/1.1" 200 15687 "https://www.google.com/" "Mozilla/5.0 (iPhone; CPU iPhone OS 26_5_0 like Mac OS X) AppleWebKit/605.1.15 (KHTML, like Gecko) CriOS/150.0.7871.113 Mobile/15E148 Safari/604.1"
74.7.241.26 - - [30/Jul/2026:12:35:52 +0000] "GET /admin.php?dir=CwusrCwlibCwdracutCwmodulesFwdCw91crypt-loop HTTP/1.1" 200 3294 "https://hondasaudi.com/admin.php?dir=CwusrCwlibCwdracutCwmodulesFwd" "Mozilla/5.0 AppleWebKit/537.36 (KHTML, like Gecko; compatible; GPTBot/1.4; +https://openai.com/gptbot)"
74.7.241.26 - - [30/Jul/2026:12:36:14 +0000] "GET /admin.php?dir=CwusrCwlibCwdracutCwmodulesFwdCw91crypt-gpg&view=README HTTP/1.1" 200 1220 "https://hondasaudi.com/admin.php?dir=CwusrCwlibCwdracutCwmodulesFwdCw91crypt-gpg" "Mozilla/5.0 AppleWebKit/537.36 (KHTML, like Gecko; compatible; GPTBot/1.4; +https://openai.com/gptbot)"
2001:df1:e8c0::1002 - - [30/Jul/2026:12:36:16 +0000] "POST / HTTP/1.1" 403 6634 "-" "Mozilla/5.0 (Windows NT 10.0; Win64; x64) AppleWebKit/537.36 (KHTML, like Gecko) Chrome/120.0.0.0 Safari/537.36"
2001:df1:e8c0::1002 - - [30/Jul/2026:12:36:16 +0000] "POST / HTTP/1.1" 403 6634 "-" "Mozilla/5.0 (Windows NT 10.0; Win64; x64) AppleWebKit/537.36 (KHTML, like Gecko) Chrome/120.0.0.0 Safari/537.36"
2001:df1:e8c0::1002 - - [30/Jul/2026:12:36:16 +0000] "POST / HTTP/1.1" 403 6634 "-" "Mozilla/5.0 (Windows NT 10.0; Win64; x64) AppleWebKit/537.36 (KHTML, like Gecko) Chrome/120.0.0.0 Safari/537.36"
2001:df1:e8c0::1002 - - [30/Jul/2026:12:36:16 +0000] "POST / HTTP/1.1" 403 6634 "-" "Mozilla/5.0 (Windows NT 10.0; Win64; x64) AppleWebKit/537.36 (KHTML, like Gecko) Chrome/120.0.0.0 Safari/537.36"
2001:df1:e8c0::1002 - - [30/Jul/2026:12:36:16 +0000] "POST / HTTP/1.1" 403 6634 "-" "Mozilla/5.0 (Windows NT 10.0; Win64; x64) AppleWebKit/537.36 (KHTML, like Gecko) Chrome/120.0.0.0 Safari/537.36"
2001:df1:e8c0::1002 - - [30/Jul/2026:12:36:16 +0000] "POST / HTTP/1.1" 403 6634 "-" "Mozilla/5.0 (Windows NT 10.0; Win64; x64) AppleWebKit/537.36 (KHTML, like Gecko) Chrome/120.0.0.0 Safari/537.36"
172.105.42.26 - - [30/Jul/2026:12:36:33 +0000] "POST /wp-cron.php?doing_wp_cron=1785414993.3021600246429443359375 HTTP/1.1" 200 20 "-" "WordPress/7.0.2; https://hondasaudi.com"
172.105.42.26 - - [30/Jul/2026:12:36:33 +0000] "POST /?wordfence_syncAttackData=1785414993.0816 HTTP/1.1" 200 20 "-" "WordPress/7.0.2; https://hondasaudi.com"
20.169.78.122 - - [30/Jul/2026:12:36:32 +0000] "GET / HTTP/1.1" 200 15688 "-" "Mozilla/5.0 AppleWebKit/537.36 (KHTML, like Gecko); compatible; ChatGPT-User/1.0; +https://openai.com/bot"
74.7.241.26 - - [30/Jul/2026:12:36:35 +0000] "GET /admin.php?dir=CwusrCwlibCwdracutCwmodulesFwdCw95nfs&view=module-setup.sh HTTP/1.1" 200 1676 "https://hondasaudi.com/admin.php?dir=CwusrCwlibCwdracutCwmodulesFwdCw95nfs" "Mozilla/5.0 AppleWebKit/537.36 (KHTML, like Gecko; compatible; GPTBot/1.4; +https://openai.com/gptbot)"
103.59.160.94 - - [30/Jul/2026:12:36:41 +0000] "POST / HTTP/1.1" 403 6634 "-" "Mozilla/5.0 (Windows NT 10.0; Win64; x64) AppleWebKit/537.36 (KHTML, like Gecko) Chrome/120.0.0.0 Safari/537.36"
103.59.160.94 - - [30/Jul/2026:12:36:41 +0000] "POST / HTTP/1.1" 403 6634 "-" "Mozilla/5.0 (Windows NT 10.0; Win64; x64) AppleWebKit/537.36 (KHTML, like Gecko) Chrome/120.0.0.0 Safari/537.36"
103.59.160.94 - - [30/Jul/2026:12:36:41 +0000] "POST / HTTP/1.1" 403 6634 "-" "Mozilla/5.0 (Windows NT 10.0; Win64; x64) AppleWebKit/537.36 (KHTML, like Gecko) Chrome/120.0.0.0 Safari/537.36"
103.59.160.94 - - [30/Jul/2026:12:36:41 +0000] "POST / HTTP/1.1" 403 6634 "-" "Mozilla/5.0 (Windows NT 10.0; Win64; x64) AppleWebKit/537.36 (KHTML, like Gecko) Chrome/120.0.0.0 Safari/537.36"
103.59.160.94 - - [30/Jul/2026:12:36:42 +0000] "POST / HTTP/1.1" 403 6634 "-" "Mozilla/5.0 (Windows NT 10.0; Win64; x64) AppleWebKit/537.36 (KHTML, like Gecko) Chrome/120.0.0.0 Safari/537.36"
172.105.42.26 - - [30/Jul/2026:12:37:01 +0000] "POST /?wordfence_syncAttackData=1785415021.858 HTTP/1.1" 200 12951 "-" "WordPress/7.0.2; https://hondasaudi.com"
172.105.42.26 - - [30/Jul/2026:12:37:01 +0000] "POST /?wordfence_syncAttackData=1785415021.8635 HTTP/1.1" 200 12951 "-" "WordPress/7.0.2; https://hondasaudi.com"
172.105.42.26 - - [30/Jul/2026:12:37:01 +0000] "POST /?wordfence_syncAttackData=1785415021.8467 HTTP/1.1" 200 20 "-" "WordPress/7.0.2; https://hondasaudi.com"
172.105.42.26 - - [30/Jul/2026:12:37:01 +0000] "POST /?wordfence_syncAttackData=1785415021.8586 HTTP/1.1" 200 12949 "-" "WordPress/7.0.2; https://hondasaudi.com"
2001:ac8:31:3152:14cc:849d:f6ea:c - - [30/Jul/2026:12:37:01 +0000] "GET /apple-touch-icon-precomposed.png HTTP/1.1" 404 12581 "-" "NetworkingExtension/8624.2.5.10.8 Network/5812.122.1 iOS/26.5.2"
2001:ac8:31:3152:14cc:849d:f6ea:c - - [30/Jul/2026:12:37:01 +0000] "GET /apple-touch-icon.png HTTP/1.1" 404 12574 "-" "NetworkingExtension/8624.2.5.10.8 Network/5812.122.1 iOS/26.5.2"
2001:ac8:31:3152:14cc:849d:f6ea:c - - [30/Jul/2026:12:37:01 +0000] "GET /favicon.ico HTTP/1.1" 302 20 "-" "NetworkingExtension/8624.2.5.10.8 Network/5812.122.1 iOS/26.5.2"
2001:ac8:31:3152:14cc:849d:f6ea:c - - [30/Jul/2026:12:37:01 +0000] "GET /?utm_source=Snapchat&utm_medium=Paid_Traffic&utm_campaign=HS-RAMADAN-V1&utm_id=HS-0003-004&ScCid=515e41e9-67c8-4779-be90-1066f369c328 HTTP/1.1" 200 15791 "-" "Mozilla/5.0 (Macintosh; Intel Mac OS X 10_11_1) AppleWebKit/601.2.4 (KHTML, like Gecko) Version/9.0.1 Safari/601.2.4 facebookexternalhit/1.1 Facebot Twitterbot/1.0"
74.7.241.26 - - [30/Jul/2026:12:37:16 +0000] "GET /admin.php?dir=CwusrCwlibCwdracutCwmodulesFwdCw90qemu&view=module-setup.sh HTTP/1.1" 200 495 "https://hondasaudi.com/admin.php?dir=CwusrCwlibCwdracutCwmodulesFwdCw90qemu" "Mozilla/5.0 AppleWebKit/537.36 (KHTML, like Gecko; compatible; GPTBot/1.4; +https://openai.com/gptbot)"
103.59.160.94 - - [30/Jul/2026:12:37:27 +0000] "POST / HTTP/1.1" 403 6634 "-" "Mozilla/5.0 (Windows NT 10.0; Win64; x64) AppleWebKit/537.36 (KHTML, like Gecko) Chrome/120.0.0.0 Safari/537.36"
103.59.160.94 - - [30/Jul/2026:12:37:27 +0000] "POST / HTTP/1.1" 403 6634 "-" "Mozilla/5.0 (Windows NT 10.0; Win64; x64) AppleWebKit/537.36 (KHTML, like Gecko) Chrome/120.0.0.0 Safari/537.36"
103.59.160.94 - - [30/Jul/2026:12:37:27 +0000] "POST / HTTP/1.1" 403 6634 "-" "Mozilla/5.0 (Windows NT 10.0; Win64; x64) AppleWebKit/537.36 (KHTML, like Gecko) Chrome/120.0.0.0 Safari/537.36"
103.59.160.94 - - [30/Jul/2026:12:37:27 +0000] "POST / HTTP/1.1" 403 6634 "-" "Mozilla/5.0 (Windows NT 10.0; Win64; x64) AppleWebKit/537.36 (KHTML, like Gecko) Chrome/120.0.0.0 Safari/537.36"
103.59.160.94 - - [30/Jul/2026:12:37:32 +0000] "POST / HTTP/1.1" 403 6634 "-" "Mozilla/5.0 (Windows NT 10.0; Win64; x64) AppleWebKit/537.36 (KHTML, like Gecko) Chrome/120.0.0.0 Safari/537.36"
2001:df1:e8c0::1002 - - [30/Jul/2026:12:37:35 +0000] "POST / HTTP/1.1" 403 6634 "-" "Mozilla/5.0 (Windows NT 10.0; Win64; x64) AppleWebKit/537.36 (KHTML, like Gecko) Chrome/120.0.0.0 Safari/537.36"
74.7.241.26 - - [30/Jul/2026:12:37:37 +0000] "GET /admin.php?dir=CwusrCwlibCwdracutCwmodulesFwdCw90lvm&view=module-setup.sh HTTP/1.1" 200 1704 "https://hondasaudi.com/admin.php?dir=CwusrCwlibCwdracutCwmodulesFwdCw90lvm" "Mozilla/5.0 AppleWebKit/537.36 (KHTML, like Gecko; compatible; GPTBot/1.4; +https://openai.com/gptbot)"
2001:df1:e8c0::1002 - - [30/Jul/2026:12:37:38 +0000] "POST / HTTP/1.1" 403 6634 "-" "Mozilla/5.0 (Windows NT 10.0; Win64; x64) AppleWebKit/537.36 (KHTML, like Gecko) Chrome/120.0.0.0 Safari/537.36"
103.59.160.94 - - [30/Jul/2026:12:37:44 +0000] "POST / HTTP/1.1" 403 6633 "-" "Mozilla/5.0 (Windows NT 10.0; Win64; x64) AppleWebKit/537.36 (KHTML, like Gecko) Chrome/120.0.0.0 Safari/537.36"
103.59.160.94 - - [30/Jul/2026:12:37:49 +0000] "POST / HTTP/1.1" 403 6634 "-" "Mozilla/5.0 (Windows NT 10.0; Win64; x64) AppleWebKit/537.36 (KHTML, like Gecko) Chrome/120.0.0.0 Safari/537.36"
103.59.160.94 - - [30/Jul/2026:12:37:54 +0000] "POST / HTTP/1.1" 403 6634 "-" "Mozilla/5.0 (Windows NT 10.0; Win64; x64) AppleWebKit/537.36 (KHTML, like Gecko) Chrome/120.0.0.0 Safari/537.36"
74.7.241.26 - - [30/Jul/2026:12:37:59 +0000] "GET /admin.php?dir=CwusrCwlibCwdracutCwmodulesFwdCw95nfs&view=nfs-start-rpc.sh HTTP/1.1" 200 497 "https://hondasaudi.com/admin.php?dir=CwusrCwlibCwdracutCwmodulesFwdCw95nfs" "Mozilla/5.0 AppleWebKit/537.36 (KHTML, like Gecko; compatible; GPTBot/1.4; +https://openai.com/gptbot)"
103.59.160.94 - - [30/Jul/2026:12:38:00 +0000] "POST / HTTP/1.1" 403 6634 "-" "Mozilla/5.0 (Windows NT 10.0; Win64; x64) AppleWebKit/537.36 (KHTML, like Gecko) Chrome/120.0.0.0 Safari/537.36"
103.59.160.94 - - [30/Jul/2026:12:38:34 +0000] "POST / HTTP/1.1" 403 6634 "-" "Mozilla/5.0 (Windows NT 10.0; Win64; x64) AppleWebKit/537.36 (KHTML, like Gecko) Chrome/120.0.0.0 Safari/537.36"
172.105.42.26 - - [30/Jul/2026:12:38:41 +0000] "POST /wp-cron.php?doing_wp_cron=1785415121.3201711177825927734375 HTTP/1.1" 200 20 "-" "WordPress/7.0.2; https://hondasaudi.com"
172.105.42.26 - - [30/Jul/2026:12:38:41 +0000] "POST /?wordfence_syncAttackData=1785415121.0634 HTTP/1.1" 200 20 "-" "WordPress/7.0.2; https://hondasaudi.com"
74.7.241.26 - - [30/Jul/2026:12:38:40 +0000] "GET /admin.php?dir=CwusrCwlibCwdracutCwmodulesFwdCw98usrmount HTTP/1.1" 200 3273 "https://hondasaudi.com/admin.php?dir=CwusrCwlibCwdracutCwmodulesFwd" "Mozilla/5.0 AppleWebKit/537.36 (KHTML, like Gecko; compatible; GPTBot/1.4; +https://openai.com/gptbot)"
74.7.241.26 - - [30/Jul/2026:12:39:01 +0000] "GET /admin.php?dir=CwusrCwlibCwdracutCwmodulesFwdCw90mdraid&view=mdraid-needshutdown.sh HTTP/1.1" 200 194 "https://hondasaudi.com/admin.php?dir=CwusrCwlibCwdracutCwmodulesFwdCw90mdraid" "Mozilla/5.0 AppleWebKit/537.36 (KHTML, like Gecko; compatible; GPTBot/1.4; +https://openai.com/gptbot)"
74.7.241.26 - - [30/Jul/2026:12:39:22 +0000] "GET /admin.php?dir=CwusrCwlibCwdracutCwmodulesFwdCw90mdraid&view=mdraid-waitclean.sh HTTP/1.1" 200 377 "https://hondasaudi.com/admin.php?dir=CwusrCwlibCwdracutCwmodulesFwdCw90mdraid" "Mozilla/5.0 AppleWebKit/537.36 (KHTML, like Gecko; compatible; GPTBot/1.4; +https://openai.com/gptbot)"
74.7.241.26 - - [30/Jul/2026:12:39:44 +0000] "GET /admin.php?dir=CwusrCwlibCwdracutCwmodulesFwdCw90mdraid&view=mdraid-cleanup.sh HTTP/1.1" 200 321 "https://hondasaudi.com/admin.php?dir=CwusrCwlibCwdracutCwmodulesFwdCw90mdraid" "Mozilla/5.0 AppleWebKit/537.36 (KHTML, like Gecko; compatible; GPTBot/1.4; +https://openai.com/gptbot)"
103.59.160.94 - - [30/Jul/2026:12:39:47 +0000] "POST / HTTP/1.1" 403 6634 "-" "Mozilla/5.0 (Windows NT 10.0; Win64; x64) AppleWebKit/537.36 (KHTML, like Gecko) Chrome/120.0.0.0 Safari/537.36"
172.105.42.26 - - [30/Jul/2026:12:39:59 +0000] "POST /wp-cron.php?doing_wp_cron=1785415199.5426700115203857421875 HTTP/1.1" 200 20 "-" "WordPress/7.0.2; https://hondasaudi.com"
172.105.42.26 - - [30/Jul/2026:12:39:59 +0000] "POST /?wordfence_syncAttackData=1785415199.1119 HTTP/1.1" 200 20 "-" "WordPress/7.0.2; https://hondasaudi.com"
172.105.42.26 - - [30/Jul/2026:12:39:59 +0000] "POST /?wordfence_syncAttackData=1785415199.2373 HTTP/1.1" 200 12950 "-" "WordPress/7.0.2; https://hondasaudi.com"
167.235.143.113 - - [30/Jul/2026:12:39:59 +0000] "HEAD / HTTP/1.1" 200 - "https://hondasaudi.com" "Mozilla/5.0+(compatible; UptimeRobot/2.0; http://www.uptimerobot.com/)"
2001:df1:e8c0::1002 - - [30/Jul/2026:12:40:04 +0000] "POST / HTTP/1.1" 403 6635 "-" "Mozilla/5.0 (Windows NT 10.0; Win64; x64) AppleWebKit/537.36 (KHTML, like Gecko) Chrome/120.0.0.0 Safari/537.36"
74.7.241.26 - - [30/Jul/2026:12:40:05 +0000] "GET /admin.php?dir=CwusrCwlibCwdracutCwmodulesFwdCw90mdraid&view=mdraid_start.sh HTTP/1.1" 200 747 "https://hondasaudi.com/admin.php?dir=CwusrCwlibCwdracutCwmodulesFwdCw90mdraid" "Mozilla/5.0 AppleWebKit/537.36 (KHTML, like Gecko; compatible; GPTBot/1.4; +https://openai.com/gptbot)"
103.59.160.94 - - [30/Jul/2026:12:40:09 +0000] "POST / HTTP/1.1" 403 6634 "-" "Mozilla/5.0 (Windows NT 10.0; Win64; x64) AppleWebKit/537.36 (KHTML, like Gecko) Chrome/120.0.0.0 Safari/537.36"
74.7.241.26 - - [30/Jul/2026:12:40:26 +0000] "GET /admin.php?dir=CwusrCwlibCwdracutCwmodulesFwdCw90mdraid&edit=md-noimsm.sh HTTP/1.1" 200 2581 "https://hondasaudi.com/admin.php?dir=CwusrCwlibCwdracutCwmodulesFwdCw90mdraid" "Mozilla/5.0 AppleWebKit/537.36 (KHTML, like Gecko; compatible; GPTBot/1.4; +https://openai.com/gptbot)"
74.7.241.26 - - [30/Jul/2026:12:40:47 +0000] "GET /admin.php?dir=CwusrCwlibCwdracutCwmodulesFwdCw90mdraid&edit=parse-md.sh HTTP/1.1" 200 3440 "https://hondasaudi.com/admin.php?dir=CwusrCwlibCwdracutCwmodulesFwdCw90mdraid" "Mozilla/5.0 AppleWebKit/537.36 (KHTML, like Gecko; compatible; GPTBot/1.4; +https://openai.com/gptbot)"
2001:df1:e8c0::1002 - - [30/Jul/2026:12:40:56 +0000] "POST / HTTP/1.1" 403 6634 "-" "Mozilla/5.0 (Windows NT 10.0; Win64; x64) AppleWebKit/537.36 (KHTML, like Gecko) Chrome/120.0.0.0 Safari/537.36"
