185.177.72.22 - - [28/Jul/2026:15:05:49 +0000] "GET /app/Notifications/ HTTP/1.1" 404 12294 "-" "curl/8.7.1"
185.177.72.22 - - [28/Jul/2026:15:05:50 +0000] "GET /app/Notifications/ResetPassword%2ephp HTTP/1.1" 404 12374 "-" "curl/8.7.1"
185.177.72.22 - - [28/Jul/2026:15:05:50 +0000] "GET /app/Notifications/InvoicePaid%2ephp HTTP/1.1" 404 12371 "-" "curl/8.7.1"
185.177.72.22 - - [28/Jul/2026:15:05:50 +0000] "GET /site-packages/sendgrid/sendgrid%2epy HTTP/1.1" 404 12365 "-" "curl/8.7.1"
185.177.72.22 - - [28/Jul/2026:15:05:51 +0000] "GET /site-packages/sendgrid/helpers/mail/mail%2epy HTTP/1.1" 404 12374 "-" "curl/8.7.1"
185.177.72.22 - - [28/Jul/2026:15:05:51 +0000] "GET /site-packages/sendgrid/helpers/mail/ HTTP/1.1" 404 12369 "-" "curl/8.7.1"
185.177.72.22 - - [28/Jul/2026:15:05:52 +0000] "GET /requirements%2etxt HTTP/1.1" 404 12296 "-" "curl/8.7.1"
185.177.72.22 - - [28/Jul/2026:15:05:52 +0000] "GET /Pipfile HTTP/1.1" 404 12288 "-" "curl/8.7.1"
185.177.72.22 - - [28/Jul/2026:15:05:53 +0000] "GET /%2egithub/workflows/email%2eyml HTTP/1.1" 404 12370 "-" "curl/8.7.1"
185.177.72.22 - - [28/Jul/2026:15:05:53 +0000] "GET /%2ecircleci/config%2eyml HTTP/1.1" 404 12299 "-" "curl/8.7.1"
185.177.72.22 - - [28/Jul/2026:15:05:54 +0000] "GET /%2etravis%2eyml HTTP/1.1" 404 12294 "-" "curl/8.7.1"
185.177.72.22 - - [28/Jul/2026:15:05:54 +0000] "GET /webhooks/sendgrid%2ejs HTTP/1.1" 404 12298 "-" "curl/8.7.1"
185.177.72.22 - - [28/Jul/2026:15:05:55 +0000] "GET /api/webhooks/email-events%2ejs HTTP/1.1" 404 12365 "-" "curl/8.7.1"
185.177.72.22 - - [28/Jul/2026:15:05:55 +0000] "GET /routes/webhooks/sendgrid%2ejs HTTP/1.1" 404 12365 "-" "curl/8.7.1"
185.177.72.22 - - [28/Jul/2026:15:05:56 +0000] "GET /src/webhooks/bounce%2ehandler%2ets HTTP/1.1" 404 12368 "-" "curl/8.7.1"
185.177.72.22 - - [28/Jul/2026:15:05:56 +0000] "GET /src/webhooks/unsubscribe%2ehandler%2ets HTTP/1.1" 404 12373 "-" "curl/8.7.1"
185.177.72.22 - - [28/Jul/2026:15:05:57 +0000] "GET /apps/notifications/ HTTP/1.1" 404 12294 "-" "curl/8.7.1"
185.177.72.22 - - [28/Jul/2026:15:05:57 +0000] "GET /%2esendgrid/config%2eyml HTTP/1.1" 404 12299 "-" "curl/8.7.1"
185.177.72.22 - - [28/Jul/2026:15:05:58 +0000] "GET /%2esendgrid/credentials HTTP/1.1" 404 12297 "-" "curl/8.7.1"
185.177.72.22 - - [28/Jul/2026:15:05:58 +0000] "GET /%2econfig/sendgrid/ HTTP/1.1" 404 12295 "-" "curl/8.7.1"
185.177.72.22 - - [28/Jul/2026:15:05:59 +0000] "GET /%2esendgrid%2eyaml HTTP/1.1" 404 12295 "-" "curl/8.7.1"
185.177.72.22 - - [28/Jul/2026:15:05:59 +0000] "GET /usr/local/bin/sendgrid HTTP/1.1" 404 12359 "-" "curl/8.7.1"
185.177.72.22 - - [28/Jul/2026:15:06:00 +0000] "GET /usr/local/lib/sendgrid/ HTTP/1.1" 404 12359 "-" "curl/8.7.1"
185.177.72.22 - - [28/Jul/2026:15:06:00 +0000] "GET /k8s/secrets/sendgrid-secret%2eyaml HTTP/1.1" 404 12366 "-" "curl/8.7.1"
185.177.72.22 - - [28/Jul/2026:15:06:01 +0000] "GET /k8s/configmaps/email%2eyaml HTTP/1.1" 404 12366 "-" "curl/8.7.1"
185.177.72.22 - - [28/Jul/2026:15:06:01 +0000] "GET /helm/values%2eproduction%2eyaml HTTP/1.1" 404 12305 "-" "curl/8.7.1"
185.177.72.22 - - [28/Jul/2026:15:06:01 +0000] "GET /helm/templates/secret%2eyaml HTTP/1.1" 404 12366 "-" "curl/8.7.1"
185.177.72.22 - - [28/Jul/2026:15:06:02 +0000] "GET /manifests/sendgrid%2eyaml HTTP/1.1" 404 12301 "-" "curl/8.7.1"
185.177.72.22 - - [28/Jul/2026:15:06:03 +0000] "GET /terraform/sendgrid%2etf HTTP/1.1" 404 12298 "-" "curl/8.7.1"
185.177.72.22 - - [28/Jul/2026:15:06:03 +0000] "GET /terraform/variables%2etf HTTP/1.1" 404 12300 "-" "curl/8.7.1"
185.177.72.22 - - [28/Jul/2026:15:06:04 +0000] "GET /terraform/secrets%2etf HTTP/1.1" 404 12298 "-" "curl/8.7.1"
185.177.72.22 - - [28/Jul/2026:15:06:04 +0000] "GET /terraform/modules/email/ HTTP/1.1" 404 12362 "-" "curl/8.7.1"
185.177.72.22 - - [28/Jul/2026:15:06:05 +0000] "GET /infra/sendgrid%2etf HTTP/1.1" 404 12296 "-" "curl/8.7.1"
185.177.72.22 - - [28/Jul/2026:15:06:05 +0000] "GET /ansible/vars/sendgrid%2eyml HTTP/1.1" 404 12365 "-" "curl/8.7.1"
185.177.72.22 - - [28/Jul/2026:15:06:06 +0000] "GET /ansible/roles/email/tasks/main%2eyml HTTP/1.1" 404 12370 "-" "curl/8.7.1"
185.177.72.22 - - [28/Jul/2026:15:06:06 +0000] "GET /playbooks/configure_sendgrid%2eyml HTTP/1.1" 404 12307 "-" "curl/8.7.1"
185.177.72.22 - - [28/Jul/2026:15:06:07 +0000] "GET /azure/keyvault/sendgrid%2ejson HTTP/1.1" 404 12368 "-" "curl/8.7.1"
185.177.72.22 - - [28/Jul/2026:15:06:07 +0000] "GET /gcp/secrets/sendgrid_key%2ejson HTTP/1.1" 404 12368 "-" "curl/8.7.1"
172.105.42.26 - - [28/Jul/2026:15:06:08 +0000] "POST /wp-cron.php?doing_wp_cron=1785251168.4044799804687500000000 HTTP/1.1" 200 20 "-" "WordPress/7.0.2; https://hondasaudi.com"
185.177.72.22 - - [28/Jul/2026:15:06:08 +0000] "GET /Gemfile HTTP/1.1" 404 12288 "-" "curl/8.7.1"
185.177.72.22 - - [28/Jul/2026:15:06:08 +0000] "GET /Gemfile%2elock HTTP/1.1" 404 12291 "-" "curl/8.7.1"
185.177.72.22 - - [28/Jul/2026:15:06:09 +0000] "GET /app/mailers/ HTTP/1.1" 404 12291 "-" "curl/8.7.1"
185.177.72.22 - - [28/Jul/2026:15:06:09 +0000] "GET /app/views/mailers/ HTTP/1.1" 404 12357 "-" "curl/8.7.1"
185.177.72.22 - - [28/Jul/2026:15:06:10 +0000] "GET /%2egcloud/application_default_credentials%2ejson HTTP/1.1" 404 12309 "-" "curl/8.7.1"
185.177.72.22 - - [28/Jul/2026:15:06:10 +0000] "GET /src/mail/mail%2emodule%2ets HTTP/1.1" 404 12361 "-" "curl/8.7.1"
185.177.72.22 - - [28/Jul/2026:15:06:11 +0000] "GET /src/mail/mail%2eservice%2ets HTTP/1.1" 404 12360 "-" "curl/8.7.1"
185.177.72.22 - - [28/Jul/2026:15:06:11 +0000] "GET /src/mail/templates/ HTTP/1.1" 404 12359 "-" "curl/8.7.1"
185.177.72.22 - - [28/Jul/2026:15:06:12 +0000] "GET /pages/api/email%2ejs HTTP/1.1" 404 12360 "-" "curl/8.7.1"
185.177.72.22 - - [28/Jul/2026:15:06:12 +0000] "GET /pages/api/contact%2ejs HTTP/1.1" 404 12360 "-" "curl/8.7.1"
185.177.72.22 - - [28/Jul/2026:15:06:13 +0000] "GET /app/api/email/route%2ets HTTP/1.1" 404 12361 "-" "curl/8.7.1"
185.177.72.22 - - [28/Jul/2026:15:06:13 +0000] "GET /var/log/sendgrid/ HTTP/1.1" 404 12357 "-" "curl/8.7.1"
185.177.72.22 - - [28/Jul/2026:15:06:13 +0000] "GET /var/log/mail%2elog HTTP/1.1" 404 12359 "-" "curl/8.7.1"
185.177.72.22 - - [28/Jul/2026:15:06:14 +0000] "GET /var/log/email%2elog HTTP/1.1" 404 12359 "-" "curl/8.7.1"
185.177.72.22 - - [28/Jul/2026:15:06:14 +0000] "GET /logs/sendgrid%2elog HTTP/1.1" 404 12295 "-" "curl/8.7.1"
185.177.72.22 - - [28/Jul/2026:15:06:15 +0000] "GET /logs/email%2elog HTTP/1.1" 404 12294 "-" "curl/8.7.1"
172.105.42.26 - - [28/Jul/2026:15:06:16 +0000] "POST /wp-cron.php?doing_wp_cron=1785251176.2206308841705322265625 HTTP/1.1" 200 20 "-" "WordPress/7.0.2; https://hondasaudi.com"
185.177.72.22 - - [28/Jul/2026:15:06:15 +0000] "GET /logs/mail%2elog HTTP/1.1" 404 12294 "-" "curl/8.7.1"
185.177.72.22 - - [28/Jul/2026:15:06:16 +0000] "GET /tmp/sendgrid_debug%2elog HTTP/1.1" 404 12301 "-" "curl/8.7.1"
185.177.72.22 - - [28/Jul/2026:15:06:16 +0000] "GET /storage/logs/laravel%2elog HTTP/1.1" 404 12364 "-" "curl/8.7.1"
185.177.72.22 - - [28/Jul/2026:15:06:17 +0000] "GET /__mocks__/@sendgrid/ HTTP/1.1" 404 12298 "-" "curl/8.7.1"
172.105.42.26 - - [28/Jul/2026:15:06:18 +0000] "POST /wp-cron.php?doing_wp_cron=1785251178.1576230525970458984375 HTTP/1.1" 200 20 "-" "WordPress/7.0.2; https://hondasaudi.com"
185.177.72.22 - - [28/Jul/2026:15:06:17 +0000] "GET /__mocks__/mail%2ejs HTTP/1.1" 404 12298 "-" "curl/8.7.1"
185.177.72.22 - - [28/Jul/2026:15:06:18 +0000] "GET /docs/sendgrid%2emd HTTP/1.1" 404 12296 "-" "curl/8.7.1"
185.177.72.22 - - [28/Jul/2026:15:06:18 +0000] "GET /fixtures/email%2ejson HTTP/1.1" 404 12298 "-" "curl/8.7.1"
185.177.72.22 - - [28/Jul/2026:15:06:19 +0000] "GET /tests/fixtures/sendgrid_response%2ejson HTTP/1.1" 404 12373 "-" "curl/8.7.1"
185.177.72.22 - - [28/Jul/2026:15:06:19 +0000] "GET /tests/unit/email%2etest%2ejs HTTP/1.1" 404 12363 "-" "curl/8.7.1"
185.177.72.22 - - [28/Jul/2026:15:06:20 +0000] "GET /tests/integration/sendgrid%2etest%2ejs HTTP/1.1" 404 12366 "-" "curl/8.7.1"
185.177.72.22 - - [28/Jul/2026:15:06:20 +0000] "GET /cypress/fixtures/email%2ejson HTTP/1.1" 404 12366 "-" "curl/8.7.1"
185.177.72.22 - - [28/Jul/2026:15:06:21 +0000] "GET /config/config%2ego HTTP/1.1" 404 12292 "-" "curl/8.7.1"
185.177.72.22 - - [28/Jul/2026:15:06:21 +0000] "GET /config/config%2eyaml HTTP/1.1" 404 12294 "-" "curl/8.7.1"
185.177.72.22 - - [28/Jul/2026:15:06:22 +0000] "GET /%2evercel/project%2ejson HTTP/1.1" 404 12298 "-" "curl/8.7.1"
185.177.72.22 - - [28/Jul/2026:15:06:22 +0000] "GET /vercel%2ejson HTTP/1.1" 404 12291 "-" "curl/8.7.1"
185.177.72.22 - - [28/Jul/2026:15:06:23 +0000] "GET /etc/nginx/conf%2ed/mail%2econf HTTP/1.1" 404 12366 "-" "curl/8.7.1"
185.177.72.22 - - [28/Jul/2026:15:06:23 +0000] "GET /etc/postfix/main%2ecf HTTP/1.1" 404 12362 "-" "curl/8.7.1"
185.177.72.22 - - [28/Jul/2026:15:06:24 +0000] "GET /etc/postfix/sasl_passwd HTTP/1.1" 404 12364 "-" "curl/8.7.1"
185.177.72.22 - - [28/Jul/2026:15:06:24 +0000] "GET /etc/postfix/transport HTTP/1.1" 404 12358 "-" "curl/8.7.1"
185.177.72.22 - - [28/Jul/2026:15:06:25 +0000] "GET /etc/postfix/master%2ecf HTTP/1.1" 404 12364 "-" "curl/8.7.1"
185.177.72.22 - - [28/Jul/2026:15:06:25 +0000] "GET /etc/postfix/generic HTTP/1.1" 404 12358 "-" "curl/8.7.1"
185.177.72.22 - - [28/Jul/2026:15:06:25 +0000] "GET /etc/ssmtp/ssmtp%2econf HTTP/1.1" 404 12359 "-" "curl/8.7.1"
185.177.72.22 - - [28/Jul/2026:15:06:26 +0000] "GET /etc/msmtp/msmtp%2econf HTTP/1.1" 404 12359 "-" "curl/8.7.1"
185.177.72.22 - - [28/Jul/2026:15:06:26 +0000] "GET /etc/mail/sendmail%2ecf HTTP/1.1" 404 12362 "-" "curl/8.7.1"
185.177.72.22 - - [28/Jul/2026:15:06:27 +0000] "GET /etc/exim4/update-exim4%2econf HTTP/1.1" 404 12364 "-" "curl/8.7.1"
185.177.72.22 - - [28/Jul/2026:15:06:27 +0000] "GET /etc/nullmailer/remotes HTTP/1.1" 404 12359 "-" "curl/8.7.1"
185.177.72.22 - - [28/Jul/2026:15:06:28 +0000] "GET /phpinfo%2ephp HTTP/1.1" 404 12291 "-" "curl/8.7.1"
185.177.72.22 - - [28/Jul/2026:15:06:28 +0000] "GET /info%2ephp HTTP/1.1" 404 12291 "-" "curl/8.7.1"
185.177.72.22 - - [28/Jul/2026:15:06:29 +0000] "GET /php/info%2ephp HTTP/1.1" 404 12293 "-" "curl/8.7.1"
185.177.72.22 - - [28/Jul/2026:15:06:29 +0000] "GET /php/phpinfo%2ephp HTTP/1.1" 404 12294 "-" "curl/8.7.1"
185.177.72.22 - - [28/Jul/2026:15:06:30 +0000] "GET /_profiler/phpinfo HTTP/1.1" 404 12294 "-" "curl/8.7.1"
185.177.72.22 - - [28/Jul/2026:15:06:30 +0000] "GET /app_dev%2ephp/_profiler/open?file=app/config/parameters%2eyml HTTP/1.1" 404 12387 "-" "curl/8.7.1"
185.177.72.22 - - [28/Jul/2026:15:06:31 +0000] "GET /etc/apache2/apache2%2econf HTTP/1.1" 404 12360 "-" "curl/8.7.1"
185.177.72.22 - - [28/Jul/2026:15:06:31 +0000] "GET / HTTP/1.1" 301 20 "-" "curl/8.7.1"
185.177.72.81 - - [28/Jul/2026:15:13:08 +0000] "GET /wp-content/litespeed/js/e615731317702d9fc50a059112677675.js HTTP/1.1" 200 7352 "-" "curl/8.7.1"
185.177.72.81 - - [28/Jul/2026:15:13:08 +0000] "GET /wp-content/litespeed/js/5b8eecb48facbc3e07b8667ac216ddbf.js HTTP/1.1" 200 83730 "-" "curl/8.7.1"
185.177.72.81 - - [28/Jul/2026:15:13:08 +0000] "GET /wp-content/litespeed/js/Et.href,ce.extend(%7Bactive:0,lastModified:%7B%7D,etag:%7B%7D,ajaxSettings:%7Burl:Et.href,type:%22GET%22,isLocal:/^( HTTP/1.1" 301 20 "-" "curl/8.7.1"
185.177.72.81 - - [28/Jul/2026:15:13:09 +0000] "GET /wp-content/litespeed/js/Et.href,ce.extend(%7Bactive:0,lastModified:%7B%7D,etag:%7B%7D,ajaxSettings:%7Burl:Et.href,type:%22GET%22,isLocal:/ HTTP/1.1" 404 12425 "-" "curl/8.7.1"
185.177.72.81 - - [28/Jul/2026:15:13:09 +0000] "GET /wp-content/litespeed/js/408fae886587a556c89f2a22dda89a55.js HTTP/1.1" 200 7352 "-" "curl/8.7.1"
185.177.72.81 - - [28/Jul/2026:15:13:09 +0000] "GET /wp-content/litespeed/js/a104685a69afcb845bf2d2afd4d477bf.js HTTP/1.1" 200 83730 "-" "curl/8.7.1"
185.177.72.81 - - [28/Jul/2026:15:13:10 +0000] "GET /service-price-list/ HTTP/1.1" 200 12607 "-" "curl/8.7.1"
185.177.72.81 - - [28/Jul/2026:15:13:11 +0000] "GET / HTTP/1.1" 301 20 "-" "curl/8.7.1"
185.177.72.81 - - [28/Jul/2026:15:13:19 +0000] "POST /RSC/ate3k53u8f0wrry.txt HTTP/1.1" 404 9750 "-" "Mozilla/5.0 (Windows NT 10.0; Win64; x64) AppleWebKit/537.36"
185.177.72.81 - - [28/Jul/2026:15:13:19 +0000] "POST /RSC/R/c2kwwb1ileyvbgi.txt HTTP/1.1" 404 9800 "-" "Mozilla/5.0 (Windows NT 10.0; Win64; x64) AppleWebKit/537.36"
185.177.72.81 - - [28/Jul/2026:15:13:24 +0000] "POST /vendor/phpunit/phpunit/src/Util/PHP/eval-stdin.php HTTP/1.1" 403 5168 "-" "curl/8.7.1"
185.177.72.81 - - [28/Jul/2026:15:13:24 +0000] "POST /vendor/phpunit/phpunit/Util/PHP/eval-stdin.php HTTP/1.1" 404 9807 "-" "curl/8.7.1"
185.177.72.81 - - [28/Jul/2026:15:13:25 +0000] "POST /laravel/vendor/phpunit/phpunit/src/Util/PHP/eval-stdin.php HTTP/1.1" 403 5168 "-" "curl/8.7.1"
185.177.72.81 - - [28/Jul/2026:15:13:25 +0000] "POST /yii/vendor/phpunit/phpunit/src/Util/PHP/eval-stdin.php HTTP/1.1" 403 5168 "-" "curl/8.7.1"
185.177.72.81 - - [28/Jul/2026:15:13:25 +0000] "POST /zend/vendor/phpunit/phpunit/src/Util/PHP/eval-stdin.php HTTP/1.1" 403 5168 "-" "curl/8.7.1"
185.177.72.81 - - [28/Jul/2026:15:13:26 +0000] "POST /lib/vendor/phpunit/phpunit/src/Util/PHP/eval-stdin.php HTTP/1.1" 403 5168 "-" "curl/8.7.1"
185.177.72.81 - - [28/Jul/2026:15:15:14 +0000] "POST /RSC/22f18r3m3k3pure.txt HTTP/1.1" 404 9750 "-" "Mozilla/5.0 (Windows NT 10.0; Win64; x64) AppleWebKit/537.36"
185.177.72.81 - - [28/Jul/2026:15:15:15 +0000] "POST /RSC/R/klbek5tr0cj1mon.txt HTTP/1.1" 404 9800 "-" "Mozilla/5.0 (Windows NT 10.0; Win64; x64) AppleWebKit/537.36"
185.177.72.81 - - [28/Jul/2026:15:15:16 +0000] "POST /vendor/phpunit/phpunit/src/Util/PHP/eval-stdin.php HTTP/1.1" 403 5168 "-" "curl/8.7.1"
185.177.72.81 - - [28/Jul/2026:15:15:17 +0000] "POST /vendor/phpunit/phpunit/Util/PHP/eval-stdin.php HTTP/1.1" 404 9807 "-" "curl/8.7.1"
185.177.72.81 - - [28/Jul/2026:15:15:17 +0000] "POST /laravel/vendor/phpunit/phpunit/src/Util/PHP/eval-stdin.php HTTP/1.1" 403 5168 "-" "curl/8.7.1"
185.177.72.81 - - [28/Jul/2026:15:15:27 +0000] "POST /lib/vendor/phpunit/phpunit/src/Util/PHP/eval-stdin.php HTTP/1.1" 403 5168 "-" "curl/8.7.1"
74.7.241.26 - - [28/Jul/2026:15:16:31 +0000] "GET /admin.php?dir=CwusrCwlibCwmodulesCw4Fw18Fw0-553Fw8Fw1Fwel8_10Fwx86_64CwkernelCwdriversCwmiscCwcardreader HTTP/1.1" 200 3385 "http://hondasaudi.com/admin.php?dir=CwusrCwlibCwmodulesCw4Fw18Fw0-553Fw8Fw1Fwel8_10Fwx86_64CwkernelCwdriversCwmisc" "Mozilla/5.0 AppleWebKit/537.36 (KHTML, like Gecko; compatible; GPTBot/1.4; +https://openai.com/gptbot)"
185.177.72.22 - - [28/Jul/2026:15:20:39 +0000] "POST /RSC/tnonkttbawmig7d.txt HTTP/1.1" 404 9749 "-" "Mozilla/5.0 (Windows NT 10.0; Win64; x64) AppleWebKit/537.36"
185.177.72.22 - - [28/Jul/2026:15:20:39 +0000] "POST /RSC/R/d3fp3zv1e44c6mk.txt HTTP/1.1" 404 9801 "-" "Mozilla/5.0 (Windows NT 10.0; Win64; x64) AppleWebKit/537.36"
185.177.72.22 - - [28/Jul/2026:15:20:39 +0000] "POST /vendor/phpunit/phpunit/src/Util/PHP/eval-stdin.php HTTP/1.1" 403 5168 "-" "curl/8.7.1"
185.177.72.22 - - [28/Jul/2026:15:20:40 +0000] "POST /vendor/phpunit/phpunit/Util/PHP/eval-stdin.php HTTP/1.1" 404 9807 "-" "curl/8.7.1"
185.177.72.22 - - [28/Jul/2026:15:20:40 +0000] "POST /laravel/vendor/phpunit/phpunit/src/Util/PHP/eval-stdin.php HTTP/1.1" 403 5168 "-" "curl/8.7.1"
185.177.72.22 - - [28/Jul/2026:15:20:40 +0000] "POST /yii/vendor/phpunit/phpunit/src/Util/PHP/eval-stdin.php HTTP/1.1" 403 5168 "-" "curl/8.7.1"
185.177.72.22 - - [28/Jul/2026:15:20:41 +0000] "POST /zend/vendor/phpunit/phpunit/src/Util/PHP/eval-stdin.php HTTP/1.1" 403 5168 "-" "curl/8.7.1"
185.177.72.22 - - [28/Jul/2026:15:20:41 +0000] "POST /lib/vendor/phpunit/phpunit/src/Util/PHP/eval-stdin.php HTTP/1.1" 403 5168 "-" "curl/8.7.1"
74.7.241.26 - - [28/Jul/2026:15:21:27 +0000] "GET /admin.php?dir=CwusrCwlibCwmodulesCw4Fw18Fw0-553Fw8Fw1Fwel8_10Fwx86_64CwkernelCwdriversCwmiscCwcardreader&view=rtsx_pci.ko.xz HTTP/1.1" 200 24343 "http://hondasaudi.com/admin.php?dir=CwusrCwlibCwmodulesCw4Fw18Fw0-553Fw8Fw1Fwel8_10Fwx86_64CwkernelCwdriversCwmiscCwcardreader" "Mozilla/5.0 AppleWebKit/537.36 (KHTML, like Gecko; compatible; GPTBot/1.4; +https://openai.com/gptbot)"
74.7.241.26 - - [28/Jul/2026:15:22:07 +0000] "GET /admin.php?dir=CwusrCwlibCwmodulesCw4Fw18Fw0-553Fw8Fw1Fwel8_10Fwx86_64CwkernelCwdriversCwmiscCwcardreader&view=rtsx_usb.ko.xz HTTP/1.1" 200 8523 "http://hondasaudi.com/admin.php?dir=CwusrCwlibCwmodulesCw4Fw18Fw0-553Fw8Fw1Fwel8_10Fwx86_64CwkernelCwdriversCwmiscCwcardreader" "Mozilla/5.0 AppleWebKit/537.36 (KHTML, like Gecko; compatible; GPTBot/1.4; +https://openai.com/gptbot)"
74.7.241.26 - - [28/Jul/2026:15:32:31 +0000] "GET /admin.php?dir=CwusrCwlibCwmodulesCw4Fw18Fw0-553Fw8Fw1Fwel8_10Fwx86_64CwkernelCwdriversCwmisc&view=tifm_core.ko.xz HTTP/1.1" 200 5279 "http://hondasaudi.com/admin.php?dir=CwusrCwlibCwmodulesCw4Fw18Fw0-553Fw8Fw1Fwel8_10Fwx86_64CwkernelCwdriversCwmisc" "Mozilla/5.0 AppleWebKit/537.36 (KHTML, like Gecko; compatible; GPTBot/1.4; +https://openai.com/gptbot)"
68.66.226.97 - - [28/Jul/2026:15:44:14 +0000] "GET /.well-known/acme-challenge/2HVF6PZ-DJH4_AVF0ODLJYMKC1AXXAIY HTTP/1.1" 404 - "-" "Cpanel-HTTP-Client/1.0"
68.66.226.97 - - [28/Jul/2026:15:44:16 +0000] "GET /.well-known/acme-challenge/5VSA_Z4UMXCEWKVFQEGCDPPQIX7B8WH5 HTTP/1.1" 404 - "-" "Cpanel-HTTP-Client/1.0"
68.66.226.97 - - [28/Jul/2026:15:44:16 +0000] "GET /.well-known/acme-challenge/ZH-_NP6ANYCQ_K67-E7MK1O-FSATEWRM HTTP/1.1" 404 - "-" "Cpanel-HTTP-Client/1.0"
172.105.42.26 - - [28/Jul/2026:15:45:16 +0000] "POST /wp-cron.php?doing_wp_cron=1785253516.0696640014648437500000 HTTP/1.1" 200 20 "-" "WordPress/7.0.2; https://hondasaudi.com"
43.164.194.198 - - [28/Jul/2026:15:45:15 +0000] "GET / HTTP/1.1" 301 20 "-" "Mozilla/5.0 (iPhone; CPU iPhone OS 13_2_3 like Mac OS X) AppleWebKit/605.1.15 (KHTML, like Gecko) Version/13.0.3 Mobile/15E148 Safari/604.1"
20.100.173.28 - - [28/Jul/2026:16:00:07 +0000] "GET /wp-content/plugins/hellopress/wp_filemanager.php HTTP/1.1" 403 5168 "-" "-"
172.105.42.26 - - [28/Jul/2026:16:00:08 +0000] "POST /wp-cron.php?doing_wp_cron=1785254408.3965289592742919921875 HTTP/1.1" 200 20 "-" "WordPress/7.0.2; https://hondasaudi.com"
20.100.173.28 - - [28/Jul/2026:16:00:07 +0000] "GET /this_is_a_new_hello_world.php HTTP/1.1" 404 12303 "-" "-"
20.100.173.28 - - [28/Jul/2026:16:00:08 +0000] "GET /xstelth.php HTTP/1.1" 404 12290 "-" "-"
20.100.173.28 - - [28/Jul/2026:16:00:09 +0000] "GET /584062352875874akp.php HTTP/1.1" 404 12301 "-" "-"
20.100.173.28 - - [28/Jul/2026:16:00:10 +0000] "GET /newfile.php HTTP/1.1" 404 12289 "-" "-"
20.100.173.28 - - [28/Jul/2026:16:00:10 +0000] "GET /tBEZGQz.php HTTP/1.1" 404 12293 "-" "-"
20.100.173.28 - - [28/Jul/2026:16:00:11 +0000] "GET /phpinfo?re@=vo@ HTTP/1.1" 404 12296 "-" "-"
20.100.173.28 - - [28/Jul/2026:16:00:12 +0000] "GET //drykl.php HTTP/1.1" 301 20 "-" "-"
20.100.173.28 - - [28/Jul/2026:16:00:12 +0000] "GET /drykl.php HTTP/1.1" 404 12289 "-" "-"
20.100.173.28 - - [28/Jul/2026:16:00:12 +0000] "GET /wp-admin/css/colors/blue/ HTTP/1.1" 404 12358 "-" "-"
20.100.173.28 - - [28/Jul/2026:16:00:13 +0000] "GET /ls.php HTTP/1.1" 404 12286 "-" "-"
20.100.173.28 - - [28/Jul/2026:16:00:13 +0000] "GET /dx.php HTTP/1.1" 404 12286 "-" "-"
20.100.173.28 - - [28/Jul/2026:16:00:14 +0000] "GET /mac.php HTTP/1.1" 404 12286 "-" "-"
20.100.173.28 - - [28/Jul/2026:16:00:15 +0000] "GET /485.php HTTP/1.1" 404 12287 "-" "-"
20.100.173.28 - - [28/Jul/2026:16:00:15 +0000] "GET /gelio1.php HTTP/1.1" 404 12289 "-" "-"
172.105.42.26 - - [28/Jul/2026:16:00:16 +0000] "POST /wp-cron.php?doing_wp_cron=1785254416.3762710094451904296875 HTTP/1.1" 200 20 "-" "WordPress/7.0.2; https://hondasaudi.com"
20.100.173.28 - - [28/Jul/2026:16:00:16 +0000] "GET /lp6.php HTTP/1.1" 404 12287 "-" "-"
20.100.173.28 - - [28/Jul/2026:16:00:16 +0000] "GET /wp-admin/maint/admin.php HTTP/1.1" 404 12356 "-" "-"
20.100.173.28 - - [28/Jul/2026:16:00:17 +0000] "GET /wp-includes/sodium_compat/ HTTP/1.1" 404 12292 "-" "-"
20.100.173.28 - - [28/Jul/2026:16:00:17 +0000] "GET /w3llscc.php HTTP/1.1" 404 12290 "-" "-"
172.105.42.26 - - [28/Jul/2026:16:00:18 +0000] "POST /wp-cron.php?doing_wp_cron=1785254418.2894759178161621093750 HTTP/1.1" 200 20 "-" "WordPress/7.0.2; https://hondasaudi.com"
20.100.173.28 - - [28/Jul/2026:16:00:18 +0000] "GET /miru3.php?p= HTTP/1.1" 301 20 "-" "-"
20.100.173.28 - - [28/Jul/2026:16:00:18 +0000] "GET /miru3.php HTTP/1.1" 404 12289 "-" "-"
20.100.173.28 - - [28/Jul/2026:16:00:19 +0000] "GET /autoload_classmap.php HTTP/1.1" 403 5168 "-" "-"
20.100.173.28 - - [28/Jul/2026:16:00:19 +0000] "GET /wp-content/ HTTP/1.1" 200 20 "-" "-"
20.100.173.28 - - [28/Jul/2026:16:00:19 +0000] "GET /wp-content/themes/index.php HTTP/1.1" 200 20 "-" "-"
20.100.173.28 - - [28/Jul/2026:16:00:19 +0000] "GET //av.php HTTP/1.1" 301 20 "-" "-"
20.100.173.28 - - [28/Jul/2026:16:00:23 +0000] "GET /av.php HTTP/1.1" 404 12286 "-" "-"
20.100.173.28 - - [28/Jul/2026:16:00:24 +0000] "GET //wp-includes/l10n/ HTTP/1.1" 301 20 "-" "-"
20.100.173.28 - - [28/Jul/2026:16:00:24 +0000] "GET /wp-includes/l10n/ HTTP/1.1" 404 12286 "-" "-"
20.100.173.28 - - [28/Jul/2026:16:00:25 +0000] "GET /wordpress/wp-admin/maint/ HTTP/1.1" 404 12362 "-" "-"
20.100.173.28 - - [28/Jul/2026:16:00:25 +0000] "GET /tiny.php HTTP/1.1" 404 12288 "-" "-"
20.100.173.28 - - [28/Jul/2026:16:00:26 +0000] "GET /BsMPQ6Wavdefault.php HTTP/1.1" 404 12297 "-" "-"
20.100.173.28 - - [28/Jul/2026:16:00:27 +0000] "GET /zrrhj.php HTTP/1.1" 404 12289 "-" "-"
20.100.173.28 - - [28/Jul/2026:16:00:27 +0000] "GET /gwaih1gfzp5vuwr04Cdefault.php HTTP/1.1" 404 12304 "-" "-"
20.100.173.28 - - [28/Jul/2026:16:00:28 +0000] "GET /wpgum.php HTTP/1.1" 404 12287 "-" "-"
20.100.173.28 - - [28/Jul/2026:16:00:28 +0000] "GET /ywwbf.php HTTP/1.1" 404 12289 "-" "-"
20.100.173.28 - - [28/Jul/2026:16:00:28 +0000] "GET /xoldj.php HTTP/1.1" 404 12289 "-" "-"
20.100.173.28 - - [28/Jul/2026:16:00:29 +0000] "GET //f35.php HTTP/1.1" 301 20 "-" "-"
20.100.173.28 - - [28/Jul/2026:16:00:29 +0000] "GET /f35.php HTTP/1.1" 404 12287 "-" "-"
20.100.173.28 - - [28/Jul/2026:16:00:30 +0000] "GET /gk.php HTTP/1.1" 404 12286 "-" "-"
20.100.173.28 - - [28/Jul/2026:16:00:30 +0000] "GET /584062352875874akp.php HTTP/1.1" 404 12301 "-" "-"
20.100.173.28 - - [28/Jul/2026:16:00:33 +0000] "GET /wper3.php HTTP/1.1" 404 12287 "-" "-"
20.100.173.28 - - [28/Jul/2026:16:00:33 +0000] "GET /bthil.php HTTP/1.1" 404 12289 "-" "-"
20.100.173.28 - - [28/Jul/2026:16:00:34 +0000] "GET /wyzer1.php HTTP/1.1" 404 12290 "-" "-"
20.100.173.28 - - [28/Jul/2026:16:00:34 +0000] "GET /mh.php HTTP/1.1" 404 12286 "-" "-"
20.100.173.28 - - [28/Jul/2026:16:00:39 +0000] "GET /gvg1bvpsgtot1rpklCdefault.php HTTP/1.1" 404 12303 "-" "-"
20.100.173.28 - - [28/Jul/2026:16:00:40 +0000] "GET /1.php HTTP/1.1" 403 5168 "-" "-"
20.100.173.28 - - [28/Jul/2026:16:00:40 +0000] "GET /chosen.php HTTP/1.1" 403 5168 "-" "-"
20.100.173.28 - - [28/Jul/2026:16:00:40 +0000] "GET /sd.php HTTP/1.1" 404 12286 "-" "-"
20.100.173.28 - - [28/Jul/2026:16:00:41 +0000] "GET /z60.php HTTP/1.1" 404 12288 "-" "-"
20.100.173.28 - - [28/Jul/2026:16:00:41 +0000] "GET /home.php HTTP/1.1" 404 12287 "-" "-"
20.100.173.28 - - [28/Jul/2026:16:00:42 +0000] "GET /ws58.php HTTP/1.1" 404 12288 "-" "-"
20.100.173.28 - - [28/Jul/2026:16:00:42 +0000] "GET /gulu.php HTTP/1.1" 404 12288 "-" "-"
20.100.173.28 - - [28/Jul/2026:16:00:43 +0000] "GET /6xBAm3vODE05BSzkJZRAws.php HTTP/1.1" 404 12307 "-" "-"
20.100.173.28 - - [28/Jul/2026:16:00:43 +0000] "GET /wpls.php HTTP/1.1" 404 12287 "-" "-"
20.100.173.28 - - [28/Jul/2026:16:00:44 +0000] "GET /php.php HTTP/1.1" 404 12286 "-" "-"
20.100.173.28 - - [28/Jul/2026:16:00:44 +0000] "GET /100.php HTTP/1.1" 404 12287 "-" "-"
20.100.173.28 - - [28/Jul/2026:16:00:45 +0000] "GET /BDKR28WP.php HTTP/1.1" 404 12293 "-" "-"
20.100.173.28 - - [28/Jul/2026:16:00:45 +0000] "GET /browse.php HTTP/1.1" 404 12289 "-" "-"
20.100.173.28 - - [28/Jul/2026:16:00:46 +0000] "GET /wp-good.php HTTP/1.1" 404 12289 "-" "-"
20.100.173.28 - - [28/Jul/2026:16:00:46 +0000] "GET /8573.php HTTP/1.1" 404 12288 "-" "-"
20.100.173.28 - - [28/Jul/2026:16:00:47 +0000] "GET /wp-admin/install.php HTTP/1.1" 403 5168 "-" "-"
20.100.173.28 - - [28/Jul/2026:16:00:47 +0000] "GET /classwithtostring.php HTTP/1.1" 404 12296 "-" "-"
20.100.173.28 - - [28/Jul/2026:16:00:48 +0000] "GET /ohct.php HTTP/1.1" 404 12288 "-" "-"
20.100.173.28 - - [28/Jul/2026:16:00:48 +0000] "GET /bless.php HTTP/1.1" 403 5168 "-" "-"
20.100.173.28 - - [28/Jul/2026:16:00:48 +0000] "GET /about.php HTTP/1.1" 403 5168 "-" "-"
20.100.173.28 - - [28/Jul/2026:16:00:49 +0000] "GET /public/mI35rZhMg1zJ1vuXdefault.php HTTP/1.1" 404 12310 "-" "-"
20.100.173.28 - - [28/Jul/2026:16:00:49 +0000] "GET /ta0ol.php HTTP/1.1" 404 12288 "-" "-"
20.100.173.28 - - [28/Jul/2026:16:00:50 +0000] "GET /sa.php7 HTTP/1.1" 404 12287 "-" "-"
20.100.173.28 - - [28/Jul/2026:16:00:50 +0000] "GET /wp-class.php HTTP/1.1" 404 12288 "-" "-"
20.100.173.28 - - [28/Jul/2026:16:00:51 +0000] "GET /8.php HTTP/1.1" 403 5168 "-" "-"
20.100.173.28 - - [28/Jul/2026:16:00:51 +0000] "GET /bootstrap.php HTTP/1.1" 404 12291 "-" "-"
20.100.173.28 - - [28/Jul/2026:16:01:00 +0000] "GET /wp-blog-header.php HTTP/1.1" 404 20 "-" "-"
20.100.173.28 - - [28/Jul/2026:16:01:01 +0000] "GET /aa.php HTTP/1.1" 404 12285 "-" "-"
20.100.173.28 - - [28/Jul/2026:16:01:01 +0000] "GET /tx79.php HTTP/1.1" 404 12288 "-" "-"
20.100.173.28 - - [28/Jul/2026:16:01:02 +0000] "GET /motu.php HTTP/1.1" 404 12288 "-" "-"
20.100.173.28 - - [28/Jul/2026:16:01:02 +0000] "GET /wp-head.php HTTP/1.1" 404 12287 "-" "-"
20.100.173.28 - - [28/Jul/2026:16:01:03 +0000] "GET /wp-admin/options-privacy.php HTTP/1.1" 302 20 "-" "-"
172.105.42.26 - - [28/Jul/2026:16:01:29 +0000] "POST /wp-cron.php?doing_wp_cron=1785254489.3408360481262207031250 HTTP/1.1" 200 20 "-" "WordPress/7.0.2; https://hondasaudi.com"
20.100.173.28 - - [28/Jul/2026:16:01:29 +0000] "GET /60856e3a4findex.php HTTP/1.1" 404 12295 "-" "-"
20.100.173.28 - - [28/Jul/2026:16:01:29 +0000] "GET /wp-the.php HTTP/1.1" 404 12289 "-" "-"
20.100.173.28 - - [28/Jul/2026:16:01:30 +0000] "GET /wp.php HTTP/1.1" 404 12285 "-" "-"
20.100.173.28 - - [28/Jul/2026:16:01:30 +0000] "GET /users.php HTTP/1.1" 404 12288 "-" "-"
20.100.173.28 - - [28/Jul/2026:16:01:31 +0000] "GET /tinysd.php HTTP/1.1" 404 12289 "-" "-"
20.100.173.28 - - [28/Jul/2026:16:01:31 +0000] "GET /ws78.php HTTP/1.1" 404 12288 "-" "-"
20.100.173.28 - - [28/Jul/2026:16:01:32 +0000] "GET /elp.php HTTP/1.1" 404 12287 "-" "-"
20.100.173.28 - - [28/Jul/2026:16:01:32 +0000] "GET /atomlib.php HTTP/1.1" 404 12292 "-" "-"
20.100.173.28 - - [28/Jul/2026:16:01:33 +0000] "GET /wyzer3.php HTTP/1.1" 404 12290 "-" "-"
20.100.173.28 - - [28/Jul/2026:16:01:33 +0000] "GET /max.php HTTP/1.1" 404 12287 "-" "-"
20.100.173.28 - - [28/Jul/2026:16:01:34 +0000] "GET /ftde.php HTTP/1.1" 404 12288 "-" "-"
172.105.42.26 - - [28/Jul/2026:16:04:03 +0000] "POST /wp-cron.php?doing_wp_cron=1785254643.6954989433288574218750 HTTP/1.1" 200 20 "-" "WordPress/7.0.2; https://hondasaudi.com"
185.192.70.102 - - [28/Jul/2026:16:04:03 +0000] "GET /000.php HTTP/1.1" 404 12286 "-" "Go-http-client/1.1"
185.192.70.102 - - [28/Jul/2026:16:04:04 +0000] "GET /wp-admin/css/index.php HTTP/1.1" 301 20 "-" "Go-http-client/1.1"
185.192.70.102 - - [28/Jul/2026:16:04:04 +0000] "GET /wp-admin/css/ HTTP/1.1" 404 12287 "http://hondasaudi.com/wp-admin/css/index.php" "Go-http-client/1.1"
185.192.70.102 - - [28/Jul/2026:16:04:05 +0000] "GET /wp-content/plugins/index.php HTTP/1.1" 200 20 "-" "Go-http-client/1.1"
185.192.70.102 - - [28/Jul/2026:16:04:05 +0000] "GET /wp-content/index.php HTTP/1.1" 200 20 "-" "Go-http-client/1.1"
185.192.70.102 - - [28/Jul/2026:16:04:05 +0000] "GET //wp-content/plugins/fix/up.php HTTP/1.1" 403 5168 "-" "Go-http-client/1.1"
168.144.252.192 - - [28/Jul/2026:16:16:33 +0000] "GET /wp-login.php HTTP/1.1" 301 20 "-" "Mozilla/5.0 (Macintosh; Intel Mac OS X 13_6_1) AppleWebKit/605.1.15 (KHTML, like Gecko) Version/17.1 Safari/605.1.15"
168.144.252.192 - - [28/Jul/2026:16:16:37 +0000] "GET /-/-/-/-/-/-/-/-/-/-/ HTTP/1.1" 404 12347 "-" "Mozilla/5.0 (Macintosh; Intel Mac OS X 13_6_1) AppleWebKit/605.1.15 (KHTML, like Gecko) Version/17.1 Safari/605.1.15"
216.73.217.51 - - [28/Jul/2026:16:22:01 +0000] "GET /robots.txt HTTP/1.1" 304 - "-" "Mozilla/5.0 AppleWebKit/537.36 (KHTML, like Gecko; compatible; ClaudeBot/1.0; +claudebot@anthropic.com)"
172.105.42.26 - - [28/Jul/2026:16:22:01 +0000] "POST /wp-cron.php?doing_wp_cron=1785255721.9468009471893310546875 HTTP/1.1" 200 20 "-" "WordPress/7.0.2; https://hondasaudi.com"
216.73.217.51 - - [28/Jul/2026:16:22:01 +0000] "GET /sitemap.xml HTTP/1.1" 301 20 "-" "Mozilla/5.0 AppleWebKit/537.36 (KHTML, like Gecko; compatible; ClaudeBot/1.0; +claudebot@anthropic.com)"
168.144.252.192 - - [28/Jul/2026:16:23:52 +0000] "GET /wp-login.php HTTP/1.1" 404 12348 "-" "Mozilla/5.0 (Windows NT 11.0; Win64; x64; rv:121.0) Gecko/20100101 Firefox/121.0"
172.105.42.26 - - [28/Jul/2026:16:24:10 +0000] "POST /wp-cron.php?doing_wp_cron=1785255850.1801059246063232421875 HTTP/1.1" 200 20 "-" "WordPress/7.0.2; https://hondasaudi.com"
66.249.66.71 - - [28/Jul/2026:16:24:09 +0000] "GET / HTTP/1.1" 301 20 "-" "Mozilla/5.0 (Linux; Android 6.0.1; Nexus 5X Build/MMB29P) AppleWebKit/537.36 (KHTML, like Gecko) Chrome/150.0.7871.128 Mobile Safari/537.36 (compatible; Googlebot/2.1; +http://www.google.com/bot.html)"
172.105.42.26 - - [28/Jul/2026:16:28:21 +0000] "POST /wp-cron.php?doing_wp_cron=1785256101.6899390220642089843750 HTTP/1.1" 200 20 "-" "WordPress/7.0.2; https://hondasaudi.com"
169.58.72.249 - - [28/Jul/2026:16:28:21 +0000] "GET /wp-admin/images/ HTTP/1.1" 404 12290 "-" "Mozilla/5.0 (Windows NT 10.0; Win64; x64) AppleWebKit/537.36 (KHTML, like Gecko) Chrome/120.0.0.0 Safari/537.36"
172.105.42.26 - - [28/Jul/2026:16:30:17 +0000] "POST /wp-cron.php?doing_wp_cron=1785256217.6203849315643310546875 HTTP/1.1" 200 20 "-" "WordPress/7.0.2; https://hondasaudi.com"
169.58.72.249 - - [28/Jul/2026:16:30:17 +0000] "GET /wp-includes/sitemaps/providers/ HTTP/1.1" 404 12356 "-" "Mozilla/5.0 (Windows NT 10.0; Win64; x64) AppleWebKit/537.36 (KHTML, like Gecko) Chrome/120.0.0.0 Safari/537.36"
169.58.72.249 - - [28/Jul/2026:16:30:56 +0000] "GET /wp-includes/pomo/ HTTP/1.1" 404 12286 "-" "Mozilla/5.0 (Windows NT 10.0; Win64; x64) AppleWebKit/537.36 (KHTML, like Gecko) Chrome/120.0.0.0 Safari/537.36"
169.58.39.117 - - [28/Jul/2026:16:31:31 +0000] "GET /wp-content/plugins/shell/about.php HTTP/1.1" 403 5168 "www.google.com" "Mozlila/5.0 (Linux; Android 7.0; SM-G892A Bulid/NRD90M; wv) AppleWebKit/537.36 (KHTML, like Gecko) Version/4.0 Chrome/60.0.3112.107 Moblie Safari/537.36"
169.58.72.249 - - [28/Jul/2026:16:32:01 +0000] "GET /wp-content/ HTTP/1.1" 200 20 "-" "Mozilla/5.0 (Windows NT 10.0; Win64; x64) AppleWebKit/537.36 (KHTML, like Gecko) Chrome/120.0.0.0 Safari/537.36"
169.58.39.117 - - [28/Jul/2026:16:32:06 +0000] "GET /wp-content/plugins/fix/up.php HTTP/1.1" 403 5168 "www.google.com" "Mozlila/5.0 (Linux; Android 7.0; SM-G892A Bulid/NRD90M; wv) AppleWebKit/537.36 (KHTML, like Gecko) Version/4.0 Chrome/60.0.3112.107 Moblie Safari/537.36"
169.58.39.117 - - [28/Jul/2026:16:33:05 +0000] "GET /wp-content/plugins/wp-help/mini.php HTTP/1.1" 403 5168 "www.google.com" "Mozlila/5.0 (Linux; Android 7.0; SM-G892A Bulid/NRD90M; wv) AppleWebKit/537.36 (KHTML, like Gecko) Version/4.0 Chrome/60.0.3112.107 Moblie Safari/537.36"
172.105.42.26 - - [28/Jul/2026:16:33:37 +0000] "POST /wp-cron.php?doing_wp_cron=1785256417.6185660362243652343750 HTTP/1.1" 200 20 "-" "WordPress/7.0.2; https://hondasaudi.com"
169.58.72.249 - - [28/Jul/2026:16:33:37 +0000] "GET /file/ HTTP/1.1" 404 12286 "-" "Mozilla/5.0 (Windows NT 10.0; Win64; x64) AppleWebKit/537.36 (KHTML, like Gecko) Chrome/120.0.0.0 Safari/537.36"
169.58.72.249 - - [28/Jul/2026:16:33:55 +0000] "GET /admin/ HTTP/1.1" 404 12286 "-" "Mozilla/5.0 (Windows NT 10.0; Win64; x64) AppleWebKit/537.36 (KHTML, like Gecko) Chrome/120.0.0.0 Safari/537.36"
169.58.72.249 - - [28/Jul/2026:16:33:57 +0000] "GET /cgi-bin/ HTTP/1.1" 404 12289 "-" "Mozilla/5.0 (Windows NT 10.0; Win64; x64) AppleWebKit/537.36 (KHTML, like Gecko) Chrome/120.0.0.0 Safari/537.36"
169.58.72.249 - - [28/Jul/2026:16:33:58 +0000] "GET /.tmb/ HTTP/1.1" 404 12286 "-" "Mozilla/5.0 (Windows NT 10.0; Win64; x64) AppleWebKit/537.36 (KHTML, like Gecko) Chrome/120.0.0.0 Safari/537.36"
172.105.42.26 - - [28/Jul/2026:16:42:09 +0000] "POST /wp-cron.php?doing_wp_cron=1785256929.3343250751495361328125 HTTP/1.1" 200 20 "-" "WordPress/7.0.2; https://hondasaudi.com"
43.164.131.148 - - [28/Jul/2026:16:42:09 +0000] "GET / HTTP/1.1" 301 20 "-" "Mozilla/5.0 (iPhone; CPU iPhone OS 13_2_3 like Mac OS X) AppleWebKit/605.1.15 (KHTML, like Gecko) Version/13.0.3 Mobile/15E148 Safari/604.1"
172.105.42.26 - - [28/Jul/2026:17:07:33 +0000] "POST /wp-cron.php?doing_wp_cron=1785258453.0743589401245117187500 HTTP/1.1" 200 20 "-" "WordPress/7.0.2; https://hondasaudi.com"
145.239.10.137 - - [28/Jul/2026:17:07:32 +0000] "GET /iy.php HTTP/1.1" 404 12287 "http://hondasaudi.com/iy.php" "Mozilla/5.0 (iPhone; CPU iPhone OS 17_5_1 like Mac OS X) AppleWebKit/605.1.15 (KHTML, like Gecko) Version/17.5 Mobile/15E148 Safari/604.1"
168.144.252.192 - - [28/Jul/2026:17:13:49 +0000] "GET /wp-login.php HTTP/1.1" 404 12364 "https://t.co/" "Mozilla/5.0 (Macintosh; Intel Mac OS X 13_6_1; rv:121.0) Gecko/20100101 Firefox/121.0"
74.7.241.26 - - [28/Jul/2026:17:38:59 +0000] "GET /admin.php?dir=CwusrCwlibCwmodulesCw4Fw18Fw0-553Fw8Fw1Fwel8_10Fwx86_64CwkernelCwdriversCwmiscCwmei HTTP/1.1" 200 3367 "http://hondasaudi.com/admin.php?dir=CwusrCwlibCwmodulesCw4Fw18Fw0-553Fw8Fw1Fwel8_10Fwx86_64CwkernelCwdriversCwmisc" "Mozilla/5.0 AppleWebKit/537.36 (KHTML, like Gecko; compatible; GPTBot/1.4; +https://openai.com/gptbot)"
74.7.241.26 - - [28/Jul/2026:17:46:41 +0000] "GET /admin.php?dir=CwusrCwlibCwmodulesCw4Fw18Fw0-553Fw8Fw1Fwel8_10Fwx86_64CwkernelCwdriversCwmiscCwmei&view=mei.ko.xz HTTP/1.1" 200 53341 "http://hondasaudi.com/admin.php?dir=CwusrCwlibCwmodulesCw4Fw18Fw0-553Fw8Fw1Fwel8_10Fwx86_64CwkernelCwdriversCwmiscCwmei" "Mozilla/5.0 AppleWebKit/537.36 (KHTML, like Gecko; compatible; GPTBot/1.4; +https://openai.com/gptbot)"
74.7.241.26 - - [28/Jul/2026:17:47:02 +0000] "GET /admin.php?dir=CwusrCwlibCwmodulesCw4Fw18Fw0-553Fw8Fw1Fwel8_10Fwx86_64CwkernelCwdriversCwmiscCwmei&view=mei-me.ko.xz HTTP/1.1" 200 16817 "http://hondasaudi.com/admin.php?dir=CwusrCwlibCwmodulesCw4Fw18Fw0-553Fw8Fw1Fwel8_10Fwx86_64CwkernelCwdriversCwmiscCwmei" "Mozilla/5.0 AppleWebKit/537.36 (KHTML, like Gecko; compatible; GPTBot/1.4; +https://openai.com/gptbot)"
2a03:2880:16ff:18:: - - [28/Jul/2026:17:52:04 +0000] "GET /meta.json?media=IG_Accord_Apr21 HTTP/1.1" 404 12304 "-" "facebookexternalhit/1.1 (+http://www.facebook.com/externalhit_uatext.php)"
216.73.217.51 - - [28/Jul/2026:18:23:25 +0000] "GET /robots.txt HTTP/1.1" 304 - "-" "Mozilla/5.0 AppleWebKit/537.36 (KHTML, like Gecko; compatible; ClaudeBot/1.0; +claudebot@anthropic.com)"
216.73.217.51 - - [28/Jul/2026:18:23:26 +0000] "GET /sitemap.xml HTTP/1.1" 301 20 "-" "Mozilla/5.0 AppleWebKit/537.36 (KHTML, like Gecko; compatible; ClaudeBot/1.0; +claudebot@anthropic.com)"
172.105.42.26 - - [28/Jul/2026:18:33:19 +0000] "POST /wp-cron.php?doing_wp_cron=1785263599.6970720291137695312500 HTTP/1.1" 200 20 "-" "WordPress/7.0.2; https://hondasaudi.com"
2001:16a4:6c:1e09:c8c1:1243:9f32:47c6 - - [28/Jul/2026:18:33:18 +0000] "GET /privacy-policy/ HTTP/1.1" 200 34894 "-" "Mozilla/5.0 (iPhone; CPU iPhone OS 18_7 like Mac OS X) AppleWebKit/605.1.15 (KHTML, like Gecko) Mobile/15E148"
74.7.241.26 - - [28/Jul/2026:18:34:39 +0000] "GET /admin.php?dir=CwusrCwlibCwmodulesCw4Fw18Fw0-513Fw24Fw1Fwel8_9Fwx86_64CwkernelCwsoundCwdriversCwmpu401 HTTP/1.1" 200 3378 "http://hondasaudi.com/admin.php?dir=CwusrCwlibCwmodulesCw4Fw18Fw0-513Fw24Fw1Fwel8_9Fwx86_64CwkernelCwsoundCwdrivers" "Mozilla/5.0 AppleWebKit/537.36 (KHTML, like Gecko; compatible; GPTBot/1.4; +https://openai.com/gptbot)"
74.7.241.26 - - [28/Jul/2026:18:35:20 +0000] "GET /admin.php?dir=CwusrCwlibCwmodulesCw4Fw18Fw0-553Fw8Fw1Fwel8_10Fwx86_64CwkernelCwdriversCwgpuCwdrmCwi915 HTTP/1.1" 200 3395 "http://hondasaudi.com/admin.php?dir=CwusrCwlibCwmodulesCw4Fw18Fw0-553Fw8Fw1Fwel8_10Fwx86_64CwkernelCwdriversCwgpuCwdrm" "Mozilla/5.0 AppleWebKit/537.36 (KHTML, like Gecko; compatible; GPTBot/1.4; +https://openai.com/gptbot)"
74.7.241.26 - - [28/Jul/2026:18:39:36 +0000] "GET /admin.php?dir=CwusrCwlibCwmodulesCw4Fw18Fw0-513Fw24Fw1Fwel8_9Fwx86_64CwkernelCwsoundCwdriversCwmpu401&view=snd-mpu401-uart.ko.xz HTTP/1.1" 200 5510 "http://hondasaudi.com/admin.php?dir=CwusrCwlibCwmodulesCw4Fw18Fw0-513Fw24Fw1Fwel8_9Fwx86_64CwkernelCwsoundCwdriversCwmpu401" "Mozilla/5.0 AppleWebKit/537.36 (KHTML, like Gecko; compatible; GPTBot/1.4; +https://openai.com/gptbot)"
74.7.241.26 - - [28/Jul/2026:18:39:56 +0000] "GET /admin.php?dir=CwusrCwlibCwmodulesCw4Fw18Fw0-513Fw24Fw1Fwel8_9Fwx86_64CwkernelCwsoundCwdriversCwmpu401&view=snd-mpu401.ko.xz HTTP/1.1" 200 5066 "http://hondasaudi.com/admin.php?dir=CwusrCwlibCwmodulesCw4Fw18Fw0-513Fw24Fw1Fwel8_9Fwx86_64CwkernelCwsoundCwdriversCwmpu401" "Mozilla/5.0 AppleWebKit/537.36 (KHTML, like Gecko; compatible; GPTBot/1.4; +https://openai.com/gptbot)"
192.141.191.243 - - [28/Jul/2026:18:41:14 +0000] "GET /.env HTTP/1.1" 403 5168 "-" "Mozilla/5.0 (Windows NT 10.0; Win64; x64) AppleWebKit/537.36 (KHTML, like Gecko) Chrome/120.0.0.0 Safari/537.36"
74.7.241.26 - - [28/Jul/2026:18:47:02 +0000] "GET /admin.php?dir=CwusrCwlibCwmodulesCw4Fw18Fw0-553Fw8Fw1Fwel8_10Fwx86_64CwkernelCwdriversCwgpuCwdrmCwi915&view=i915.ko.xz HTTP/1.1" 200 1059394 "http://hondasaudi.com/admin.php?dir=CwusrCwlibCwmodulesCw4Fw18Fw0-553Fw8Fw1Fwel8_10Fwx86_64CwkernelCwdriversCwgpuCwdrmCwi915" "Mozilla/5.0 AppleWebKit/537.36 (KHTML, like Gecko; compatible; GPTBot/1.4; +https://openai.com/gptbot)"
74.7.241.26 - - [28/Jul/2026:18:47:23 +0000] "GET /admin.php?dir=CwusrCwlibCwmodulesCw4Fw18Fw0-553Fw8Fw1Fwel8_10Fwx86_64CwkernelCwdriversCwgpuCwdrmCwi915&view=kvmgt.ko.xz HTTP/1.1" 200 123572 "http://hondasaudi.com/admin.php?dir=CwusrCwlibCwmodulesCw4Fw18Fw0-553Fw8Fw1Fwel8_10Fwx86_64CwkernelCwdriversCwgpuCwdrmCwi915" "Mozilla/5.0 AppleWebKit/537.36 (KHTML, like Gecko; compatible; GPTBot/1.4; +https://openai.com/gptbot)"
74.7.241.26 - - [28/Jul/2026:18:48:05 +0000] "GET /admin.php?dir=CwhomeCwbalubaidCwweb3FwautozoneFwcomFwsaCwwp-contentCwpluginsCwbdthemes-element-packCwassetsCwimages&edit=arrow-right.svg HTTP/1.1" 200 2937 "http://hondasaudi.com/admin.php?dir=CwhomeCwbalubaidCwweb3FwautozoneFwcomFwsaCwwp-contentCwpluginsCwbdthemes-element-packCwassetsCwimages" "Mozilla/5.0 AppleWebKit/537.36 (KHTML, like Gecko; compatible; GPTBot/1.4; +https://openai.com/gptbot)"
74.7.241.26 - - [28/Jul/2026:18:49:31 +0000] "GET /admin.php?dir=CwusrCwlibCwmodulesCw4Fw18Fw0-553Fw8Fw1Fwel8_10Fwx86_64CwkernelCwdriversCwgpu HTTP/1.1" 200 3218 "http://hondasaudi.com/admin.php?dir=CwusrCwlibCwmodulesCw4Fw18Fw0-553Fw8Fw1Fwel8_10Fwx86_64CwkernelCwdriversCwgpuCwdrmCwi915" "Mozilla/5.0 AppleWebKit/537.36 (KHTML, like Gecko; compatible; GPTBot/1.4; +https://openai.com/gptbot)"
74.7.241.26 - - [28/Jul/2026:18:49:52 +0000] "GET /admin.php?dir=CwusrCwlibCwmodulesCw4Fw18Fw0-513Fw24Fw1Fwel8_9Fwx86_64CwkernelCwsoundCwdrivers HTTP/1.1" 200 3632 "http://hondasaudi.com/admin.php?dir=CwusrCwlibCwmodulesCw4Fw18Fw0-513Fw24Fw1Fwel8_9Fwx86_64CwkernelCwsoundCwdriversCwmpu401" "Mozilla/5.0 AppleWebKit/537.36 (KHTML, like Gecko; compatible; GPTBot/1.4; +https://openai.com/gptbot)"
74.7.241.26 - - [28/Jul/2026:18:50:35 +0000] "GET /admin.php?dir=CwusrCwlibCwmodulesCw4Fw18Fw0-513Fw24Fw1Fwel8_9Fwx86_64CwkernelCwdriversCwmiscCwlis3lv02d HTTP/1.1" 200 3384 "http://hondasaudi.com/admin.php?dir=CwusrCwlibCwmodulesCw4Fw18Fw0-513Fw24Fw1Fwel8_9Fwx86_64CwkernelCwdriversCwmisc" "Mozilla/5.0 AppleWebKit/537.36 (KHTML, like Gecko; compatible; GPTBot/1.4; +https://openai.com/gptbot)"
74.7.241.26 - - [28/Jul/2026:18:51:57 +0000] "GET /admin.php?dir=CwusrCwlibCwmodulesCw4Fw18Fw0-477Fw10Fw1Fwel8_8Fwx86_64CwkernelCwdriversCwmiscCwlis3lv02d HTTP/1.1" 200 3386 "http://hondasaudi.com/admin.php?dir=CwusrCwlibCwmodulesCw4Fw18Fw0-477Fw10Fw1Fwel8_8Fwx86_64CwkernelCwdriversCwmisc" "Mozilla/5.0 AppleWebKit/537.36 (KHTML, like Gecko; compatible; GPTBot/1.4; +https://openai.com/gptbot)"
74.7.241.26 - - [28/Jul/2026:18:52:39 +0000] "GET /admin.php?dir=CwusrCwlibCwmodulesCw4Fw18Fw0-513Fw24Fw1Fwel8_9Fwx86_64CwkernelCwdriversCwnetCwcanCwcc770 HTTP/1.1" 200 3398 "http://hondasaudi.com/admin.php?dir=CwusrCwlibCwmodulesCw4Fw18Fw0-513Fw24Fw1Fwel8_9Fwx86_64CwkernelCwdriversCwnetCwcan" "Mozilla/5.0 AppleWebKit/537.36 (KHTML, like Gecko; compatible; GPTBot/1.4; +https://openai.com/gptbot)"
74.7.241.26 - - [28/Jul/2026:18:52:59 +0000] "GET /admin.php?dir=CwusrCwlibCwmodulesCw4Fw18Fw0-513Fw24Fw1Fwel8_9Fwx86_64CwkernelCwdriversCwmiscCwcb710 HTTP/1.1" 200 3317 "http://hondasaudi.com/admin.php?dir=CwusrCwlibCwmodulesCw4Fw18Fw0-513Fw24Fw1Fwel8_9Fwx86_64CwkernelCwdriversCwmisc" "Mozilla/5.0 AppleWebKit/537.36 (KHTML, like Gecko; compatible; GPTBot/1.4; +https://openai.com/gptbot)"
74.7.241.26 - - [28/Jul/2026:18:53:41 +0000] "GET /admin.php?dir=CwusrCwlibCwmodulesCw4Fw18Fw0-513Fw24Fw1Fwel8_9Fwx86_64CwkernelCwsoundCwdrivers&view=snd-virmidi.ko.xz HTTP/1.1" 200 3468 "http://hondasaudi.com/admin.php?dir=CwusrCwlibCwmodulesCw4Fw18Fw0-513Fw24Fw1Fwel8_9Fwx86_64CwkernelCwsoundCwdrivers" "Mozilla/5.0 AppleWebKit/537.36 (KHTML, like Gecko; compatible; GPTBot/1.4; +https://openai.com/gptbot)"
74.7.241.26 - - [28/Jul/2026:18:54:03 +0000] "GET /admin.php?dir=CwusrCwlibCwmodulesCw4Fw18Fw0-513Fw24Fw1Fwel8_9Fwx86_64CwkernelCwsoundCwdrivers&view=snd-mtpav.ko.xz HTTP/1.1" 200 5978 "http://hondasaudi.com/admin.php?dir=CwusrCwlibCwmodulesCw4Fw18Fw0-513Fw24Fw1Fwel8_9Fwx86_64CwkernelCwsoundCwdrivers" "Mozilla/5.0 AppleWebKit/537.36 (KHTML, like Gecko; compatible; GPTBot/1.4; +https://openai.com/gptbot)"
74.7.241.26 - - [28/Jul/2026:18:54:45 +0000] "GET /admin.php?dir=CwusrCwlibCwmodulesCw4Fw18Fw0-513Fw24Fw1Fwel8_9Fwx86_64CwkernelCwsoundCwdrivers&view=snd-dummy.ko.xz HTTP/1.1" 200 8971 "http://hondasaudi.com/admin.php?dir=CwusrCwlibCwmodulesCw4Fw18Fw0-513Fw24Fw1Fwel8_9Fwx86_64CwkernelCwsoundCwdrivers" "Mozilla/5.0 AppleWebKit/537.36 (KHTML, like Gecko; compatible; GPTBot/1.4; +https://openai.com/gptbot)"
74.7.241.26 - - [28/Jul/2026:18:55:05 +0000] "GET /admin.php?dir=CwusrCwlibCwmodulesCw4Fw18Fw0-513Fw24Fw1Fwel8_9Fwx86_64CwkernelCwsoundCwdrivers&view=snd-aloop.ko.xz HTTP/1.1" 200 13644 "http://hondasaudi.com/admin.php?dir=CwusrCwlibCwmodulesCw4Fw18Fw0-513Fw24Fw1Fwel8_9Fwx86_64CwkernelCwsoundCwdrivers" "Mozilla/5.0 AppleWebKit/537.36 (KHTML, like Gecko; compatible; GPTBot/1.4; +https://openai.com/gptbot)"
172.105.42.26 - - [28/Jul/2026:18:56:28 +0000] "POST /wp-cron.php?doing_wp_cron=1785264988.8756930828094482421875 HTTP/1.1" 200 20 "-" "WordPress/7.0.2; https://hondasaudi.com"
74.7.241.26 - - [28/Jul/2026:18:56:28 +0000] "GET /admin.php?dir=CwusrCwlibCwmodulesCw4Fw18Fw0-513Fw24Fw1Fwel8_9Fwx86_64CwkernelCwdriversCwnetCwcanCwcc770&view=cc770_platform.ko.xz HTTP/1.1" 200 3351 "http://hondasaudi.com/admin.php?dir=CwusrCwlibCwmodulesCw4Fw18Fw0-513Fw24Fw1Fwel8_9Fwx86_64CwkernelCwdriversCwnetCwcanCwcc770" "Mozilla/5.0 AppleWebKit/537.36 (KHTML, like Gecko; compatible; GPTBot/1.4; +https://openai.com/gptbot)"
74.7.241.26 - - [28/Jul/2026:18:56:49 +0000] "GET /admin.php?dir=CwusrCwlibCwmodulesCw4Fw18Fw0-513Fw24Fw1Fwel8_9Fwx86_64CwkernelCwdriversCwnetCwcanCwcc770&view=cc770.ko.xz HTTP/1.1" 200 7549 "http://hondasaudi.com/admin.php?dir=CwusrCwlibCwmodulesCw4Fw18Fw0-513Fw24Fw1Fwel8_9Fwx86_64CwkernelCwdriversCwnetCwcanCwcc770" "Mozilla/5.0 AppleWebKit/537.36 (KHTML, like Gecko; compatible; GPTBot/1.4; +https://openai.com/gptbot)"
74.7.241.26 - - [28/Jul/2026:18:57:53 +0000] "GET /admin.php?dir=CwusrCwlibCwmodulesCw4Fw18Fw0-513Fw24Fw1Fwel8_9Fwx86_64CwkernelCwdriversCwmiscCwcb710&view=cb710.ko.xz HTTP/1.1" 200 5623 "http://hondasaudi.com/admin.php?dir=CwusrCwlibCwmodulesCw4Fw18Fw0-513Fw24Fw1Fwel8_9Fwx86_64CwkernelCwdriversCwmiscCwcb710" "Mozilla/5.0 AppleWebKit/537.36 (KHTML, like Gecko; compatible; GPTBot/1.4; +https://openai.com/gptbot)"
74.7.241.26 - - [28/Jul/2026:19:00:42 +0000] "GET /admin.php?dir=CwusrCwlibCwmodulesCw4Fw18Fw0-477Fw10Fw1Fwel8_8Fwx86_64CwkernelCwdriversCwmiscCwlis3lv02d&view=lis3lv02d.ko.xz HTTP/1.1" 200 9500 "http://hondasaudi.com/admin.php?dir=CwusrCwlibCwmodulesCw4Fw18Fw0-477Fw10Fw1Fwel8_8Fwx86_64CwkernelCwdriversCwmiscCwlis3lv02d" "Mozilla/5.0 AppleWebKit/537.36 (KHTML, like Gecko; compatible; GPTBot/1.4; +https://openai.com/gptbot)"
74.7.241.26 - - [28/Jul/2026:19:01:03 +0000] "GET /admin.php?dir=CwusrCwlibCwmodulesCw4Fw18Fw0-513Fw24Fw1Fwel8_9Fwx86_64CwkernelCwdriversCwmiscCwlis3lv02d&view=lis3lv02d.ko.xz HTTP/1.1" 200 9618 "http://hondasaudi.com/admin.php?dir=CwusrCwlibCwmodulesCw4Fw18Fw0-513Fw24Fw1Fwel8_9Fwx86_64CwkernelCwdriversCwmiscCwlis3lv02d" "Mozilla/5.0 AppleWebKit/537.36 (KHTML, like Gecko; compatible; GPTBot/1.4; +https://openai.com/gptbot)"
74.7.241.26 - - [28/Jul/2026:19:01:24 +0000] "GET /admin.php?dir=CwusrCwlibCwmodulesCw4Fw18Fw0-513Fw24Fw1Fwel8_9Fwx86_64CwkernelCwdriversCwmiscCwlis3lv02d&view=lis3lv02d_i2c.ko.xz HTTP/1.1" 200 3350 "http://hondasaudi.com/admin.php?dir=CwusrCwlibCwmodulesCw4Fw18Fw0-513Fw24Fw1Fwel8_9Fwx86_64CwkernelCwdriversCwmiscCwlis3lv02d" "Mozilla/5.0 AppleWebKit/537.36 (KHTML, like Gecko; compatible; GPTBot/1.4; +https://openai.com/gptbot)"
74.7.241.26 - - [28/Jul/2026:19:02:26 +0000] "GET /admin.php?dir=CwusrCwlibCwmodulesCw4Fw18Fw0-477Fw10Fw1Fwel8_8Fwx86_64CwkernelCwdriversCwmiscCwlis3lv02d&view=lis3lv02d_i2c.ko.xz HTTP/1.1" 200 3307 "http://hondasaudi.com/admin.php?dir=CwusrCwlibCwmodulesCw4Fw18Fw0-477Fw10Fw1Fwel8_8Fwx86_64CwkernelCwdriversCwmiscCwlis3lv02d" "Mozilla/5.0 AppleWebKit/537.36 (KHTML, like Gecko; compatible; GPTBot/1.4; +https://openai.com/gptbot)"
172.105.42.26 - - [28/Jul/2026:19:12:19 +0000] "POST /wp-cron.php?doing_wp_cron=1785265939.5810670852661132812500 HTTP/1.1" 200 20 "-" "WordPress/7.0.2; https://hondasaudi.com"
124.222.230.178 - - [28/Jul/2026:19:12:19 +0000] "GET / HTTP/1.1" 301 20 "-" "Mozilla/5.0 (iPhone; CPU iPhone OS 13_2_3 like Mac OS X) AppleWebKit/605.1.15 (KHTML, like Gecko) Version/13.0.3 Mobile/15E148 Safari/604.1"
13.207.186.16 - - [28/Jul/2026:19:12:19 +0000] "GET / HTTP/1.1" 301 20 "-" "Go-http-client/1.1"
13.207.186.16 - - [28/Jul/2026:19:12:20 +0000] "GET /wp-includes/css/buttons.css HTTP/1.1" 200 2899 "-" "Go-http-client/1.1"
68.66.226.97 - - [28/Jul/2026:19:20:14 +0000] "GET /.well-known/acme-challenge/K_Z8_533-S9X0T8DURR9BIBAXEBMA3B4 HTTP/1.1" 404 - "-" "Cpanel-HTTP-Client/1.0"
68.66.226.97 - - [28/Jul/2026:19:20:16 +0000] "GET /.well-known/acme-challenge/6CFYLTXG43I6WXT9YE13Z6GXUKERVJ50 HTTP/1.1" 404 - "-" "Cpanel-HTTP-Client/1.0"
68.66.226.97 - - [28/Jul/2026:19:20:16 +0000] "GET /.well-known/acme-challenge/PNPMJ9T6KFF9JP4O9DZQBLGP90U8ZW2Z HTTP/1.1" 404 - "-" "Cpanel-HTTP-Client/1.0"
172.105.42.26 - - [28/Jul/2026:19:26:40 +0000] "POST /wp-cron.php?doing_wp_cron=1785266800.8691620826721191406250 HTTP/1.1" 200 20 "-" "WordPress/7.0.2; https://hondasaudi.com"
172.105.42.26 - - [28/Jul/2026:19:26:40 +0000] "POST /wp-cron.php?doing_wp_cron=1785266800.8691420555114746093750 HTTP/1.1" 200 20 "-" "WordPress/7.0.2; https://hondasaudi.com"
193.32.162.203 - - [28/Jul/2026:19:26:40 +0000] "GET / HTTP/1.1" 301 20 "-" "Mozilla/5.0 (Macintosh; Intel Mac OS X 10_15_7) AppleWebKit/537.36 (KHTML, like Gecko) Chrome/142.0.0.0 Safari/537.36"
193.32.162.203 - - [28/Jul/2026:19:26:40 +0000] "GET / HTTP/1.1" 301 20 "-" "Mozilla/5.0 (Macintosh; Intel Mac OS X 10_15_7) AppleWebKit/537.36 (KHTML, like Gecko) Chrome/142.0.0.0 Safari/537.36"
193.32.162.203 - - [28/Jul/2026:19:26:40 +0000] "GET / HTTP/1.1" 301 20 "-" "Mozilla/5.0 (Macintosh; Intel Mac OS X 10_15_7) AppleWebKit/537.36 (KHTML, like Gecko) Chrome/142.0.0.0 Safari/537.36"
172.105.42.26 - - [28/Jul/2026:19:30:40 +0000] "POST /wp-cron.php?doing_wp_cron=1785267040.2688810825347900390625 HTTP/1.1" 200 20 "-" "WordPress/7.0.2; https://hondasaudi.com"
169.58.72.250 - - [28/Jul/2026:19:30:39 +0000] "GET /wp-admin/css/colors/blue/ HTTP/1.1" 404 12357 "-" "Mozilla/5.0 (Windows NT 10.0; Win64; x64) AppleWebKit/537.36 (KHTML, like Gecko) Chrome/120.0.0.0 Safari/537.36"
172.105.42.26 - - [28/Jul/2026:19:31:15 +0000] "POST /wp-cron.php?doing_wp_cron=1785267075.8416390419006347656250 HTTP/1.1" 200 20 "-" "WordPress/7.0.2; https://hondasaudi.com"
169.58.72.250 - - [28/Jul/2026:19:31:15 +0000] "GET /wp-admin/js/widgets/ HTTP/1.1" 404 12357 "-" "Mozilla/5.0 (Windows NT 10.0; Win64; x64) AppleWebKit/537.36 (KHTML, like Gecko) Chrome/120.0.0.0 Safari/537.36"
169.58.72.250 - - [28/Jul/2026:19:32:38 +0000] "GET /wp-includes/css/ HTTP/1.1" 404 12283 "-" "Mozilla/5.0 (Windows NT 10.0; Win64; x64) AppleWebKit/537.36 (KHTML, like Gecko) Chrome/120.0.0.0 Safari/537.36"
172.105.42.26 - - [28/Jul/2026:19:33:38 +0000] "POST /wp-cron.php?doing_wp_cron=1785267218.5597341060638427734375 HTTP/1.1" 200 20 "-" "WordPress/7.0.2; https://hondasaudi.com"
169.58.72.250 - - [28/Jul/2026:19:33:38 +0000] "GET /wp-includes/sitemaps/providers/ HTTP/1.1" 404 12356 "-" "Mozilla/5.0 (Windows NT 10.0; Win64; x64) AppleWebKit/537.36 (KHTML, like Gecko) Chrome/120.0.0.0 Safari/537.36"
172.105.42.26 - - [28/Jul/2026:19:34:18 +0000] "POST /wp-cron.php?doing_wp_cron=1785267258.2423560619354248046875 HTTP/1.1" 200 20 "-" "WordPress/7.0.2; https://hondasaudi.com"
169.58.72.250 - - [28/Jul/2026:19:34:17 +0000] "GET /wp-includes/pomo/ HTTP/1.1" 404 12287 "-" "Mozilla/5.0 (Windows NT 10.0; Win64; x64) AppleWebKit/537.36 (KHTML, like Gecko) Chrome/120.0.0.0 Safari/537.36"
169.58.72.250 - - [28/Jul/2026:19:34:34 +0000] "GET /wp-includes/js/ HTTP/1.1" 404 12285 "-" "Mozilla/5.0 (Windows NT 10.0; Win64; x64) AppleWebKit/537.36 (KHTML, like Gecko) Chrome/120.0.0.0 Safari/537.36"
172.105.42.26 - - [28/Jul/2026:19:35:36 +0000] "POST /wp-cron.php?doing_wp_cron=1785267336.4072721004486083984375 HTTP/1.1" 200 20 "-" "WordPress/7.0.2; https://hondasaudi.com"
