74.7.241.26 - - [29/Jul/2026:09:38:32 +0000] "GET /admin.php?dir=CwhomeCwFwcpanmCwworkCw1708291715Fw5923CwDBD-mysql-5Fw003Cwt&view=85init_command.t HTTP/1.1" 200 502 "http://hondasaudi.com/admin.php?dir=CwhomeCwFwcpanmCwworkCw1708291715Fw5923CwDBD-mysql-5Fw003Cwt" "Mozilla/5.0 AppleWebKit/537.36 (KHTML, like Gecko; compatible; GPTBot/1.4; +https://openai.com/gptbot)"
169.58.42.241 - - [29/Jul/2026:09:38:32 +0000] "GET /wp-content/ HTTP/1.1" 200 20 "-" "Mozilla/5.0 (Windows NT 10.0; Win64; x64) AppleWebKit/537.36 (KHTML, like Gecko) Chrome/120.0.0.0 Safari/537.36"
169.58.42.241 - - [29/Jul/2026:09:38:34 +0000] "GET /wp-content/languages/ HTTP/1.1" 404 12285 "-" "Mozilla/5.0 (Windows NT 10.0; Win64; x64) AppleWebKit/537.36 (KHTML, like Gecko) Chrome/120.0.0.0 Safari/537.36"
169.58.42.241 - - [29/Jul/2026:09:38:38 +0000] "GET /wp-content/IXR/ HTTP/1.1" 404 12283 "-" "Mozilla/5.0 (Windows NT 10.0; Win64; x64) AppleWebKit/537.36 (KHTML, like Gecko) Chrome/120.0.0.0 Safari/537.36"
169.58.42.241 - - [29/Jul/2026:09:38:39 +0000] "GET /wp-content/uploads/ HTTP/1.1" 404 12280 "-" "Mozilla/5.0 (Windows NT 10.0; Win64; x64) AppleWebKit/537.36 (KHTML, like Gecko) Chrome/120.0.0.0 Safari/537.36"
169.58.42.241 - - [29/Jul/2026:09:38:43 +0000] "GET /wp-content/upgrade/ HTTP/1.1" 404 12284 "-" "Mozilla/5.0 (Windows NT 10.0; Win64; x64) AppleWebKit/537.36 (KHTML, like Gecko) Chrome/120.0.0.0 Safari/537.36"
169.58.42.241 - - [29/Jul/2026:09:38:47 +0000] "GET /wp-content/plugins/ HTTP/1.1" 200 20 "-" "Mozilla/5.0 (Windows NT 10.0; Win64; x64) AppleWebKit/537.36 (KHTML, like Gecko) Chrome/120.0.0.0 Safari/537.36"
169.58.42.241 - - [29/Jul/2026:09:38:48 +0000] "GET /wp-content/themes/ HTTP/1.1" 200 20 "-" "Mozilla/5.0 (Windows NT 10.0; Win64; x64) AppleWebKit/537.36 (KHTML, like Gecko) Chrome/120.0.0.0 Safari/537.36"
169.58.42.241 - - [29/Jul/2026:09:38:49 +0000] "GET /.well-known/ HTTP/1.1" 404 12292 "-" "Mozilla/5.0 (Windows NT 10.0; Win64; x64) AppleWebKit/537.36 (KHTML, like Gecko) Chrome/120.0.0.0 Safari/537.36"
169.58.42.241 - - [29/Jul/2026:09:38:52 +0000] "GET /uploads/ HTTP/1.1" 404 12285 "-" "Mozilla/5.0 (Windows NT 10.0; Win64; x64) AppleWebKit/537.36 (KHTML, like Gecko) Chrome/120.0.0.0 Safari/537.36"
74.7.241.26 - - [29/Jul/2026:09:38:54 +0000] "GET /admin.php?dir=CwhomeCwFwcpanmCwworkCw1708291715Fw5923CwDBD-mysql-5Fw003Cwt&view=50chopblanks.t HTTP/1.1" 200 1211 "http://hondasaudi.com/admin.php?dir=CwhomeCwFwcpanmCwworkCw1708291715Fw5923CwDBD-mysql-5Fw003Cwt" "Mozilla/5.0 AppleWebKit/537.36 (KHTML, like Gecko; compatible; GPTBot/1.4; +https://openai.com/gptbot)"
169.58.42.241 - - [29/Jul/2026:09:38:54 +0000] "GET /files/ HTTP/1.1" 404 12286 "-" "Mozilla/5.0 (Windows NT 10.0; Win64; x64) AppleWebKit/537.36 (KHTML, like Gecko) Chrome/120.0.0.0 Safari/537.36"
169.58.42.241 - - [29/Jul/2026:09:38:56 +0000] "GET /file/ HTTP/1.1" 404 12286 "-" "Mozilla/5.0 (Windows NT 10.0; Win64; x64) AppleWebKit/537.36 (KHTML, like Gecko) Chrome/120.0.0.0 Safari/537.36"
169.58.42.241 - - [29/Jul/2026:09:39:00 +0000] "GET /images/ HTTP/1.1" 404 12285 "-" "Mozilla/5.0 (Windows NT 10.0; Win64; x64) AppleWebKit/537.36 (KHTML, like Gecko) Chrome/120.0.0.0 Safari/537.36"
169.58.42.241 - - [29/Jul/2026:09:39:04 +0000] "GET /admin/ HTTP/1.1" 404 12286 "-" "Mozilla/5.0 (Windows NT 10.0; Win64; x64) AppleWebKit/537.36 (KHTML, like Gecko) Chrome/120.0.0.0 Safari/537.36"
172.105.42.26 - - [29/Jul/2026:09:39:08 +0000] "POST /wp-cron.php?doing_wp_cron=1785317948.0524179935455322265625 HTTP/1.1" 200 20 "-" "WordPress/7.0.2; https://hondasaudi.com"
169.58.42.241 - - [29/Jul/2026:09:39:07 +0000] "GET /cgi-bin/ HTTP/1.1" 404 12288 "-" "Mozilla/5.0 (Windows NT 10.0; Win64; x64) AppleWebKit/537.36 (KHTML, like Gecko) Chrome/120.0.0.0 Safari/537.36"
169.58.42.241 - - [29/Jul/2026:09:39:09 +0000] "GET /.tmb/ HTTP/1.1" 404 12286 "-" "Mozilla/5.0 (Windows NT 10.0; Win64; x64) AppleWebKit/537.36 (KHTML, like Gecko) Chrome/120.0.0.0 Safari/537.36"
74.7.241.26 - - [29/Jul/2026:09:39:16 +0000] "GET /admin.php?dir=CwhomeCwFwcpanmCwworkCw1708291715Fw5923CwDBD-mysql-5Fw003Cwt&view=56connattr.t HTTP/1.1" 200 771 "http://hondasaudi.com/admin.php?dir=CwhomeCwFwcpanmCwworkCw1708291715Fw5923CwDBD-mysql-5Fw003Cwt" "Mozilla/5.0 AppleWebKit/537.36 (KHTML, like Gecko; compatible; GPTBot/1.4; +https://openai.com/gptbot)"
74.7.241.26 - - [29/Jul/2026:09:39:37 +0000] "GET /admin.php?dir=CwhomeCwFwcpanmCwworkCw1708291715Fw5923CwDBD-mysql-5Fw003Cwt&view=10connect.t HTTP/1.1" 200 1158 "http://hondasaudi.com/admin.php?dir=CwhomeCwFwcpanmCwworkCw1708291715Fw5923CwDBD-mysql-5Fw003Cwt" "Mozilla/5.0 AppleWebKit/537.36 (KHTML, like Gecko; compatible; GPTBot/1.4; +https://openai.com/gptbot)"
74.7.241.26 - - [29/Jul/2026:09:39:58 +0000] "GET /admin.php?dir=CwhomeCwFwcpanmCwworkCw1708291715Fw5923CwDBD-mysql-5Fw003Cwt&view=35prepare.t HTTP/1.1" 200 1371 "http://hondasaudi.com/admin.php?dir=CwhomeCwFwcpanmCwworkCw1708291715Fw5923CwDBD-mysql-5Fw003Cwt" "Mozilla/5.0 AppleWebKit/537.36 (KHTML, like Gecko; compatible; GPTBot/1.4; +https://openai.com/gptbot)"
74.7.241.26 - - [29/Jul/2026:09:40:19 +0000] "GET /admin.php?dir=CwhomeCwFwcpanmCwworkCw1708291715Fw5923CwDBD-mysql-5Fw003Cwt&view=05dbcreate.t HTTP/1.1" 200 494 "http://hondasaudi.com/admin.php?dir=CwhomeCwFwcpanmCwworkCw1708291715Fw5923CwDBD-mysql-5Fw003Cwt" "Mozilla/5.0 AppleWebKit/537.36 (KHTML, like Gecko; compatible; GPTBot/1.4; +https://openai.com/gptbot)"
74.7.241.26 - - [29/Jul/2026:09:40:39 +0000] "GET /admin.php?dir=CwhomeCwFwcpanmCwworkCw1708291715Fw5923CwDBD-mysql-5Fw003Cwt&view=40numrows.t HTTP/1.1" 200 724 "http://hondasaudi.com/admin.php?dir=CwhomeCwFwcpanmCwworkCw1708291715Fw5923CwDBD-mysql-5Fw003Cwt" "Mozilla/5.0 AppleWebKit/537.36 (KHTML, like Gecko; compatible; GPTBot/1.4; +https://openai.com/gptbot)"
74.7.241.26 - - [29/Jul/2026:09:41:00 +0000] "GET /admin.php?dir=CwhomeCwFwcpanmCwworkCw1708291715Fw5923CwDBD-mysql-5Fw003Cwt&view=65segfault.t HTTP/1.1" 200 571 "http://hondasaudi.com/admin.php?dir=CwhomeCwFwcpanmCwworkCw1708291715Fw5923CwDBD-mysql-5Fw003Cwt" "Mozilla/5.0 AppleWebKit/537.36 (KHTML, like Gecko; compatible; GPTBot/1.4; +https://openai.com/gptbot)"
74.7.241.26 - - [29/Jul/2026:09:41:21 +0000] "GET /admin.php?dir=CwhomeCwFwcpanmCwworkCw1708291715Fw5923CwDBD-mysql-5Fw003Cwt&view=70takeimp.t HTTP/1.1" 200 1176 "http://hondasaudi.com/admin.php?dir=CwhomeCwFwcpanmCwworkCw1708291715Fw5923CwDBD-mysql-5Fw003Cwt" "Mozilla/5.0 AppleWebKit/537.36 (KHTML, like Gecko; compatible; GPTBot/1.4; +https://openai.com/gptbot)"
74.7.241.26 - - [29/Jul/2026:09:41:41 +0000] "GET /admin.php?dir=CwhomeCwFwcpanmCwworkCw1708291715Fw5923CwDBD-mysql-5Fw003Cwt&view=40catalog.t HTTP/1.1" 200 2400 "http://hondasaudi.com/admin.php?dir=CwhomeCwFwcpanmCwworkCw1708291715Fw5923CwDBD-mysql-5Fw003Cwt" "Mozilla/5.0 AppleWebKit/537.36 (KHTML, like Gecko; compatible; GPTBot/1.4; +https://openai.com/gptbot)"
74.7.241.26 - - [29/Jul/2026:09:42:02 +0000] "GET /admin.php?dir=CwhomeCwFwcpanmCwworkCw1708291715Fw5923CwDBD-mysql-5Fw003Cwt&view=91errcheck.t HTTP/1.1" 200 358 "http://hondasaudi.com/admin.php?dir=CwhomeCwFwcpanmCwworkCw1708291715Fw5923CwDBD-mysql-5Fw003Cwt" "Mozilla/5.0 AppleWebKit/537.36 (KHTML, like Gecko; compatible; GPTBot/1.4; +https://openai.com/gptbot)"
74.7.241.26 - - [29/Jul/2026:09:42:24 +0000] "GET /admin.php?dir=CwhomeCwFwcpanmCwworkCw1708291715Fw5923CwDBD-mysql-5Fw003Cwt&view=40keyinfo.t HTTP/1.1" 200 676 "http://hondasaudi.com/admin.php?dir=CwhomeCwFwcpanmCwworkCw1708291715Fw5923CwDBD-mysql-5Fw003Cwt" "Mozilla/5.0 AppleWebKit/537.36 (KHTML, like Gecko; compatible; GPTBot/1.4; +https://openai.com/gptbot)"
74.7.241.26 - - [29/Jul/2026:09:42:45 +0000] "GET /admin.php?dir=CwhomeCwFwcpanmCwworkCw1708291715Fw5923CwDBD-mysql-5Fw003Cwt&view=53comment.t HTTP/1.1" 200 853 "http://hondasaudi.com/admin.php?dir=CwhomeCwFwcpanmCwworkCw1708291715Fw5923CwDBD-mysql-5Fw003Cwt" "Mozilla/5.0 AppleWebKit/537.36 (KHTML, like Gecko; compatible; GPTBot/1.4; +https://openai.com/gptbot)"
172.105.42.26 - - [29/Jul/2026:09:43:07 +0000] "POST /wp-cron.php?doing_wp_cron=1785318187.5074269771575927734375 HTTP/1.1" 200 20 "-" "WordPress/7.0.2; https://hondasaudi.com"
74.7.241.26 - - [29/Jul/2026:09:43:07 +0000] "GET /admin.php?dir=CwhomeCwFwcpanmCwworkCw1708291715Fw5923CwDBD-mysql-5Fw003Cwt&view=pod.t HTTP/1.1" 200 162 "http://hondasaudi.com/admin.php?dir=CwhomeCwFwcpanmCwworkCw1708291715Fw5923CwDBD-mysql-5Fw003Cwt" "Mozilla/5.0 AppleWebKit/537.36 (KHTML, like Gecko; compatible; GPTBot/1.4; +https://openai.com/gptbot)"
74.7.241.26 - - [29/Jul/2026:09:43:27 +0000] "GET /admin.php?dir=CwhomeCwFwcpanmCwworkCw1708291715Fw5923CwDBD-mysql-5Fw003Cwt&view=60leaks.t HTTP/1.1" 200 1782 "http://hondasaudi.com/admin.php?dir=CwhomeCwFwcpanmCwworkCw1708291715Fw5923CwDBD-mysql-5Fw003Cwt" "Mozilla/5.0 AppleWebKit/537.36 (KHTML, like Gecko; compatible; GPTBot/1.4; +https://openai.com/gptbot)"
74.7.241.26 - - [29/Jul/2026:09:43:47 +0000] "GET /admin.php?dir=CwhomeCwFwcpanmCwworkCw1708291715Fw5923CwDBD-mysql-5Fw003Cwt&view=65types.t HTTP/1.1" 200 569 "http://hondasaudi.com/admin.php?dir=CwhomeCwFwcpanmCwworkCw1708291715Fw5923CwDBD-mysql-5Fw003Cwt" "Mozilla/5.0 AppleWebKit/537.36 (KHTML, like Gecko; compatible; GPTBot/1.4; +https://openai.com/gptbot)"
74.7.241.26 - - [29/Jul/2026:09:44:08 +0000] "GET /admin.php?dir=CwhomeCwFwcpanmCwworkCw1708291715Fw5923CwDBD-mysql-5Fw003Cwt&view=40nulls.t HTTP/1.1" 200 586 "http://hondasaudi.com/admin.php?dir=CwhomeCwFwcpanmCwworkCw1708291715Fw5923CwDBD-mysql-5Fw003Cwt" "Mozilla/5.0 AppleWebKit/537.36 (KHTML, like Gecko; compatible; GPTBot/1.4; +https://openai.com/gptbot)"
74.7.241.26 - - [29/Jul/2026:09:44:29 +0000] "GET /admin.php?dir=CwhomeCwFwcpanmCwworkCw1708291715Fw5923CwDBD-mysql-5Fw003Cwt&view=80procs.t HTTP/1.1" 200 1080 "http://hondasaudi.com/admin.php?dir=CwhomeCwFwcpanmCwworkCw1708291715Fw5923CwDBD-mysql-5Fw003Cwt" "Mozilla/5.0 AppleWebKit/537.36 (KHTML, like Gecko; compatible; GPTBot/1.4; +https://openai.com/gptbot)"
74.7.241.26 - - [29/Jul/2026:09:44:50 +0000] "GET /admin.php?dir=CwhomeCwFwcpanmCwworkCw1708291715Fw5923CwDBD-mysql-5Fw003Cwt&view=40blobs.t HTTP/1.1" 200 1023 "http://hondasaudi.com/admin.php?dir=CwhomeCwFwcpanmCwworkCw1708291715Fw5923CwDBD-mysql-5Fw003Cwt" "Mozilla/5.0 AppleWebKit/537.36 (KHTML, like Gecko; compatible; GPTBot/1.4; +https://openai.com/gptbot)"
74.7.241.26 - - [29/Jul/2026:09:45:11 +0000] "GET /admin.php?dir=CwhomeCwFwcpanmCwworkCw1708291715Fw5923CwDBD-mysql-5Fw003Cwt&view=40types.t HTTP/1.1" 200 1168 "http://hondasaudi.com/admin.php?dir=CwhomeCwFwcpanmCwworkCw1708291715Fw5923CwDBD-mysql-5Fw003Cwt" "Mozilla/5.0 AppleWebKit/537.36 (KHTML, like Gecko; compatible; GPTBot/1.4; +https://openai.com/gptbot)"
74.7.241.26 - - [29/Jul/2026:09:45:31 +0000] "GET /admin.php?dir=CwhomeCwFwcpanmCwworkCw1708291715Fw5923CwDBD-mysql-5Fw003Cwt&view=50commit.t HTTP/1.1" 200 945 "http://hondasaudi.com/admin.php?dir=CwhomeCwFwcpanmCwworkCw1708291715Fw5923CwDBD-mysql-5Fw003Cwt" "Mozilla/5.0 AppleWebKit/537.36 (KHTML, like Gecko; compatible; GPTBot/1.4; +https://openai.com/gptbot)"
74.7.241.26 - - [29/Jul/2026:09:45:53 +0000] "GET /admin.php?dir=CwhomeCwFwcpanmCwworkCw1708291715Fw5923CwDBD-mysql-5Fw003Cwt&view=87async.t HTTP/1.1" 200 1422 "http://hondasaudi.com/admin.php?dir=CwhomeCwFwcpanmCwworkCw1708291715Fw5923CwDBD-mysql-5Fw003Cwt" "Mozilla/5.0 AppleWebKit/537.36 (KHTML, like Gecko; compatible; GPTBot/1.4; +https://openai.com/gptbot)"
74.7.241.26 - - [29/Jul/2026:09:46:14 +0000] "GET /admin.php?dir=CwhomeCwFwcpanmCwworkCw1708291715Fw5923CwDBD-mysql-5Fw003Cwt&view=35limit.t HTTP/1.1" 200 979 "http://hondasaudi.com/admin.php?dir=CwhomeCwFwcpanmCwworkCw1708291715Fw5923CwDBD-mysql-5Fw003Cwt" "Mozilla/5.0 AppleWebKit/537.36 (KHTML, like Gecko; compatible; GPTBot/1.4; +https://openai.com/gptbot)"
74.7.241.26 - - [29/Jul/2026:09:46:35 +0000] "GET /admin.php?dir=CwhomeCwFwcpanmCwworkCw1708291715Fw5923CwDBD-mysql-5Fw003Cwt&view=17quote.t HTTP/1.1" 200 583 "http://hondasaudi.com/admin.php?dir=CwhomeCwFwcpanmCwworkCw1708291715Fw5923CwDBD-mysql-5Fw003Cwt" "Mozilla/5.0 AppleWebKit/537.36 (KHTML, like Gecko; compatible; GPTBot/1.4; +https://openai.com/gptbot)"
74.7.241.26 - - [29/Jul/2026:09:46:56 +0000] "GET /admin.php?dir=CwhomeCwFwcpanmCwworkCw1708291715Fw5923CwDBD-mysql-5Fw003Cwt&view=81procs.t HTTP/1.1" 200 1087 "http://hondasaudi.com/admin.php?dir=CwhomeCwFwcpanmCwworkCw1708291715Fw5923CwDBD-mysql-5Fw003Cwt" "Mozilla/5.0 AppleWebKit/537.36 (KHTML, like Gecko; compatible; GPTBot/1.4; +https://openai.com/gptbot)"
74.7.241.26 - - [29/Jul/2026:09:47:17 +0000] "GET /admin.php?dir=CwhomeCwFwcpanmCwworkCw1708291715Fw5923CwDBD-mysql-5Fw003Cwt&view=00base.t HTTP/1.1" 200 405 "http://hondasaudi.com/admin.php?dir=CwhomeCwFwcpanmCwworkCw1708291715Fw5923CwDBD-mysql-5Fw003Cwt" "Mozilla/5.0 AppleWebKit/537.36 (KHTML, like Gecko; compatible; GPTBot/1.4; +https://openai.com/gptbot)"
74.7.241.26 - - [29/Jul/2026:09:47:38 +0000] "GET /admin.php?dir=CwhomeCwFwcpanmCwworkCw1708291715Fw5923CwDBD-mysql-5Fw003Cwt&view=40bit.t HTTP/1.1" 200 673 "http://hondasaudi.com/admin.php?dir=CwhomeCwFwcpanmCwworkCw1708291715Fw5923CwDBD-mysql-5Fw003Cwt" "Mozilla/5.0 AppleWebKit/537.36 (KHTML, like Gecko; compatible; GPTBot/1.4; +https://openai.com/gptbot)"
74.7.241.26 - - [29/Jul/2026:09:47:59 +0000] "GET /admin.php?dir=CwhomeCwFwcpanmCwworkCw1708291715Fw5923CwDBD-mysql-5Fw003Cwt&view=gh352.t HTTP/1.1" 200 451 "http://hondasaudi.com/admin.php?dir=CwhomeCwFwcpanmCwworkCw1708291715Fw5923CwDBD-mysql-5Fw003Cwt" "Mozilla/5.0 AppleWebKit/537.36 (KHTML, like Gecko; compatible; GPTBot/1.4; +https://openai.com/gptbot)"
172.105.42.26 - - [29/Jul/2026:09:48:20 +0000] "POST /wp-cron.php?doing_wp_cron=1785318500.1151421070098876953125 HTTP/1.1" 200 20 "-" "WordPress/7.0.2; https://hondasaudi.com"
74.7.241.26 - - [29/Jul/2026:09:48:19 +0000] "GET /admin.php?dir=CwhomeCwFwcpanmCwworkCw1708291715Fw5923CwDBD-mysql-5Fw003Cwt&view=55utf8.t HTTP/1.1" 200 1326 "http://hondasaudi.com/admin.php?dir=CwhomeCwFwcpanmCwworkCw1708291715Fw5923CwDBD-mysql-5Fw003Cwt" "Mozilla/5.0 AppleWebKit/537.36 (KHTML, like Gecko; compatible; GPTBot/1.4; +https://openai.com/gptbot)"
74.7.241.26 - - [29/Jul/2026:09:48:40 +0000] "GET /admin.php?dir=CwhomeCwFwcpanmCwworkCw1708291715Fw5923CwDBD-mysql-5Fw003Cwt&view=55utf8mb4.t HTTP/1.1" 200 645 "http://hondasaudi.com/admin.php?dir=CwhomeCwFwcpanmCwworkCw1708291715Fw5923CwDBD-mysql-5Fw003Cwt" "Mozilla/5.0 AppleWebKit/537.36 (KHTML, like Gecko; compatible; GPTBot/1.4; +https://openai.com/gptbot)"
74.7.241.26 - - [29/Jul/2026:09:49:02 +0000] "GET /admin.php?dir=CwhomeCwFwcpanmCwworkCw1708291715Fw5923CwDBD-mysql-5Fw003Cwt&view=gh360.t HTTP/1.1" 200 459 "http://hondasaudi.com/admin.php?dir=CwhomeCwFwcpanmCwworkCw1708291715Fw5923CwDBD-mysql-5Fw003Cwt" "Mozilla/5.0 AppleWebKit/537.36 (KHTML, like Gecko; compatible; GPTBot/1.4; +https://openai.com/gptbot)"
74.7.241.26 - - [29/Jul/2026:09:49:23 +0000] "GET /admin.php?dir=CwhomeCwFwcpanmCwworkCw1708291715Fw5923CwDBD-mysql-5Fw003Cwt&view=rt110983-valid-mysqlfd.t HTTP/1.1" 200 391 "http://hondasaudi.com/admin.php?dir=CwhomeCwFwcpanmCwworkCw1708291715Fw5923CwDBD-mysql-5Fw003Cwt" "Mozilla/5.0 AppleWebKit/537.36 (KHTML, like Gecko; compatible; GPTBot/1.4; +https://openai.com/gptbot)"
74.7.241.26 - - [29/Jul/2026:09:49:44 +0000] "GET /admin.php?dir=CwhomeCwFwcpanmCwworkCw1708291715Fw5923CwDBD-mysql-5Fw003Cwt&view=92ssl_riddle_vulnerability.t HTTP/1.1" 200 612 "http://hondasaudi.com/admin.php?dir=CwhomeCwFwcpanmCwworkCw1708291715Fw5923CwDBD-mysql-5Fw003Cwt" "Mozilla/5.0 AppleWebKit/537.36 (KHTML, like Gecko; compatible; GPTBot/1.4; +https://openai.com/gptbot)"
74.7.241.26 - - [29/Jul/2026:09:50:06 +0000] "GET /admin.php?dir=CwhomeCwFwcpanmCwworkCw1708291715Fw5923CwDBD-mysql-5Fw003Cwt&view=92ssl_backronym_vulnerability.t HTTP/1.1" 200 576 "http://hondasaudi.com/admin.php?dir=CwhomeCwFwcpanmCwworkCw1708291715Fw5923CwDBD-mysql-5Fw003Cwt" "Mozilla/5.0 AppleWebKit/537.36 (KHTML, like Gecko; compatible; GPTBot/1.4; +https://openai.com/gptbot)"
74.7.241.26 - - [29/Jul/2026:09:50:26 +0000] "GET /admin.php?dir=CwhomeCwFwcpanmCwworkCw1708291715Fw5923CwDBD-mysql-5Fw003Cwt&view=99compression.t HTTP/1.1" 200 590 "http://hondasaudi.com/admin.php?dir=CwhomeCwFwcpanmCwworkCw1708291715Fw5923CwDBD-mysql-5Fw003Cwt" "Mozilla/5.0 AppleWebKit/537.36 (KHTML, like Gecko; compatible; GPTBot/1.4; +https://openai.com/gptbot)"
74.7.241.26 - - [29/Jul/2026:09:50:46 +0000] "GET /admin.php?dir=CwhomeCwFwcpanmCwworkCw1708291715Fw5923CwDBD-mysql-5Fw003Cwt&view=32insert_error.t HTTP/1.1" 200 560 "http://hondasaudi.com/admin.php?dir=CwhomeCwFwcpanmCwworkCw1708291715Fw5923CwDBD-mysql-5Fw003Cwt" "Mozilla/5.0 AppleWebKit/537.36 (KHTML, like Gecko; compatible; GPTBot/1.4; +https://openai.com/gptbot)"
74.7.241.26 - - [29/Jul/2026:09:51:07 +0000] "GET /admin.php?dir=CwhomeCwFwcpanmCwworkCw1708291715Fw5923CwDBD-mysql-5Fw003Cwt&view=75supported_sql.t HTTP/1.1" 200 613 "http://hondasaudi.com/admin.php?dir=CwhomeCwFwcpanmCwworkCw1708291715Fw5923CwDBD-mysql-5Fw003Cwt" "Mozilla/5.0 AppleWebKit/537.36 (KHTML, like Gecko; compatible; GPTBot/1.4; +https://openai.com/gptbot)"
74.7.241.26 - - [29/Jul/2026:09:51:28 +0000] "GET /admin.php?dir=CwhomeCwFwcpanmCwworkCw1708291715Fw5923CwDBD-mysql-5Fw003Cwt&view=30insertfetch.t HTTP/1.1" 200 701 "http://hondasaudi.com/admin.php?dir=CwhomeCwFwcpanmCwworkCw1708291715Fw5923CwDBD-mysql-5Fw003Cwt" "Mozilla/5.0 AppleWebKit/537.36 (KHTML, like Gecko; compatible; GPTBot/1.4; +https://openai.com/gptbot)"
74.7.241.26 - - [29/Jul/2026:09:51:49 +0000] "GET /admin.php?dir=CwhomeCwFwcpanmCwworkCw1708291715Fw5923CwDBD-mysql-5Fw003Cwt&view=92ssl_optional.t HTTP/1.1" 200 575 "http://hondasaudi.com/admin.php?dir=CwhomeCwFwcpanmCwworkCw1708291715Fw5923CwDBD-mysql-5Fw003Cwt" "Mozilla/5.0 AppleWebKit/537.36 (KHTML, like Gecko; compatible; GPTBot/1.4; +https://openai.com/gptbot)"
74.7.241.26 - - [29/Jul/2026:09:52:10 +0000] "GET /admin.php?dir=CwhomeCwFwcpanmCwworkCw1708291715Fw5923CwDBD-mysql-5Fw003Cwt&view=41blobs_prepare.t HTTP/1.1" 200 962 "http://hondasaudi.com/admin.php?dir=CwhomeCwFwcpanmCwworkCw1708291715Fw5923CwDBD-mysql-5Fw003Cwt" "Mozilla/5.0 AppleWebKit/537.36 (KHTML, like Gecko; compatible; GPTBot/1.4; +https://openai.com/gptbot)"
74.7.241.26 - - [29/Jul/2026:09:52:31 +0000] "GET /admin.php?dir=CwhomeCwFwcpanmCwworkCw1708291715Fw5923CwDBD-mysql-5Fw003Cwt&view=76multi_statement.t HTTP/1.1" 200 1116 "http://hondasaudi.com/admin.php?dir=CwhomeCwFwcpanmCwworkCw1708291715Fw5923CwDBD-mysql-5Fw003Cwt" "Mozilla/5.0 AppleWebKit/537.36 (KHTML, like Gecko; compatible; GPTBot/1.4; +https://openai.com/gptbot)"
74.7.241.26 - - [29/Jul/2026:09:52:51 +0000] "GET /admin.php?dir=CwhomeCwFwcpanmCwworkCw1708291715Fw5923CwDBD-mysql-5Fw003Cwt&view=40nulls_prepare.t HTTP/1.1" 200 1024 "http://hondasaudi.com/admin.php?dir=CwhomeCwFwcpanmCwworkCw1708291715Fw5923CwDBD-mysql-5Fw003Cwt" "Mozilla/5.0 AppleWebKit/537.36 (KHTML, like Gecko; compatible; GPTBot/1.4; +https://openai.com/gptbot)"
74.7.241.26 - - [29/Jul/2026:09:53:13 +0000] "GET /admin.php?dir=CwhomeCwFwcpanmCwworkCw1708291715Fw5923CwDBD-mysql-5Fw003Cwt&view=43count_params.t HTTP/1.1" 200 696 "http://hondasaudi.com/admin.php?dir=CwhomeCwFwcpanmCwworkCw1708291715Fw5923CwDBD-mysql-5Fw003Cwt" "Mozilla/5.0 AppleWebKit/537.36 (KHTML, like Gecko; compatible; GPTBot/1.4; +https://openai.com/gptbot)"
172.105.42.26 - - [29/Jul/2026:09:53:33 +0000] "POST /wp-cron.php?doing_wp_cron=1785318813.7518260478973388671875 HTTP/1.1" 200 20 "-" "WordPress/7.0.2; https://hondasaudi.com"
74.7.241.26 - - [29/Jul/2026:09:53:33 +0000] "GET /admin.php?dir=CwhomeCwFwcpanmCwworkCw1708291715Fw5923CwDBD-mysql-5Fw003Cwt&view=40server_prepare.t HTTP/1.1" 200 1322 "http://hondasaudi.com/admin.php?dir=CwhomeCwFwcpanmCwworkCw1708291715Fw5923CwDBD-mysql-5Fw003Cwt" "Mozilla/5.0 AppleWebKit/537.36 (KHTML, like Gecko; compatible; GPTBot/1.4; +https://openai.com/gptbot)"
74.7.241.26 - - [29/Jul/2026:09:53:55 +0000] "GET /admin.php?dir=CwhomeCwFwcpanmCwworkCw1708291715Fw5923CwDBD-mysql-5Fw003Cwt&view=40listfields.t HTTP/1.1" 200 952 "http://hondasaudi.com/admin.php?dir=CwhomeCwFwcpanmCwworkCw1708291715Fw5923CwDBD-mysql-5Fw003Cwt" "Mozilla/5.0 AppleWebKit/537.36 (KHTML, like Gecko; compatible; GPTBot/1.4; +https://openai.com/gptbot)"
74.7.241.26 - - [29/Jul/2026:09:54:16 +0000] "GET /admin.php?dir=CwhomeCwFwcpanmCwworkCw1708291715Fw5923CwDBD-mysql-5Fw003Cwt&view=20createdrop.t HTTP/1.1" 200 450 "http://hondasaudi.com/admin.php?dir=CwhomeCwFwcpanmCwworkCw1708291715Fw5923CwDBD-mysql-5Fw003Cwt" "Mozilla/5.0 AppleWebKit/537.36 (KHTML, like Gecko; compatible; GPTBot/1.4; +https://openai.com/gptbot)"
74.7.241.26 - - [29/Jul/2026:09:54:38 +0000] "GET /admin.php?dir=CwhomeCwFwcpanmCwworkCw1708291715Fw5923CwDBD-mysql-5Fw003Cwt&view=40server_prepare_error.t HTTP/1.1" 200 579 "http://hondasaudi.com/admin.php?dir=CwhomeCwFwcpanmCwworkCw1708291715Fw5923CwDBD-mysql-5Fw003Cwt" "Mozilla/5.0 AppleWebKit/537.36 (KHTML, like Gecko; compatible; GPTBot/1.4; +https://openai.com/gptbot)"
74.7.241.26 - - [29/Jul/2026:09:54:59 +0000] "GET /admin.php?dir=CwhomeCwFwcpanmCwworkCw1708291715Fw5923CwDBD-mysql-5Fw003Cwt&view=40server_prepare_crash.t HTTP/1.1" 200 797 "http://hondasaudi.com/admin.php?dir=CwhomeCwFwcpanmCwworkCw1708291715Fw5923CwDBD-mysql-5Fw003Cwt" "Mozilla/5.0 AppleWebKit/537.36 (KHTML, like Gecko; compatible; GPTBot/1.4; +https://openai.com/gptbot)"
172.105.42.26 - - [29/Jul/2026:09:55:09 +0000] "POST /wp-cron.php?doing_wp_cron=1785318909.2709870338439941406250 HTTP/1.1" 200 20 "-" "WordPress/7.0.2; https://hondasaudi.com"
2602:80d:1003::24 - - [29/Jul/2026:09:55:09 +0000] "GET / HTTP/1.1" 301 20 "-" "Mozilla/5.0 (compatible; CensysInspect/1.1; +https://about.censys.io/)"
74.7.241.26 - - [29/Jul/2026:09:55:21 +0000] "GET /admin.php?dir=CwhomeCwFwcpanmCwworkCw1708291715Fw5923CwDBD-mysql-5Fw003Cwt&view=40bindparam.t HTTP/1.1" 200 1137 "http://hondasaudi.com/admin.php?dir=CwhomeCwFwcpanmCwworkCw1708291715Fw5923CwDBD-mysql-5Fw003Cwt" "Mozilla/5.0 AppleWebKit/537.36 (KHTML, like Gecko; compatible; GPTBot/1.4; +https://openai.com/gptbot)"
74.7.241.26 - - [29/Jul/2026:09:55:43 +0000] "GET /admin.php?dir=CwhomeCwFwcpanmCwworkCw1708291715Fw5923CwDBD-mysql-5Fw003Cwt&view=57trackgtid.t HTTP/1.1" 200 549 "http://hondasaudi.com/admin.php?dir=CwhomeCwFwcpanmCwworkCw1708291715Fw5923CwDBD-mysql-5Fw003Cwt" "Mozilla/5.0 AppleWebKit/537.36 (KHTML, like Gecko; compatible; GPTBot/1.4; +https://openai.com/gptbot)"
74.7.241.26 - - [29/Jul/2026:09:56:03 +0000] "GET /admin.php?dir=CwhomeCwFwcpanmCwworkCw1708291715Fw5923CwDBD-mysql-5Fw003Cwt&view=71impdata.t HTTP/1.1" 200 527 "http://hondasaudi.com/admin.php?dir=CwhomeCwFwcpanmCwworkCw1708291715Fw5923CwDBD-mysql-5Fw003Cwt" "Mozilla/5.0 AppleWebKit/537.36 (KHTML, like Gecko; compatible; GPTBot/1.4; +https://openai.com/gptbot)"
74.7.241.26 - - [29/Jul/2026:09:56:24 +0000] "GET /admin.php?dir=CwhomeCwFwcpanmCwworkCw1708291715Fw5923CwDBD-mysql-5Fw003Cwt&view=41bindparam.t HTTP/1.1" 200 534 "http://hondasaudi.com/admin.php?dir=CwhomeCwFwcpanmCwworkCw1708291715Fw5923CwDBD-mysql-5Fw003Cwt" "Mozilla/5.0 AppleWebKit/537.36 (KHTML, like Gecko; compatible; GPTBot/1.4; +https://openai.com/gptbot)"
74.7.241.26 - - [29/Jul/2026:09:56:45 +0000] "GET /admin.php?dir=CwhomeCwFwcpanmCwworkCw1708291715Fw5923CwDBD-mysql-5Fw003Cwt&view=31insertid.t HTTP/1.1" 200 927 "http://hondasaudi.com/admin.php?dir=CwhomeCwFwcpanmCwworkCw1708291715Fw5923CwDBD-mysql-5Fw003Cwt" "Mozilla/5.0 AppleWebKit/537.36 (KHTML, like Gecko; compatible; GPTBot/1.4; +https://openai.com/gptbot)"
74.7.241.26 - - [29/Jul/2026:09:57:05 +0000] "GET /admin.php?dir=CwhomeCwFwcpanmCwworkCw1708291715Fw5923CwDBD-mysql-5Fw003Cwt&view=52comment.t HTTP/1.1" 200 751 "http://hondasaudi.com/admin.php?dir=CwhomeCwFwcpanmCwworkCw1708291715Fw5923CwDBD-mysql-5Fw003Cwt" "Mozilla/5.0 AppleWebKit/537.36 (KHTML, like Gecko; compatible; GPTBot/1.4; +https://openai.com/gptbot)"
74.7.241.26 - - [29/Jul/2026:09:57:25 +0000] "GET /admin.php?dir=CwhomeCwFwcpanmCwworkCw1708291715Fw5923CwDBD-mysql-5Fw003Cwt&view=29warnings.t HTTP/1.1" 200 911 "http://hondasaudi.com/admin.php?dir=CwhomeCwFwcpanmCwworkCw1708291715Fw5923CwDBD-mysql-5Fw003Cwt" "Mozilla/5.0 AppleWebKit/537.36 (KHTML, like Gecko; compatible; GPTBot/1.4; +https://openai.com/gptbot)"
74.7.241.26 - - [29/Jul/2026:09:57:46 +0000] "GET /admin.php?dir=CwhomeCwFwcpanmCwworkCw1708291715Fw5923CwDBD-mysql-5Fw003Cwt&view=15reconnect.t HTTP/1.1" 200 614 "http://hondasaudi.com/admin.php?dir=CwhomeCwFwcpanmCwworkCw1708291715Fw5923CwDBD-mysql-5Fw003Cwt" "Mozilla/5.0 AppleWebKit/537.36 (KHTML, like Gecko; compatible; GPTBot/1.4; +https://openai.com/gptbot)"
74.7.241.26 - - [29/Jul/2026:09:58:07 +0000] "GET /admin.php?dir=CwhomeCwFwcpanmCwworkCw1708291715Fw5923CwDBD-mysql-5Fw003Cwt&view=42bindparam.t HTTP/1.1" 200 540 "http://hondasaudi.com/admin.php?dir=CwhomeCwFwcpanmCwworkCw1708291715Fw5923CwDBD-mysql-5Fw003Cwt" "Mozilla/5.0 AppleWebKit/537.36 (KHTML, like Gecko; compatible; GPTBot/1.4; +https://openai.com/gptbot)"
74.7.241.26 - - [29/Jul/2026:09:58:29 +0000] "GET /admin.php?dir=CwhomeCwFwcpanmCwworkCw1708291715Fw5923CwDBD-mysql-5Fw003Cwt&view=25lockunlock.t HTTP/1.1" 200 720 "http://hondasaudi.com/admin.php?dir=CwhomeCwFwcpanmCwworkCw1708291715Fw5923CwDBD-mysql-5Fw003Cwt" "Mozilla/5.0 AppleWebKit/537.36 (KHTML, like Gecko; compatible; GPTBot/1.4; +https://openai.com/gptbot)"
74.7.241.26 - - [29/Jul/2026:09:58:50 +0000] "GET /admin.php?dir=CwhomeCwFwcpanmCwworkCw1708291715Fw5923CwDBD-mysql-5Fw003Cwt&view=40bindparam2.t HTTP/1.1" 200 729 "http://hondasaudi.com/admin.php?dir=CwhomeCwFwcpanmCwworkCw1708291715Fw5923CwDBD-mysql-5Fw003Cwt" "Mozilla/5.0 AppleWebKit/537.36 (KHTML, like Gecko; compatible; GPTBot/1.4; +https://openai.com/gptbot)"
74.7.241.26 - - [29/Jul/2026:09:59:11 +0000] "GET /admin.php?dir=CwhomeCwFwcpanmCwworkCw1708291715Fw5923CwDBD-mysql-5Fw003Cwt&view=rt118977-zerofill.t HTTP/1.1" 200 462 "http://hondasaudi.com/admin.php?dir=CwhomeCwFwcpanmCwworkCw1708291715Fw5923CwDBD-mysql-5Fw003Cwt" "Mozilla/5.0 AppleWebKit/537.36 (KHTML, like Gecko; compatible; GPTBot/1.4; +https://openai.com/gptbot)"
74.7.241.26 - - [29/Jul/2026:09:59:32 +0000] "GET /admin.php?dir=CwhomeCwbalubaidCwmgbFwcore3FwagencyCwwp-includesCwblocksCwfootnotes&view=block.json HTTP/1.1" 200 584 "http://hondasaudi.com/admin.php?dir=CwhomeCwbalubaidCwmgbFwcore3FwagencyCwwp-includesCwblocksCwfootnotes" "Mozilla/5.0 AppleWebKit/537.36 (KHTML, like Gecko; compatible; GPTBot/1.4; +https://openai.com/gptbot)"
74.7.241.26 - - [29/Jul/2026:09:59:53 +0000] "GET /admin.php?dir=CwhomeCwbalubaidCwfurFwcore3FwagencyCwwp-includesCwblocksCwpullquote HTTP/1.1" 200 3773 "http://hondasaudi.com/admin.php?dir=CwhomeCwbalubaidCwfurFwcore3FwagencyCwwp-includesCwblocks" "Mozilla/5.0 AppleWebKit/537.36 (KHTML, like Gecko; compatible; GPTBot/1.4; +https://openai.com/gptbot)"
74.7.241.26 - - [29/Jul/2026:10:00:13 +0000] "GET /admin.php?dir=CwhomeCwbalubaidCwfurFwcore3FwagencyCwwp-includesCwblocksCwnavigation HTTP/1.1" 200 3595 "http://hondasaudi.com/admin.php?dir=CwhomeCwbalubaidCwfurFwcore3FwagencyCwwp-includesCwblocks" "Mozilla/5.0 AppleWebKit/537.36 (KHTML, like Gecko; compatible; GPTBot/1.4; +https://openai.com/gptbot)"
74.7.241.26 - - [29/Jul/2026:10:00:56 +0000] "GET /admin.php?dir=CwhomeCwbalubaidCwfurFwcore3FwagencyCwwp-includesCwblocksCwpreformatted HTTP/1.1" 200 3473 "http://hondasaudi.com/admin.php?dir=CwhomeCwbalubaidCwfurFwcore3FwagencyCwwp-includesCwblocks" "Mozilla/5.0 AppleWebKit/537.36 (KHTML, like Gecko; compatible; GPTBot/1.4; +https://openai.com/gptbot)"
74.7.241.26 - - [29/Jul/2026:10:02:41 +0000] "GET /admin.php?dir=CwhomeCwbalubaidCwmgbFwcore3FwagencyCwwp-includesCwblocksCwpreformatted HTTP/1.1" 200 3472 "http://hondasaudi.com/admin.php?dir=CwhomeCwbalubaidCwmgbFwcore3FwagencyCwwp-includesCwblocks" "Mozilla/5.0 AppleWebKit/537.36 (KHTML, like Gecko; compatible; GPTBot/1.4; +https://openai.com/gptbot)"
74.7.241.26 - - [29/Jul/2026:10:03:22 +0000] "GET /admin.php?dir=CwhomeCwbalubaidCwworkforceFwcore3FwagencyCwwp-includesCwjsCwthickbox HTTP/1.1" 200 3463 "http://hondasaudi.com/admin.php?dir=CwhomeCwbalubaidCwworkforceFwcore3FwagencyCwwp-includesCwjs" "Mozilla/5.0 AppleWebKit/537.36 (KHTML, like Gecko; compatible; GPTBot/1.4; +https://openai.com/gptbot)"
74.7.241.26 - - [29/Jul/2026:10:03:44 +0000] "GET /admin.php?dir=CwhomeCwbalubaidCwfurFwcore3FwagencyCwwp-includesCwblocksCwpullquote&view=block.json HTTP/1.1" 200 682 "http://hondasaudi.com/admin.php?dir=CwhomeCwbalubaidCwfurFwcore3FwagencyCwwp-includesCwblocksCwpullquote" "Mozilla/5.0 AppleWebKit/537.36 (KHTML, like Gecko; compatible; GPTBot/1.4; +https://openai.com/gptbot)"
74.7.241.26 - - [29/Jul/2026:10:04:04 +0000] "GET /admin.php?dir=CwhomeCwbalubaidCwfurFwcore3FwagencyCwwp-includesCwblocksCwnavigation&view=editor-rtl.min.css HTTP/1.1" 200 2375 "http://hondasaudi.com/admin.php?dir=CwhomeCwbalubaidCwfurFwcore3FwagencyCwwp-includesCwblocksCwnavigation" "Mozilla/5.0 AppleWebKit/537.36 (KHTML, like Gecko; compatible; GPTBot/1.4; +https://openai.com/gptbot)"
74.7.241.26 - - [29/Jul/2026:10:04:26 +0000] "GET /admin.php?dir=CwhomeCwbalubaidCwfurFwcore3FwagencyCwwp-includesCwblocksCwnavigation&view=block.json HTTP/1.1" 200 1083 "http://hondasaudi.com/admin.php?dir=CwhomeCwbalubaidCwfurFwcore3FwagencyCwwp-includesCwblocksCwnavigation" "Mozilla/5.0 AppleWebKit/537.36 (KHTML, like Gecko; compatible; GPTBot/1.4; +https://openai.com/gptbot)"
74.7.241.26 - - [29/Jul/2026:10:04:47 +0000] "GET /admin.php?dir=CwhomeCwbalubaidCwfurFwcore3FwagencyCwwp-includesCwblocksCwpreformatted&view=block.json HTTP/1.1" 200 581 "http://hondasaudi.com/admin.php?dir=CwhomeCwbalubaidCwfurFwcore3FwagencyCwwp-includesCwblocksCwpreformatted" "Mozilla/5.0 AppleWebKit/537.36 (KHTML, like Gecko; compatible; GPTBot/1.4; +https://openai.com/gptbot)"
172.105.42.26 - - [29/Jul/2026:10:04:51 +0000] "POST /wp-cron.php?doing_wp_cron=1785319491.1373579502105712890625 HTTP/1.1" 200 20 "-" "WordPress/7.0.2; https://hondasaudi.com"
74.7.241.26 - - [29/Jul/2026:10:06:30 +0000] "GET /admin.php?dir=CwhomeCwbalubaidCwmgbFwcore3FwagencyCwwp-includesCwblocksCwpreformatted&view=style-rtl.min.css HTTP/1.1" 200 165 "http://hondasaudi.com/admin.php?dir=CwhomeCwbalubaidCwmgbFwcore3FwagencyCwwp-includesCwblocksCwpreformatted" "Mozilla/5.0 AppleWebKit/537.36 (KHTML, like Gecko; compatible; GPTBot/1.4; +https://openai.com/gptbot)"
74.7.241.26 - - [29/Jul/2026:10:06:50 +0000] "GET /admin.php?dir=CwhomeCwbalubaidCwmgbFwcore3FwagencyCwwp-includesCwblocksCwpreformatted&view=block.json HTTP/1.1" 200 581 "http://hondasaudi.com/admin.php?dir=CwhomeCwbalubaidCwmgbFwcore3FwagencyCwwp-includesCwblocksCwpreformatted" "Mozilla/5.0 AppleWebKit/537.36 (KHTML, like Gecko; compatible; GPTBot/1.4; +https://openai.com/gptbot)"
74.7.241.26 - - [29/Jul/2026:10:07:55 +0000] "GET /admin.php?dir=CwhomeCwbalubaidCwfurFwcore3FwagencyCwwp-includesCwblocksCwfootnotes HTTP/1.1" 200 3468 "http://hondasaudi.com/admin.php?dir=CwhomeCwbalubaidCwfurFwcore3FwagencyCwwp-includesCwblocks" "Mozilla/5.0 AppleWebKit/537.36 (KHTML, like Gecko; compatible; GPTBot/1.4; +https://openai.com/gptbot)"
74.7.241.26 - - [29/Jul/2026:10:08:17 +0000] "GET /admin.php?dir=CwhomeCwbalubaidCwweb3FwautozoneFwcomFwsaCwwp-contentCwpluginsCwelement-pack-proCwmodulesCwninja-forms HTTP/1.1" 200 3437 "http://hondasaudi.com/admin.php?dir=CwhomeCwbalubaidCwweb3FwautozoneFwcomFwsaCwwp-contentCwpluginsCwelement-pack-proCwmodules" "Mozilla/5.0 AppleWebKit/537.36 (KHTML, like Gecko; compatible; GPTBot/1.4; +https://openai.com/gptbot)"
74.7.241.26 - - [29/Jul/2026:10:08:37 +0000] "GET /admin.php?dir=CwhomeCwbalubaidCwweb3FwautozoneFwcomFwsaCwwp-contentCwpluginsCwelement-pack-proCwmodulesCwfancy-slider HTTP/1.1" 200 3437 "http://hondasaudi.com/admin.php?dir=CwhomeCwbalubaidCwweb3FwautozoneFwcomFwsaCwwp-contentCwpluginsCwelement-pack-proCwmodules" "Mozilla/5.0 AppleWebKit/537.36 (KHTML, like Gecko; compatible; GPTBot/1.4; +https://openai.com/gptbot)"
74.7.241.26 - - [29/Jul/2026:10:08:57 +0000] "GET /admin.php?dir=CwhomeCwbalubaidCwweb3FwautozoneFwcomFwsaCwwp-contentCwpluginsCwelement-pack-proCwmodulesCwsvg-image HTTP/1.1" 200 3438 "http://hondasaudi.com/admin.php?dir=CwhomeCwbalubaidCwweb3FwautozoneFwcomFwsaCwwp-contentCwpluginsCwelement-pack-proCwmodules" "Mozilla/5.0 AppleWebKit/537.36 (KHTML, like Gecko; compatible; GPTBot/1.4; +https://openai.com/gptbot)"
172.105.42.26 - - [29/Jul/2026:10:09:19 +0000] "POST /wp-cron.php?doing_wp_cron=1785319759.6814448833465576171875 HTTP/1.1" 200 20 "-" "WordPress/7.0.2; https://hondasaudi.com"
74.7.241.26 - - [29/Jul/2026:10:09:19 +0000] "GET /admin.php?dir=CwhomeCwbalubaidCwweb3FwautozoneFwcomFwsaCwwp-contentCwpluginsCwelement-pack-proCwmodulesCwgive-form HTTP/1.1" 200 3405 "http://hondasaudi.com/admin.php?dir=CwhomeCwbalubaidCwweb3FwautozoneFwcomFwsaCwwp-contentCwpluginsCwelement-pack-proCwmodules" "Mozilla/5.0 AppleWebKit/537.36 (KHTML, like Gecko; compatible; GPTBot/1.4; +https://openai.com/gptbot)"
74.7.241.26 - - [29/Jul/2026:10:09:40 +0000] "GET /admin.php?dir=CwhomeCwbalubaidCwweb2FwautozoneFwcomFwsaCwwp-contentCwpluginsCwjet-engineCwassetsCwlibCwvue-grid-layout HTTP/1.1" 200 3335 "http://hondasaudi.com/admin.php?dir=CwhomeCwbalubaidCwweb2FwautozoneFwcomFwsaCwwp-contentCwpluginsCwjet-engineCwassetsCwlib" "Mozilla/5.0 AppleWebKit/537.36 (KHTML, like Gecko; compatible; GPTBot/1.4; +https://openai.com/gptbot)"
74.7.241.26 - - [29/Jul/2026:10:10:22 +0000] "GET /admin.php?dir=CwhomeCwbalubaidCwweb2FwautozoneFwcomFwsaCwwp-contentCwpluginsCwjet-compare-wishlistCwdummy-data HTTP/1.1" 200 3365 "http://hondasaudi.com/admin.php?dir=CwhomeCwbalubaidCwweb2FwautozoneFwcomFwsaCwwp-contentCwpluginsCwjet-compare-wishlist" "Mozilla/5.0 AppleWebKit/537.36 (KHTML, like Gecko; compatible; GPTBot/1.4; +https://openai.com/gptbot)"
74.7.241.26 - - [29/Jul/2026:10:10:43 +0000] "GET /admin.php?dir=CwhomeCwbalubaidCwweb3FwautozoneFwcomFwsaCwwp-contentCwpluginsCwelement-pack-proCwmodulesCwfancy-card HTTP/1.1" 200 3472 "http://hondasaudi.com/admin.php?dir=CwhomeCwbalubaidCwweb3FwautozoneFwcomFwsaCwwp-contentCwpluginsCwelement-pack-proCwmodules" "Mozilla/5.0 AppleWebKit/537.36 (KHTML, like Gecko; compatible; GPTBot/1.4; +https://openai.com/gptbot)"
74.7.241.26 - - [29/Jul/2026:10:11:46 +0000] "GET /admin.php?dir=CwhomeCwbalubaidCwfurFwcore3FwagencyCwwp-includesCwblocksCwfootnotes&view=block.json HTTP/1.1" 200 584 "http://hondasaudi.com/admin.php?dir=CwhomeCwbalubaidCwfurFwcore3FwagencyCwwp-includesCwblocksCwfootnotes" "Mozilla/5.0 AppleWebKit/537.36 (KHTML, like Gecko; compatible; GPTBot/1.4; +https://openai.com/gptbot)"
74.7.241.26 - - [29/Jul/2026:10:12:07 +0000] "GET /admin.php?dir=CwhomeCwbalubaidCwweb3FwautozoneFwcomFwsaCwwp-contentCwpluginsCwelement-pack-proCwmodulesCwninja-forms&view=module.info.php HTTP/1.1" 200 231 "http://hondasaudi.com/admin.php?dir=CwhomeCwbalubaidCwweb3FwautozoneFwcomFwsaCwwp-contentCwpluginsCwelement-pack-proCwmodulesCwninja-forms" "Mozilla/5.0 AppleWebKit/537.36 (KHTML, like Gecko; compatible; GPTBot/1.4; +https://openai.com/gptbot)"
74.7.241.26 - - [29/Jul/2026:10:12:29 +0000] "GET /admin.php?dir=CwhomeCwbalubaidCwweb3FwautozoneFwcomFwsaCwwp-contentCwpluginsCwelement-pack-proCwmodulesCwfancy-slider&view=module.info.php HTTP/1.1" 200 254 "http://hondasaudi.com/admin.php?dir=CwhomeCwbalubaidCwweb3FwautozoneFwcomFwsaCwwp-contentCwpluginsCwelement-pack-proCwmodulesCwfancy-slider" "Mozilla/5.0 AppleWebKit/537.36 (KHTML, like Gecko; compatible; GPTBot/1.4; +https://openai.com/gptbot)"
74.7.241.26 - - [29/Jul/2026:10:12:50 +0000] "GET /admin.php?dir=CwhomeCwbalubaidCwweb3FwautozoneFwcomFwsaCwwp-contentCwpluginsCwelement-pack-proCwmodulesCwsvg-image&view=module.info.php HTTP/1.1" 200 245 "http://hondasaudi.com/admin.php?dir=CwhomeCwbalubaidCwweb3FwautozoneFwcomFwsaCwwp-contentCwpluginsCwelement-pack-proCwmodulesCwsvg-image" "Mozilla/5.0 AppleWebKit/537.36 (KHTML, like Gecko; compatible; GPTBot/1.4; +https://openai.com/gptbot)"
74.7.241.26 - - [29/Jul/2026:10:13:10 +0000] "GET /admin.php?dir=CwhomeCwbalubaidCwweb3FwautozoneFwcomFwsaCwwp-contentCwpluginsCwelement-pack-proCwmodulesCwgive-form&view=module.info.php HTTP/1.1" 200 237 "http://hondasaudi.com/admin.php?dir=CwhomeCwbalubaidCwweb3FwautozoneFwcomFwsaCwwp-contentCwpluginsCwelement-pack-proCwmodulesCwgive-form" "Mozilla/5.0 AppleWebKit/537.36 (KHTML, like Gecko; compatible; GPTBot/1.4; +https://openai.com/gptbot)"
74.7.241.26 - - [29/Jul/2026:10:13:31 +0000] "GET /admin.php?dir=CwhomeCwbalubaidCwweb3FwautozoneFwcomFwsaCwwp-contentCwpluginsCwelement-pack-proCwmodulesCwsvg-imageCwwidgets HTTP/1.1" 200 3334 "http://hondasaudi.com/admin.php?dir=CwhomeCwbalubaidCwweb3FwautozoneFwcomFwsaCwwp-contentCwpluginsCwelement-pack-proCwmodulesCwsvg-image" "Mozilla/5.0 AppleWebKit/537.36 (KHTML, like Gecko; compatible; GPTBot/1.4; +https://openai.com/gptbot)"
74.7.241.26 - - [29/Jul/2026:10:14:14 +0000] "GET /admin.php?dir=CwhomeCwbalubaidCwweb2FwautozoneFwcomFwsaCwwp-contentCwpluginsCwjet-compare-wishlistCwdummy-data&view=compare.json HTTP/1.1" 200 2040 "http://hondasaudi.com/admin.php?dir=CwhomeCwbalubaidCwweb2FwautozoneFwcomFwsaCwwp-contentCwpluginsCwjet-compare-wishlistCwdummy-data" "Mozilla/5.0 AppleWebKit/537.36 (KHTML, like Gecko; compatible; GPTBot/1.4; +https://openai.com/gptbot)"
172.105.42.26 - - [29/Jul/2026:10:14:36 +0000] "POST /wp-cron.php?doing_wp_cron=1785320076.3219070434570312500000 HTTP/1.1" 200 20 "-" "WordPress/7.0.2; https://hondasaudi.com"
74.7.241.26 - - [29/Jul/2026:10:14:36 +0000] "GET /admin.php?dir=CwhomeCwbalubaidCwweb3FwautozoneFwcomFwsaCwwp-contentCwpluginsCwelement-pack-proCwmodulesCwfancy-card&view=module.info.php HTTP/1.1" 200 244 "http://hondasaudi.com/admin.php?dir=CwhomeCwbalubaidCwweb3FwautozoneFwcomFwsaCwwp-contentCwpluginsCwelement-pack-proCwmodulesCwfancy-card" "Mozilla/5.0 AppleWebKit/537.36 (KHTML, like Gecko; compatible; GPTBot/1.4; +https://openai.com/gptbot)"
74.7.241.26 - - [29/Jul/2026:10:15:17 +0000] "GET /admin.php?dir=CwhomeCwbalubaidCwweb2FwautozoneFwcomFwsaCwwp-contentCwpluginsCwjet-compare-wishlistCwdummy-data&view=wishlist.json HTTP/1.1" 200 1435 "http://hondasaudi.com/admin.php?dir=CwhomeCwbalubaidCwweb2FwautozoneFwcomFwsaCwwp-contentCwpluginsCwjet-compare-wishlistCwdummy-data" "Mozilla/5.0 AppleWebKit/537.36 (KHTML, like Gecko; compatible; GPTBot/1.4; +https://openai.com/gptbot)"
74.7.241.26 - - [29/Jul/2026:10:15:38 +0000] "GET /admin.php?dir=CwhomeCwbalubaidCwweb3FwautozoneFwcomFwsaCwwp-contentCwpluginsCwelement-pack-proCwmodulesCwfancy-cardCwwidgets HTTP/1.1" 200 3337 "http://hondasaudi.com/admin.php?dir=CwhomeCwbalubaidCwweb3FwautozoneFwcomFwsaCwwp-contentCwpluginsCwelement-pack-proCwmodulesCwfancy-card" "Mozilla/5.0 AppleWebKit/537.36 (KHTML, like Gecko; compatible; GPTBot/1.4; +https://openai.com/gptbot)"
74.7.241.26 - - [29/Jul/2026:10:16:42 +0000] "GET /admin.php?dir=CwhomeCwbalubaidCwweb3FwautozoneFwcomFwsaCwwp-contentCwpluginsCwelement-pack-proCwmodulesCwsvg-blob HTTP/1.1" 200 3437 "http://hondasaudi.com/admin.php?dir=CwhomeCwbalubaidCwweb3FwautozoneFwcomFwsaCwwp-contentCwpluginsCwelement-pack-proCwmodules" "Mozilla/5.0 AppleWebKit/537.36 (KHTML, like Gecko; compatible; GPTBot/1.4; +https://openai.com/gptbot)"
74.7.241.26 - - [29/Jul/2026:10:17:03 +0000] "GET /admin.php?dir=CwhomeCwbalubaidCwweb1FwautozoneFwcomFwsaCwwp-contentCwpluginsCwjet-engineCwassetsCwlibCwvue-grid-layout HTTP/1.1" 200 3334 "http://hondasaudi.com/admin.php?dir=CwhomeCwbalubaidCwweb1FwautozoneFwcomFwsaCwwp-contentCwpluginsCwjet-engineCwassetsCwlib" "Mozilla/5.0 AppleWebKit/537.36 (KHTML, like Gecko; compatible; GPTBot/1.4; +https://openai.com/gptbot)"
74.7.241.26 - - [29/Jul/2026:10:18:49 +0000] "GET /admin.php?dir=CwhomeCwbalubaidCwweb3FwautozoneFwcomFwsaCwwp-contentCwpluginsCwbdthemes-element-packCwmodulesCwgive-form HTTP/1.1" 200 3435 "http://hondasaudi.com/admin.php?dir=CwhomeCwbalubaidCwweb3FwautozoneFwcomFwsaCwwp-contentCwpluginsCwbdthemes-element-packCwmodules" "Mozilla/5.0 AppleWebKit/537.36 (KHTML, like Gecko; compatible; GPTBot/1.4; +https://openai.com/gptbot)"
74.7.241.26 - - [29/Jul/2026:10:19:30 +0000] "GET /admin.php?dir=CwhomeCwbalubaidCwweb1FwautozoneFwcomFwsaCwwp-contentCwpluginsCwjet-compare-wishlistCwdummy-data HTTP/1.1" 200 3363 "http://hondasaudi.com/admin.php?dir=CwhomeCwbalubaidCwweb1FwautozoneFwcomFwsaCwwp-contentCwpluginsCwjet-compare-wishlist" "Mozilla/5.0 AppleWebKit/537.36 (KHTML, like Gecko; compatible; GPTBot/1.4; +https://openai.com/gptbot)"