169.58.72.250 - - [28/Jul/2026:19:35:36 +0000] "GET /wp-content/IXR/ HTTP/1.1" 404 12284 "-" "Mozilla/5.0 (Windows NT 10.0; Win64; x64) AppleWebKit/537.36 (KHTML, like Gecko) Chrome/120.0.0.0 Safari/537.36"
172.105.42.26 - - [28/Jul/2026:19:36:40 +0000] "POST /wp-cron.php?doing_wp_cron=1785267400.0967299938201904296875 HTTP/1.1" 200 20 "-" "WordPress/7.0.2; https://hondasaudi.com"
169.58.72.250 - - [28/Jul/2026:19:36:39 +0000] "GET /uploads/ HTTP/1.1" 404 12285 "-" "Mozilla/5.0 (Windows NT 10.0; Win64; x64) AppleWebKit/537.36 (KHTML, like Gecko) Chrome/120.0.0.0 Safari/537.36"
172.105.42.26 - - [28/Jul/2026:20:01:02 +0000] "POST /wp-cron.php?doing_wp_cron=1785268862.9685490131378173828125 HTTP/1.1" 200 20 "-" "WordPress/7.0.2; https://hondasaudi.com"
91.224.92.159 - - [28/Jul/2026:20:01:02 +0000] "GET /wp-admin/css/colors/ HTTP/1.1" 404 12353 "-" "Mozilla/5.0 (Windows NT 10.0; Win64; x64) AppleWebKit/537.36 (KHTML, like Gecko) Chrome/120.0.0.0 Safari/537.36"
91.224.92.159 - - [28/Jul/2026:20:01:04 +0000] "GET /wp-admin/css/colors/blue/ HTTP/1.1" 404 12357 "-" "Mozilla/5.0 (Windows NT 10.0; Win64; x64) AppleWebKit/537.36 (KHTML, like Gecko) Chrome/120.0.0.0 Safari/537.36"
172.105.42.26 - - [28/Jul/2026:20:01:05 +0000] "POST /wp-cron.php?doing_wp_cron=1785268865.8924629688262939453125 HTTP/1.1" 200 20 "-" "WordPress/7.0.2; https://hondasaudi.com"
91.224.92.159 - - [28/Jul/2026:20:01:05 +0000] "GET /wp-admin/includes/ HTTP/1.1" 404 12289 "-" "Mozilla/5.0 (Windows NT 10.0; Win64; x64) AppleWebKit/537.36 (KHTML, like Gecko) Chrome/120.0.0.0 Safari/537.36"
91.224.92.159 - - [28/Jul/2026:20:01:06 +0000] "GET /wp-admin/maint/ HTTP/1.1" 404 12289 "-" "Mozilla/5.0 (Windows NT 10.0; Win64; x64) AppleWebKit/537.36 (KHTML, like Gecko) Chrome/120.0.0.0 Safari/537.36"
172.105.42.26 - - [28/Jul/2026:20:01:08 +0000] "POST /wp-cron.php?doing_wp_cron=1785268868.2550930976867675781250 HTTP/1.1" 200 20 "-" "WordPress/7.0.2; https://hondasaudi.com"
91.224.92.159 - - [28/Jul/2026:20:01:07 +0000] "GET /wp-admin/js/ HTTP/1.1" 404 12289 "-" "Mozilla/5.0 (Windows NT 10.0; Win64; x64) AppleWebKit/537.36 (KHTML, like Gecko) Chrome/120.0.0.0 Safari/537.36"
91.224.92.159 - - [28/Jul/2026:20:01:09 +0000] "GET /wp-admin/js/widgets/ HTTP/1.1" 404 12357 "-" "Mozilla/5.0 (Windows NT 10.0; Win64; x64) AppleWebKit/537.36 (KHTML, like Gecko) Chrome/120.0.0.0 Safari/537.36"
91.224.92.159 - - [28/Jul/2026:20:01:10 +0000] "GET /wp-admin/images/ HTTP/1.1" 404 12290 "-" "Mozilla/5.0 (Windows NT 10.0; Win64; x64) AppleWebKit/537.36 (KHTML, like Gecko) Chrome/120.0.0.0 Safari/537.36"
91.224.92.159 - - [28/Jul/2026:20:01:11 +0000] "GET /wp-admin/network/ HTTP/1.1" 302 20 "-" "Mozilla/5.0 (Windows NT 10.0; Win64; x64) AppleWebKit/537.36 (KHTML, like Gecko) Chrome/120.0.0.0 Safari/537.36"
172.105.42.26 - - [28/Jul/2026:20:01:18 +0000] "POST /wp-cron.php?doing_wp_cron=1785268878.0366868972778320312500 HTTP/1.1" 200 20 "-" "WordPress/7.0.2; https://hondasaudi.com"
91.224.92.159 - - [28/Jul/2026:20:01:17 +0000] "GET /wp-admin/user/ HTTP/1.1" 302 20 "-" "Mozilla/5.0 (Windows NT 10.0; Win64; x64) AppleWebKit/537.36 (KHTML, like Gecko) Chrome/120.0.0.0 Safari/537.36"
91.224.92.159 - - [28/Jul/2026:20:01:22 +0000] "GET /wp-includes/ HTTP/1.1" 404 12282 "-" "Mozilla/5.0 (Windows NT 10.0; Win64; x64) AppleWebKit/537.36 (KHTML, like Gecko) Chrome/120.0.0.0 Safari/537.36"
91.224.92.159 - - [28/Jul/2026:20:01:23 +0000] "GET /wp-includes/Text/ HTTP/1.1" 404 12286 "-" "Mozilla/5.0 (Windows NT 10.0; Win64; x64) AppleWebKit/537.36 (KHTML, like Gecko) Chrome/120.0.0.0 Safari/537.36"
91.224.92.159 - - [28/Jul/2026:20:01:25 +0000] "GET /wp-includes/Text/Diff/ HTTP/1.1" 404 12352 "-" "Mozilla/5.0 (Windows NT 10.0; Win64; x64) AppleWebKit/537.36 (KHTML, like Gecko) Chrome/120.0.0.0 Safari/537.36"
91.224.92.159 - - [28/Jul/2026:20:01:26 +0000] "GET /wp-includes/css/ HTTP/1.1" 404 12283 "-" "Mozilla/5.0 (Windows NT 10.0; Win64; x64) AppleWebKit/537.36 (KHTML, like Gecko) Chrome/120.0.0.0 Safari/537.36"
91.224.92.159 - - [28/Jul/2026:20:01:26 +0000] "GET /wp-includes/css/dist/ HTTP/1.1" 404 12349 "-" "Mozilla/5.0 (Windows NT 10.0; Win64; x64) AppleWebKit/537.36 (KHTML, like Gecko) Chrome/120.0.0.0 Safari/537.36"
91.224.92.159 - - [28/Jul/2026:20:01:28 +0000] "GET /wp-includes/fonts/ HTTP/1.1" 404 12287 "-" "Mozilla/5.0 (Windows NT 10.0; Win64; x64) AppleWebKit/537.36 (KHTML, like Gecko) Chrome/120.0.0.0 Safari/537.36"
91.224.92.159 - - [28/Jul/2026:20:01:29 +0000] "GET /wp-includes/ID3/ HTTP/1.1" 404 12285 "-" "Mozilla/5.0 (Windows NT 10.0; Win64; x64) AppleWebKit/537.36 (KHTML, like Gecko) Chrome/120.0.0.0 Safari/537.36"
91.224.92.159 - - [28/Jul/2026:20:01:31 +0000] "GET /wp-includes/sitemaps/ HTTP/1.1" 404 12288 "-" "Mozilla/5.0 (Windows NT 10.0; Win64; x64) AppleWebKit/537.36 (KHTML, like Gecko) Chrome/120.0.0.0 Safari/537.36"
91.224.92.159 - - [28/Jul/2026:20:01:32 +0000] "GET /wp-includes/sitemaps/providers/ HTTP/1.1" 404 12356 "-" "Mozilla/5.0 (Windows NT 10.0; Win64; x64) AppleWebKit/537.36 (KHTML, like Gecko) Chrome/120.0.0.0 Safari/537.36"
91.224.92.159 - - [28/Jul/2026:20:01:34 +0000] "GET /wp-includes/IXR/ HTTP/1.1" 404 12287 "-" "Mozilla/5.0 (Windows NT 10.0; Win64; x64) AppleWebKit/537.36 (KHTML, like Gecko) Chrome/120.0.0.0 Safari/537.36"
91.224.92.159 - - [28/Jul/2026:20:01:34 +0000] "GET /wp-includes/images/ HTTP/1.1" 404 12286 "-" "Mozilla/5.0 (Windows NT 10.0; Win64; x64) AppleWebKit/537.36 (KHTML, like Gecko) Chrome/120.0.0.0 Safari/537.36"
91.224.92.159 - - [28/Jul/2026:20:01:35 +0000] "GET /wp-includes/PHPMailer/ HTTP/1.1" 404 12291 "-" "Mozilla/5.0 (Windows NT 10.0; Win64; x64) AppleWebKit/537.36 (KHTML, like Gecko) Chrome/120.0.0.0 Safari/537.36"
91.224.92.159 - - [28/Jul/2026:20:01:36 +0000] "GET /wp-includes/pomo/ HTTP/1.1" 404 12286 "-" "Mozilla/5.0 (Windows NT 10.0; Win64; x64) AppleWebKit/537.36 (KHTML, like Gecko) Chrome/120.0.0.0 Safari/537.36"
91.224.92.159 - - [28/Jul/2026:20:01:37 +0000] "GET /wp-includes/blocks/ HTTP/1.1" 200 22 "-" "Mozilla/5.0 (Windows NT 10.0; Win64; x64) AppleWebKit/537.36 (KHTML, like Gecko) Chrome/120.0.0.0 Safari/537.36"
91.224.92.159 - - [28/Jul/2026:20:01:37 +0000] "GET /wp-includes/js/ HTTP/1.1" 404 12285 "-" "Mozilla/5.0 (Windows NT 10.0; Win64; x64) AppleWebKit/537.36 (KHTML, like Gecko) Chrome/120.0.0.0 Safari/537.36"
91.224.92.159 - - [28/Jul/2026:20:01:38 +0000] "GET /wp-includes/js/codemirror/ HTTP/1.1" 404 12356 "-" "Mozilla/5.0 (Windows NT 10.0; Win64; x64) AppleWebKit/537.36 (KHTML, like Gecko) Chrome/120.0.0.0 Safari/537.36"
91.224.92.159 - - [28/Jul/2026:20:01:39 +0000] "GET /wp-includes/js/plupload/ HTTP/1.1" 404 12352 "-" "Mozilla/5.0 (Windows NT 10.0; Win64; x64) AppleWebKit/537.36 (KHTML, like Gecko) Chrome/120.0.0.0 Safari/537.36"
91.224.92.159 - - [28/Jul/2026:20:01:40 +0000] "GET /wp-includes/widgets/ HTTP/1.1" 404 12288 "-" "Mozilla/5.0 (Windows NT 10.0; Win64; x64) AppleWebKit/537.36 (KHTML, like Gecko) Chrome/120.0.0.0 Safari/537.36"
91.224.92.159 - - [28/Jul/2026:20:01:41 +0000] "GET /wp-content/ HTTP/1.1" 200 20 "-" "Mozilla/5.0 (Windows NT 10.0; Win64; x64) AppleWebKit/537.36 (KHTML, like Gecko) Chrome/120.0.0.0 Safari/537.36"
91.224.92.159 - - [28/Jul/2026:20:01:41 +0000] "GET /wp-content/languages/ HTTP/1.1" 404 12285 "-" "Mozilla/5.0 (Windows NT 10.0; Win64; x64) AppleWebKit/537.36 (KHTML, like Gecko) Chrome/120.0.0.0 Safari/537.36"
91.224.92.159 - - [28/Jul/2026:20:01:42 +0000] "GET /wp-content/IXR/ HTTP/1.1" 404 12284 "-" "Mozilla/5.0 (Windows NT 10.0; Win64; x64) AppleWebKit/537.36 (KHTML, like Gecko) Chrome/120.0.0.0 Safari/537.36"
91.224.92.159 - - [28/Jul/2026:20:01:44 +0000] "GET /wp-content/uploads/ HTTP/1.1" 404 12280 "-" "Mozilla/5.0 (Windows NT 10.0; Win64; x64) AppleWebKit/537.36 (KHTML, like Gecko) Chrome/120.0.0.0 Safari/537.36"
91.224.92.159 - - [28/Jul/2026:20:01:45 +0000] "GET /wp-content/upgrade/ HTTP/1.1" 404 12284 "-" "Mozilla/5.0 (Windows NT 10.0; Win64; x64) AppleWebKit/537.36 (KHTML, like Gecko) Chrome/120.0.0.0 Safari/537.36"
91.224.92.159 - - [28/Jul/2026:20:01:45 +0000] "GET /wp-content/plugins/ HTTP/1.1" 200 20 "-" "Mozilla/5.0 (Windows NT 10.0; Win64; x64) AppleWebKit/537.36 (KHTML, like Gecko) Chrome/120.0.0.0 Safari/537.36"
91.224.92.159 - - [28/Jul/2026:20:01:46 +0000] "GET /wp-content/themes/ HTTP/1.1" 200 20 "-" "Mozilla/5.0 (Windows NT 10.0; Win64; x64) AppleWebKit/537.36 (KHTML, like Gecko) Chrome/120.0.0.0 Safari/537.36"
91.224.92.159 - - [28/Jul/2026:20:01:46 +0000] "GET /.well-known/ HTTP/1.1" 404 12292 "-" "Mozilla/5.0 (Windows NT 10.0; Win64; x64) AppleWebKit/537.36 (KHTML, like Gecko) Chrome/120.0.0.0 Safari/537.36"
91.224.92.159 - - [28/Jul/2026:20:01:47 +0000] "GET /uploads/ HTTP/1.1" 404 12285 "-" "Mozilla/5.0 (Windows NT 10.0; Win64; x64) AppleWebKit/537.36 (KHTML, like Gecko) Chrome/120.0.0.0 Safari/537.36"
91.224.92.159 - - [28/Jul/2026:20:01:48 +0000] "GET /files/ HTTP/1.1" 404 12286 "-" "Mozilla/5.0 (Windows NT 10.0; Win64; x64) AppleWebKit/537.36 (KHTML, like Gecko) Chrome/120.0.0.0 Safari/537.36"
91.224.92.159 - - [28/Jul/2026:20:01:49 +0000] "GET /file/ HTTP/1.1" 404 12285 "-" "Mozilla/5.0 (Windows NT 10.0; Win64; x64) AppleWebKit/537.36 (KHTML, like Gecko) Chrome/120.0.0.0 Safari/537.36"
91.224.92.159 - - [28/Jul/2026:20:01:49 +0000] "GET /images/ HTTP/1.1" 404 12285 "-" "Mozilla/5.0 (Windows NT 10.0; Win64; x64) AppleWebKit/537.36 (KHTML, like Gecko) Chrome/120.0.0.0 Safari/537.36"
91.224.92.159 - - [28/Jul/2026:20:01:50 +0000] "GET /admin/ HTTP/1.1" 404 12286 "-" "Mozilla/5.0 (Windows NT 10.0; Win64; x64) AppleWebKit/537.36 (KHTML, like Gecko) Chrome/120.0.0.0 Safari/537.36"
91.224.92.159 - - [28/Jul/2026:20:01:51 +0000] "GET /cgi-bin/ HTTP/1.1" 404 12288 "-" "Mozilla/5.0 (Windows NT 10.0; Win64; x64) AppleWebKit/537.36 (KHTML, like Gecko) Chrome/120.0.0.0 Safari/537.36"
91.224.92.159 - - [28/Jul/2026:20:01:53 +0000] "GET /.tmb/ HTTP/1.1" 404 12286 "-" "Mozilla/5.0 (Windows NT 10.0; Win64; x64) AppleWebKit/537.36 (KHTML, like Gecko) Chrome/120.0.0.0 Safari/537.36"
20.217.81.154 - - [28/Jul/2026:20:10:45 +0000] "GET /wp-content/plugins/about.php HTTP/1.1" 404 12356 "-" "Mozilla/5.0 (Linux; Android 7.0; SM-G892A) AppleWebKit/537.36 (KHTML, like Gecko) Chrome/60.0.3112.107 Mobile Safari/537.36"
20.217.81.154 - - [28/Jul/2026:20:10:45 +0000] "GET /wp-admin/network/index.php HTTP/1.1" 302 20 "-" "Mozilla/5.0 (Linux; Android 7.0; SM-G892A) AppleWebKit/537.36 (KHTML, like Gecko) Chrome/60.0.3112.107 Mobile Safari/537.36"
20.217.81.154 - - [28/Jul/2026:20:10:46 +0000] "GET /inputs.php HTTP/1.1" 404 12289 "-" "Mozilla/5.0 (Linux; Android 7.0; SM-G892A) AppleWebKit/537.36 (KHTML, like Gecko) Chrome/60.0.3112.107 Mobile Safari/537.36"
20.217.81.154 - - [28/Jul/2026:20:10:47 +0000] "POST /wp-content/plugins/about.php HTTP/1.1" 404 9781 "-" "Mozilla/5.0 (Linux; Android 7.0; SM-G892A) AppleWebKit/537.36 (KHTML, like Gecko) Chrome/60.0.3112.107 Mobile Safari/537.36"
20.217.81.154 - - [28/Jul/2026:20:10:47 +0000] "GET /edit-tags.php HTTP/1.1" 404 12291 "-" "Mozilla/5.0 (Linux; Android 7.0; SM-G892A) AppleWebKit/537.36 (KHTML, like Gecko) Chrome/60.0.3112.107 Mobile Safari/537.36"
20.217.81.154 - - [28/Jul/2026:20:10:49 +0000] "POST /wp-content/plugins/about.php HTTP/1.1" 404 9781 "-" "Mozilla/5.0 (Linux; Android 7.0; SM-G892A) AppleWebKit/537.36 (KHTML, like Gecko) Chrome/60.0.3112.107 Mobile Safari/537.36"
20.217.81.154 - - [28/Jul/2026:20:10:49 +0000] "GET /wp-content/backup/inputs.php HTTP/1.1" 404 12355 "-" "Mozilla/5.0 (Linux; Android 7.0; SM-G892A) AppleWebKit/537.36 (KHTML, like Gecko) Chrome/60.0.3112.107 Mobile Safari/537.36"
20.217.81.154 - - [28/Jul/2026:20:10:49 +0000] "GET /wp-admin/js/index.php HTTP/1.1" 301 20 "-" "Mozilla/5.0 (Linux; Android 7.0; SM-G892A) AppleWebKit/537.36 (KHTML, like Gecko) Chrome/60.0.3112.107 Mobile Safari/537.36"
20.217.81.154 - - [28/Jul/2026:20:10:50 +0000] "GET /wp-admin/js/ HTTP/1.1" 404 12289 "-" "Mozilla/5.0 (Linux; Android 7.0; SM-G892A) AppleWebKit/537.36 (KHTML, like Gecko) Chrome/60.0.3112.107 Mobile Safari/537.36"
20.217.81.154 - - [28/Jul/2026:20:10:51 +0000] "GET /about.php?key=EnigmaCyberSecurity HTTP/1.1" 404 12307 "-" "Mozilla/5.0 (Linux; Android 7.0; SM-G892A) AppleWebKit/537.36 (KHTML, like Gecko) Chrome/60.0.3112.107 Mobile Safari/537.36"
20.217.81.154 - - [28/Jul/2026:20:10:51 +0000] "GET /wp-content/uploads/inputs.php HTTP/1.1" 404 12353 "-" "Mozilla/5.0 (Linux; Android 7.0; SM-G892A) AppleWebKit/537.36 (KHTML, like Gecko) Chrome/60.0.3112.107 Mobile Safari/537.36"
20.217.81.154 - - [28/Jul/2026:20:10:52 +0000] "GET /wp-admin/images/index.php HTTP/1.1" 301 20 "-" "Mozilla/5.0 (Linux; Android 7.0; SM-G892A) AppleWebKit/537.36 (KHTML, like Gecko) Chrome/60.0.3112.107 Mobile Safari/537.36"
20.217.81.154 - - [28/Jul/2026:20:10:52 +0000] "GET /wp-admin/images/ HTTP/1.1" 404 12290 "-" "Mozilla/5.0 (Linux; Android 7.0; SM-G892A) AppleWebKit/537.36 (KHTML, like Gecko) Chrome/60.0.3112.107 Mobile Safari/537.36"
20.217.81.154 - - [28/Jul/2026:20:10:53 +0000] "GET /geju.php HTTP/1.1" 404 12288 "-" "Mozilla/5.0 (Linux; Android 7.0; SM-G892A) AppleWebKit/537.36 (KHTML, like Gecko) Chrome/60.0.3112.107 Mobile Safari/537.36"
20.217.81.154 - - [28/Jul/2026:20:10:53 +0000] "GET /wp-content/plugins/inputs.php HTTP/1.1" 404 12356 "-" "Mozilla/5.0 (Linux; Android 7.0; SM-G892A) AppleWebKit/537.36 (KHTML, like Gecko) Chrome/60.0.3112.107 Mobile Safari/537.36"
20.217.81.154 - - [28/Jul/2026:20:10:54 +0000] "GET /wp-admin/css/index.php HTTP/1.1" 301 20 "-" "Mozilla/5.0 (Linux; Android 7.0; SM-G892A) AppleWebKit/537.36 (KHTML, like Gecko) Chrome/60.0.3112.107 Mobile Safari/537.36"
20.217.81.154 - - [28/Jul/2026:20:10:55 +0000] "POST /geju.php HTTP/1.1" 404 9736 "-" "Mozilla/5.0 (Linux; Android 7.0; SM-G892A) AppleWebKit/537.36 (KHTML, like Gecko) Chrome/60.0.3112.107 Mobile Safari/537.36"
20.217.81.154 - - [28/Jul/2026:20:10:55 +0000] "GET /wp-admin/css/ HTTP/1.1" 404 12288 "-" "Mozilla/5.0 (Linux; Android 7.0; SM-G892A) AppleWebKit/537.36 (KHTML, like Gecko) Chrome/60.0.3112.107 Mobile Safari/537.36"
20.217.81.154 - - [28/Jul/2026:20:10:55 +0000] "GET /wp-content/themes/inputs.php HTTP/1.1" 404 12350 "-" "Mozilla/5.0 (Linux; Android 7.0; SM-G892A) AppleWebKit/537.36 (KHTML, like Gecko) Chrome/60.0.3112.107 Mobile Safari/537.36"
20.217.81.154 - - [28/Jul/2026:20:10:57 +0000] "POST /geju.php HTTP/1.1" 404 9736 "-" "Mozilla/5.0 (Linux; Android 7.0; SM-G892A) AppleWebKit/537.36 (KHTML, like Gecko) Chrome/60.0.3112.107 Mobile Safari/537.36"
20.217.81.154 - - [28/Jul/2026:20:10:57 +0000] "GET /wp-includes/SimplePie/Content/Type/index.php HTTP/1.1" 301 20 "-" "Mozilla/5.0 (Linux; Android 7.0; SM-G892A) AppleWebKit/537.36 (KHTML, like Gecko) Chrome/60.0.3112.107 Mobile Safari/537.36"
20.217.81.154 - - [28/Jul/2026:20:10:58 +0000] "GET /wp-includes/SimplePie/Content/Type/ HTTP/1.1" 404 12360 "-" "Mozilla/5.0 (Linux; Android 7.0; SM-G892A) AppleWebKit/537.36 (KHTML, like Gecko) Chrome/60.0.3112.107 Mobile Safari/537.36"
20.217.81.154 - - [28/Jul/2026:20:10:58 +0000] "GET /userfuns.php HTTP/1.1" 404 12290 "-" "Mozilla/5.0 (Linux; Android 7.0; SM-G892A) AppleWebKit/537.36 (KHTML, like Gecko) Chrome/60.0.3112.107 Mobile Safari/537.36"
20.217.81.154 - - [28/Jul/2026:20:11:00 +0000] "GET /about.php?key=EnigmaCyberSecurity HTTP/1.1" 404 12307 "-" "Mozilla/5.0 (Linux; Android 7.0; SM-G892A) AppleWebKit/537.36 (KHTML, like Gecko) Chrome/60.0.3112.107 Mobile Safari/537.36"
20.217.81.154 - - [28/Jul/2026:20:11:00 +0000] "GET /wp-includes/Requests/Auth/index.php HTTP/1.1" 301 20 "-" "Mozilla/5.0 (Linux; Android 7.0; SM-G892A) AppleWebKit/537.36 (KHTML, like Gecko) Chrome/60.0.3112.107 Mobile Safari/537.36"
20.217.81.154 - - [28/Jul/2026:20:11:00 +0000] "GET /wp-content/plugins/userfuns.php HTTP/1.1" 404 12357 "-" "Mozilla/5.0 (Linux; Android 7.0; SM-G892A) AppleWebKit/537.36 (KHTML, like Gecko) Chrome/60.0.3112.107 Mobile Safari/537.36"
20.217.81.154 - - [28/Jul/2026:20:11:01 +0000] "GET /wp-includes/Requests/Auth/ HTTP/1.1" 404 12357 "-" "Mozilla/5.0 (Linux; Android 7.0; SM-G892A) AppleWebKit/537.36 (KHTML, like Gecko) Chrome/60.0.3112.107 Mobile Safari/537.36"
20.217.81.154 - - [28/Jul/2026:20:11:01 +0000] "GET /wp.php HTTP/1.1" 404 12285 "-" "Mozilla/5.0 (Linux; Android 7.0; SM-G892A) AppleWebKit/537.36 (KHTML, like Gecko) Chrome/60.0.3112.107 Mobile Safari/537.36"
20.217.81.154 - - [28/Jul/2026:20:11:01 +0000] "GET /wp-content/themes/userfuns.php HTTP/1.1" 404 12351 "-" "Mozilla/5.0 (Linux; Android 7.0; SM-G892A) AppleWebKit/537.36 (KHTML, like Gecko) Chrome/60.0.3112.107 Mobile Safari/537.36"
20.217.81.154 - - [28/Jul/2026:20:11:04 +0000] "GET /wp-admin/css/colors/index.php HTTP/1.1" 301 20 "-" "Mozilla/5.0 (Linux; Android 7.0; SM-G892A) AppleWebKit/537.36 (KHTML, like Gecko) Chrome/60.0.3112.107 Mobile Safari/537.36"
20.217.81.154 - - [28/Jul/2026:20:11:04 +0000] "POST /wp.php HTTP/1.1" 404 9733 "-" "Mozilla/5.0 (Linux; Android 7.0; SM-G892A) AppleWebKit/537.36 (KHTML, like Gecko) Chrome/60.0.3112.107 Mobile Safari/537.36"
20.217.81.154 - - [28/Jul/2026:20:11:04 +0000] "GET /wp-admin/css/about.php HTTP/1.1" 404 12357 "-" "Mozilla/5.0 (Linux; Android 7.0; SM-G892A) AppleWebKit/537.36 (KHTML, like Gecko) Chrome/60.0.3112.107 Mobile Safari/537.36"
20.217.81.154 - - [28/Jul/2026:20:11:04 +0000] "GET /wp-admin/css/colors/ HTTP/1.1" 404 12353 "-" "Mozilla/5.0 (Linux; Android 7.0; SM-G892A) AppleWebKit/537.36 (KHTML, like Gecko) Chrome/60.0.3112.107 Mobile Safari/537.36"
20.217.81.154 - - [28/Jul/2026:20:11:06 +0000] "POST /wp.php HTTP/1.1" 404 9733 "-" "Mozilla/5.0 (Linux; Android 7.0; SM-G892A) AppleWebKit/537.36 (KHTML, like Gecko) Chrome/60.0.3112.107 Mobile Safari/537.36"
20.217.81.154 - - [28/Jul/2026:20:11:06 +0000] "GET /wp-content/themes/about.php HTTP/1.1" 404 12349 "-" "Mozilla/5.0 (Linux; Android 7.0; SM-G892A) AppleWebKit/537.36 (KHTML, like Gecko) Chrome/60.0.3112.107 Mobile Safari/537.36"
20.217.81.154 - - [28/Jul/2026:20:11:07 +0000] "GET /wp-content/languages/index.php HTTP/1.1" 301 20 "-" "Mozilla/5.0 (Linux; Android 7.0; SM-G892A) AppleWebKit/537.36 (KHTML, like Gecko) Chrome/60.0.3112.107 Mobile Safari/537.36"
20.217.81.154 - - [28/Jul/2026:20:11:07 +0000] "GET /wp-content/languages/ HTTP/1.1" 404 12285 "-" "Mozilla/5.0 (Linux; Android 7.0; SM-G892A) AppleWebKit/537.36 (KHTML, like Gecko) Chrome/60.0.3112.107 Mobile Safari/537.36"
172.105.42.26 - - [28/Jul/2026:20:11:09 +0000] "POST /wp-cron.php?doing_wp_cron=1785269469.4232189655303955078125 HTTP/1.1" 200 20 "-" "WordPress/7.0.2; https://hondasaudi.com"
20.217.81.154 - - [28/Jul/2026:20:11:09 +0000] "GET /about.php?key=EnigmaCyberSecurity HTTP/1.1" 404 12307 "-" "Mozilla/5.0 (Linux; Android 7.0; SM-G892A) AppleWebKit/537.36 (KHTML, like Gecko) Chrome/60.0.3112.107 Mobile Safari/537.36"
20.217.81.154 - - [28/Jul/2026:20:11:09 +0000] "GET /wp-login.php HTTP/1.1" 404 12348 "-" "Mozilla/5.0 (Linux; Android 7.0; SM-G892A) AppleWebKit/537.36 (KHTML, like Gecko) Chrome/60.0.3112.107 Mobile Safari/537.36"
20.217.81.154 - - [28/Jul/2026:20:11:10 +0000] "GET /wp-content/upgrade/index.php HTTP/1.1" 301 20 "-" "Mozilla/5.0 (Linux; Android 7.0; SM-G892A) AppleWebKit/537.36 (KHTML, like Gecko) Chrome/60.0.3112.107 Mobile Safari/537.36"
20.217.81.154 - - [28/Jul/2026:20:11:10 +0000] "GET /wp-content/upgrade/ HTTP/1.1" 404 12284 "-" "Mozilla/5.0 (Linux; Android 7.0; SM-G892A) AppleWebKit/537.36 (KHTML, like Gecko) Chrome/60.0.3112.107 Mobile Safari/537.36"
20.217.81.154 - - [28/Jul/2026:20:11:12 +0000] "GET /wp-content/IXR/index.php HTTP/1.1" 301 20 "-" "Mozilla/5.0 (Linux; Android 7.0; SM-G892A) AppleWebKit/537.36 (KHTML, like Gecko) Chrome/60.0.3112.107 Mobile Safari/537.36"
20.217.81.154 - - [28/Jul/2026:20:11:12 +0000] "GET /wp-content/IXR/ HTTP/1.1" 404 12284 "-" "Mozilla/5.0 (Linux; Android 7.0; SM-G892A) AppleWebKit/537.36 (KHTML, like Gecko) Chrome/60.0.3112.107 Mobile Safari/537.36"
66.249.66.70 - - [28/Jul/2026:20:21:40 +0000] "GET /honda-hrv/?utm_campaign=nabdapp.com&utm_medium=referral&utm_source=nabdapp.com&ocid=Nabd_App HTTP/1.1" 301 20 "-" "Mozilla/5.0 (Linux; Android 6.0.1; Nexus 5X Build/MMB29P) AppleWebKit/537.36 (KHTML, like Gecko) Chrome/150.0.7871.128 Mobile Safari/537.36 (compatible; Googlebot/2.1; +http://www.google.com/bot.html)"
216.73.217.51 - - [28/Jul/2026:20:27:39 +0000] "GET /robots.txt HTTP/1.1" 304 - "-" "Mozilla/5.0 AppleWebKit/537.36 (KHTML, like Gecko; compatible; ClaudeBot/1.0; +claudebot@anthropic.com)"
216.73.217.51 - - [28/Jul/2026:20:27:39 +0000] "GET /sitemap.xml HTTP/1.1" 301 20 "-" "Mozilla/5.0 AppleWebKit/537.36 (KHTML, like Gecko; compatible; ClaudeBot/1.0; +claudebot@anthropic.com)"
91.224.92.127 - - [28/Jul/2026:20:40:05 +0000] "GET /wp-login.php HTTP/1.1" 404 12347 "-" "Mozilla/5.0 (Macintosh; Intel Mac OS X 13_6_1; rv:120.0) Gecko/20100101 Firefox/120.0"
193.32.162.203 - - [28/Jul/2026:20:42:15 +0000] "GET / HTTP/1.1" 301 20 "-" "Mozilla/5.0 (Macintosh; Intel Mac OS X 10_15_7) AppleWebKit/537.36 (KHTML, like Gecko) Chrome/142.0.0.0 Safari/537.36"
193.32.162.203 - - [28/Jul/2026:20:42:15 +0000] "GET / HTTP/1.1" 301 20 "-" "Mozilla/5.0 (Macintosh; Intel Mac OS X 10_15_7) AppleWebKit/537.36 (KHTML, like Gecko) Chrome/142.0.0.0 Safari/537.36"
172.105.42.26 - - [28/Jul/2026:20:42:15 +0000] "POST /wp-cron.php?doing_wp_cron=1785271335.8246018886566162109375 HTTP/1.1" 200 20 "-" "WordPress/7.0.2; https://hondasaudi.com"
193.32.162.203 - - [28/Jul/2026:20:42:15 +0000] "GET / HTTP/1.1" 301 20 "-" "Mozilla/5.0 (Macintosh; Intel Mac OS X 10_15_7) AppleWebKit/537.36 (KHTML, like Gecko) Chrome/142.0.0.0 Safari/537.36"
172.105.42.26 - - [28/Jul/2026:21:09:00 +0000] "POST /wp-cron.php?doing_wp_cron=1785272940.4934689998626708984375 HTTP/1.1" 200 20 "-" "WordPress/7.0.2; https://hondasaudi.com"
80.225.239.192 - - [28/Jul/2026:21:09:00 +0000] "GET / HTTP/1.1" 301 20 "-" "Mozilla/5.0 (iPhone; CPU iPhone OS 17_5 like Mac OS X) Mobile/15E148 Safari/604.1"
80.225.239.192 - - [28/Jul/2026:21:09:01 +0000] "POST /wp-json/batch/v1 HTTP/1.1" 403 5168 "-" "Mozilla/5.0 (iPhone; CPU iPhone OS 17_5 like Mac OS X) Mobile/15E148 Safari/604.1"
80.225.239.192 - - [28/Jul/2026:21:09:01 +0000] "POST /?rest_route=/batch/v1 HTTP/1.1" 403 5168 "-" "Mozilla/5.0 (Windows NT 10.0; Win64; x64) AppleWebKit/537.36 (KHTML, like Gecko) Chrome/125.0.0.0 Safari/537.36"
87.58.197.202 - - [28/Jul/2026:21:09:01 +0000] "GET /?rest_route=/wp/v2/posts&per_page=1&_fields=link HTTP/1.1" 200 104 "-" "python-requests/2.34.2"
87.58.197.202 - - [28/Jul/2026:21:09:01 +0000] "POST /?rest_route=/batch/v1 HTTP/1.1" 403 5168 "-" "python-requests/2.34.2"
87.58.197.202 - - [28/Jul/2026:21:09:05 +0000] "POST /?rest_route=/batch/v1 HTTP/1.1" 403 5168 "-" "python-requests/2.34.2"
93.158.91.237 - - [28/Jul/2026:21:28:31 +0000] "GET / HTTP/1.1" 301 20 "-" "Mozilla/5.0 (Windows NT 10.0; Win64; x64) AppleWebKit/537.36 (KHTML, like Gecko) Chrome/121.0.0.0 Safari/537.3"
114.119.146.109 - - [28/Jul/2026:21:36:09 +0000] "GET /robots.txt HTTP/1.1" 200 31 "http://www.hondasaudi.com/robots.txt" "Mozilla/5.0 (compatible;PetalBot;+https://webmaster.petalsearch.com/site/petalbot)"
74.7.241.26 - - [28/Jul/2026:22:06:14 +0000] "GET /admin.php?dir=CwusrCwlibCwmodulesCw4Fw18Fw0-477Fw10Fw1Fwel8_8Fwx86_64CwkernelCwdriversCwmisc HTTP/1.1" 200 4208 "http://hondasaudi.com/admin.php?dir=CwusrCwlibCwmodulesCw4Fw18Fw0-477Fw10Fw1Fwel8_8Fwx86_64CwkernelCwdriversCwmiscCwlis3lv02d" "Mozilla/5.0 AppleWebKit/537.36 (KHTML, like Gecko; compatible; GPTBot/1.4; +https://openai.com/gptbot)"
74.7.241.26 - - [28/Jul/2026:22:10:24 +0000] "GET /admin.php?dir=CwusrCwlibCwmodulesCw4Fw18Fw0-477Fw10Fw1Fwel8_8Fwx86_64CwkernelCwdriversCwmisc&view=hpilo.ko.xz HTTP/1.1" 200 7379 "http://hondasaudi.com/admin.php?dir=CwusrCwlibCwmodulesCw4Fw18Fw0-477Fw10Fw1Fwel8_8Fwx86_64CwkernelCwdriversCwmisc" "Mozilla/5.0 AppleWebKit/537.36 (KHTML, like Gecko; compatible; GPTBot/1.4; +https://openai.com/gptbot)"
74.7.241.26 - - [28/Jul/2026:22:12:08 +0000] "GET /admin.php?dir=CwusrCwlibCwmodulesCw4Fw18Fw0-477Fw10Fw1Fwel8_8Fwx86_64CwkernelCwdriversCwmisc&view=enclosure.ko.xz HTTP/1.1" 200 6535 "http://hondasaudi.com/admin.php?dir=CwusrCwlibCwmodulesCw4Fw18Fw0-477Fw10Fw1Fwel8_8Fwx86_64CwkernelCwdriversCwmisc" "Mozilla/5.0 AppleWebKit/537.36 (KHTML, like Gecko; compatible; GPTBot/1.4; +https://openai.com/gptbot)"
74.7.241.26 - - [28/Jul/2026:22:12:30 +0000] "GET /admin.php?dir=CwusrCwlibCwmodulesCw4Fw18Fw0-477Fw10Fw1Fwel8_8Fwx86_64CwkernelCwdriversCwmisc&view=vmw_balloon.ko.xz HTTP/1.1" 200 7626 "http://hondasaudi.com/admin.php?dir=CwusrCwlibCwmodulesCw4Fw18Fw0-477Fw10Fw1Fwel8_8Fwx86_64CwkernelCwdriversCwmisc" "Mozilla/5.0 AppleWebKit/537.36 (KHTML, like Gecko; compatible; GPTBot/1.4; +https://openai.com/gptbot)"
172.105.42.26 - - [28/Jul/2026:22:14:10 +0000] "POST /wp-cron.php?doing_wp_cron=1785276850.5341429710388183593750 HTTP/1.1" 200 20 "-" "WordPress/7.0.2; https://hondasaudi.com"
49.51.203.164 - - [28/Jul/2026:22:14:10 +0000] "GET / HTTP/1.1" 301 20 "-" "Mozilla/5.0 (iPhone; CPU iPhone OS 13_2_3 like Mac OS X) AppleWebKit/605.1.15 (KHTML, like Gecko) Version/13.0.3 Mobile/15E148 Safari/604.1"
74.7.241.26 - - [28/Jul/2026:22:14:37 +0000] "GET /admin.php?dir=CwusrCwlibCwmodulesCw4Fw18Fw0-477Fw10Fw1Fwel8_8Fwx86_64CwkernelCwdriversCwmisc&view=ioc4.ko.xz HTTP/1.1" 200 4861 "http://hondasaudi.com/admin.php?dir=CwusrCwlibCwmodulesCw4Fw18Fw0-477Fw10Fw1Fwel8_8Fwx86_64CwkernelCwdriversCwmisc" "Mozilla/5.0 AppleWebKit/537.36 (KHTML, like Gecko; compatible; GPTBot/1.4; +https://openai.com/gptbot)"
74.7.241.26 - - [28/Jul/2026:22:16:43 +0000] "GET /admin.php?dir=CwusrCwlibCwmodulesCw4Fw18Fw0-477Fw10Fw1Fwel8_8Fwx86_64CwkernelCwdriversCwmisc&view=apds990x.ko.xz HTTP/1.1" 200 7984 "http://hondasaudi.com/admin.php?dir=CwusrCwlibCwmodulesCw4Fw18Fw0-477Fw10Fw1Fwel8_8Fwx86_64CwkernelCwdriversCwmisc" "Mozilla/5.0 AppleWebKit/537.36 (KHTML, like Gecko; compatible; GPTBot/1.4; +https://openai.com/gptbot)"
74.7.241.26 - - [28/Jul/2026:22:17:05 +0000] "GET /admin.php?dir=CwusrCwlibCwmodulesCw4Fw18Fw0-477Fw10Fw1Fwel8_8Fwx86_64CwkernelCwdriversCwmisc&view=bh1770glc.ko.xz HTTP/1.1" 200 8799 "http://hondasaudi.com/admin.php?dir=CwusrCwlibCwmodulesCw4Fw18Fw0-477Fw10Fw1Fwel8_8Fwx86_64CwkernelCwdriversCwmisc" "Mozilla/5.0 AppleWebKit/537.36 (KHTML, like Gecko; compatible; GPTBot/1.4; +https://openai.com/gptbot)"
74.7.241.26 - - [28/Jul/2026:22:17:26 +0000] "GET /admin.php?dir=CwusrCwlibCwmodulesCw4Fw18Fw0-477Fw10Fw1Fwel8_8Fwx86_64CwkernelCwdriversCwmisc&view=tsl2550.ko.xz HTTP/1.1" 200 4525 "http://hondasaudi.com/admin.php?dir=CwusrCwlibCwmodulesCw4Fw18Fw0-477Fw10Fw1Fwel8_8Fwx86_64CwkernelCwdriversCwmisc" "Mozilla/5.0 AppleWebKit/537.36 (KHTML, like Gecko; compatible; GPTBot/1.4; +https://openai.com/gptbot)"
74.7.241.26 - - [28/Jul/2026:22:17:46 +0000] "GET /admin.php?dir=CwusrCwlibCwmodulesCw4Fw18Fw0-477Fw10Fw1Fwel8_8Fwx86_64CwkernelCwdriversCwmisc&view=apds9802als.ko.xz HTTP/1.1" 200 4160 "http://hondasaudi.com/admin.php?dir=CwusrCwlibCwmodulesCw4Fw18Fw0-477Fw10Fw1Fwel8_8Fwx86_64CwkernelCwdriversCwmisc" "Mozilla/5.0 AppleWebKit/537.36 (KHTML, like Gecko; compatible; GPTBot/1.4; +https://openai.com/gptbot)"
74.7.241.26 - - [28/Jul/2026:22:18:28 +0000] "GET /admin.php?dir=CwusrCwlibCwmodulesCw4Fw18Fw0-477Fw10Fw1Fwel8_8Fwx86_64CwkernelCwdriversCwmisc&view=isl29003.ko.xz HTTP/1.1" 200 4156 "http://hondasaudi.com/admin.php?dir=CwusrCwlibCwmodulesCw4Fw18Fw0-477Fw10Fw1Fwel8_8Fwx86_64CwkernelCwdriversCwmisc" "Mozilla/5.0 AppleWebKit/537.36 (KHTML, like Gecko; compatible; GPTBot/1.4; +https://openai.com/gptbot)"
74.7.241.26 - - [28/Jul/2026:22:18:49 +0000] "GET /admin.php?dir=CwusrCwlibCwmodulesCw4Fw18Fw0-477Fw10Fw1Fwel8_8Fwx86_64CwkernelCwdriversCwmisc&view=isl29020.ko.xz HTTP/1.1" 200 3566 "http://hondasaudi.com/admin.php?dir=CwusrCwlibCwmodulesCw4Fw18Fw0-477Fw10Fw1Fwel8_8Fwx86_64CwkernelCwdriversCwmisc" "Mozilla/5.0 AppleWebKit/537.36 (KHTML, like Gecko; compatible; GPTBot/1.4; +https://openai.com/gptbot)"
74.7.241.26 - - [28/Jul/2026:22:25:12 +0000] "GET /admin.php?dir=CwusrCwlibCwmodulesCw4Fw18Fw0-477Fw10Fw1Fwel8_8Fwx86_64CwkernelCwdriversCwmiscCwsgi-gru HTTP/1.1" 200 3320 "http://hondasaudi.com/admin.php?dir=CwusrCwlibCwmodulesCw4Fw18Fw0-477Fw10Fw1Fwel8_8Fwx86_64CwkernelCwdriversCwmisc" "Mozilla/5.0 AppleWebKit/537.36 (KHTML, like Gecko; compatible; GPTBot/1.4; +https://openai.com/gptbot)"
74.7.241.26 - - [28/Jul/2026:22:25:32 +0000] "GET /admin.php?dir=CwusrCwlibCwmodulesCw4Fw18Fw0-477Fw10Fw1Fwel8_8Fwx86_64CwkernelCwdriversCwmiscCwsgi-xp HTTP/1.1" 200 3427 "http://hondasaudi.com/admin.php?dir=CwusrCwlibCwmodulesCw4Fw18Fw0-477Fw10Fw1Fwel8_8Fwx86_64CwkernelCwdriversCwmisc" "Mozilla/5.0 AppleWebKit/537.36 (KHTML, like Gecko; compatible; GPTBot/1.4; +https://openai.com/gptbot)"
74.7.241.26 - - [28/Jul/2026:22:25:53 +0000] "GET /admin.php?dir=CwusrCwlibCwmodulesCw4Fw18Fw0-477Fw10Fw1Fwel8_8Fwx86_64CwkernelCwdriversCwmiscCwvmw_vmci HTTP/1.1" 200 3323 "http://hondasaudi.com/admin.php?dir=CwusrCwlibCwmodulesCw4Fw18Fw0-477Fw10Fw1Fwel8_8Fwx86_64CwkernelCwdriversCwmisc" "Mozilla/5.0 AppleWebKit/537.36 (KHTML, like Gecko; compatible; GPTBot/1.4; +https://openai.com/gptbot)"
74.7.241.26 - - [28/Jul/2026:22:26:14 +0000] "GET /admin.php?dir=CwusrCwlibCwmodulesCw4Fw18Fw0-477Fw10Fw1Fwel8_8Fwx86_64CwkernelCwdriversCwmiscCwaltera-stapl HTTP/1.1" 200 3324 "http://hondasaudi.com/admin.php?dir=CwusrCwlibCwmodulesCw4Fw18Fw0-477Fw10Fw1Fwel8_8Fwx86_64CwkernelCwdriversCwmisc" "Mozilla/5.0 AppleWebKit/537.36 (KHTML, like Gecko; compatible; GPTBot/1.4; +https://openai.com/gptbot)"
216.73.217.51 - - [28/Jul/2026:22:28:43 +0000] "GET /robots.txt HTTP/1.1" 304 - "-" "Mozilla/5.0 AppleWebKit/537.36 (KHTML, like Gecko; compatible; ClaudeBot/1.0; +claudebot@anthropic.com)"
172.105.42.26 - - [28/Jul/2026:22:28:43 +0000] "POST /wp-cron.php?doing_wp_cron=1785277723.9628260135650634765625 HTTP/1.1" 200 20 "-" "WordPress/7.0.2; https://hondasaudi.com"
216.73.217.51 - - [28/Jul/2026:22:28:43 +0000] "GET /sitemap.xml HTTP/1.1" 301 20 "-" "Mozilla/5.0 AppleWebKit/537.36 (KHTML, like Gecko; compatible; ClaudeBot/1.0; +claudebot@anthropic.com)"
74.7.241.26 - - [28/Jul/2026:22:29:02 +0000] "GET /admin.php?dir=CwusrCwlibCwmodulesCw4Fw18Fw0-477Fw10Fw1Fwel8_8Fwx86_64CwkernelCwdriversCwmiscCwsgi-gru&view=gru.ko.xz HTTP/1.1" 200 29347 "http://hondasaudi.com/admin.php?dir=CwusrCwlibCwmodulesCw4Fw18Fw0-477Fw10Fw1Fwel8_8Fwx86_64CwkernelCwdriversCwmiscCwsgi-gru" "Mozilla/5.0 AppleWebKit/537.36 (KHTML, like Gecko; compatible; GPTBot/1.4; +https://openai.com/gptbot)"
172.105.42.26 - - [28/Jul/2026:22:29:23 +0000] "POST /wp-cron.php?doing_wp_cron=1785277763.0074911117553710937500 HTTP/1.1" 200 20 "-" "WordPress/7.0.2; https://hondasaudi.com"
74.7.241.26 - - [28/Jul/2026:22:29:22 +0000] "GET /admin.php?dir=CwusrCwlibCwmodulesCw4Fw18Fw0-477Fw10Fw1Fwel8_8Fwx86_64CwkernelCwdriversCwmiscCwsgi-xp&view=xpnet.ko.xz HTTP/1.1" 200 6625 "http://hondasaudi.com/admin.php?dir=CwusrCwlibCwmodulesCw4Fw18Fw0-477Fw10Fw1Fwel8_8Fwx86_64CwkernelCwdriversCwmiscCwsgi-xp" "Mozilla/5.0 AppleWebKit/537.36 (KHTML, like Gecko; compatible; GPTBot/1.4; +https://openai.com/gptbot)"
74.7.241.26 - - [28/Jul/2026:22:29:44 +0000] "GET /admin.php?dir=CwusrCwlibCwmodulesCw4Fw18Fw0-477Fw10Fw1Fwel8_8Fwx86_64CwkernelCwdriversCwmiscCwsgi-xp&view=xpc.ko.xz HTTP/1.1" 200 28056 "http://hondasaudi.com/admin.php?dir=CwusrCwlibCwmodulesCw4Fw18Fw0-477Fw10Fw1Fwel8_8Fwx86_64CwkernelCwdriversCwmiscCwsgi-xp" "Mozilla/5.0 AppleWebKit/537.36 (KHTML, like Gecko; compatible; GPTBot/1.4; +https://openai.com/gptbot)"
74.7.241.26 - - [28/Jul/2026:22:30:05 +0000] "GET /admin.php?dir=CwusrCwlibCwmodulesCw4Fw18Fw0-477Fw10Fw1Fwel8_8Fwx86_64CwkernelCwdriversCwmiscCwaltera-stapl&view=altera-stapl.ko.xz HTTP/1.1" 200 14379 "http://hondasaudi.com/admin.php?dir=CwusrCwlibCwmodulesCw4Fw18Fw0-477Fw10Fw1Fwel8_8Fwx86_64CwkernelCwdriversCwmiscCwaltera-stapl" "Mozilla/5.0 AppleWebKit/537.36 (KHTML, like Gecko; compatible; GPTBot/1.4; +https://openai.com/gptbot)"
93.123.109.167 - - [28/Jul/2026:22:35:13 +0000] "POST /?rest_route=/batch/v1 HTTP/1.1" 207 36 "http://hondasaudi.com/" "Mozilla/5.0 (Windows NT 10.0; Win64; x64) AppleWebKit/537.36 Chrome/120.0.0.0 Safari/537.36"
93.123.109.167 - - [28/Jul/2026:22:35:13 +0000] "POST /?rest_route=/batch/v1 HTTP/1.1" 403 5168 "http://hondasaudi.com/" "Mozilla/5.0 (Windows NT 10.0; Win64; x64) AppleWebKit/537.36 Chrome/120.0.0.0 Safari/537.36"
93.123.109.167 - - [28/Jul/2026:22:35:15 +0000] "POST /?rest_route=/batch/v1 HTTP/1.1" 207 36 "http://hondasaudi.com/" "Mozilla/5.0 (Windows NT 10.0; Win64; x64) AppleWebKit/537.36 Chrome/120.0.0.0 Safari/537.36"
93.123.109.167 - - [28/Jul/2026:22:35:15 +0000] "POST /?rest_route=/batch/v1 HTTP/1.1" 403 5168 "http://hondasaudi.com/" "Mozilla/5.0 (Windows NT 10.0; Win64; x64) AppleWebKit/537.36 Chrome/120.0.0.0 Safari/537.36"
93.123.109.167 - - [28/Jul/2026:22:35:35 +0000] "POST /wp/?rest_route=/batch/v1 HTTP/1.1" 207 36 "http://hondasaudi.com/wp/" "Mozilla/5.0 (Windows NT 10.0; Win64; x64) AppleWebKit/537.36 Chrome/120.0.0.0 Safari/537.36"
93.123.109.167 - - [28/Jul/2026:22:35:36 +0000] "POST /wp/?rest_route=/batch/v1 HTTP/1.1" 403 5168 "http://hondasaudi.com/wp/" "Mozilla/5.0 (Windows NT 10.0; Win64; x64) AppleWebKit/537.36 Chrome/120.0.0.0 Safari/537.36"
93.123.109.167 - - [28/Jul/2026:22:35:37 +0000] "POST /wp/?rest_route=/batch/v1 HTTP/1.1" 207 36 "http://hondasaudi.com/wp/" "Mozilla/5.0 (Windows NT 10.0; Win64; x64) AppleWebKit/537.36 Chrome/120.0.0.0 Safari/537.36"
93.123.109.167 - - [28/Jul/2026:22:35:37 +0000] "POST /wp/?rest_route=/batch/v1 HTTP/1.1" 403 5168 "http://hondasaudi.com/wp/" "Mozilla/5.0 (Windows NT 10.0; Win64; x64) AppleWebKit/537.36 Chrome/120.0.0.0 Safari/537.36"
93.123.109.167 - - [28/Jul/2026:22:35:39 +0000] "POST /wordpress/?rest_route=/batch/v1 HTTP/1.1" 207 36 "http://hondasaudi.com/wordpress/" "Mozilla/5.0 (Windows NT 10.0; Win64; x64) AppleWebKit/537.36 Chrome/120.0.0.0 Safari/537.36"
93.123.109.167 - - [28/Jul/2026:22:35:39 +0000] "POST /wordpress/?rest_route=/batch/v1 HTTP/1.1" 403 5168 "http://hondasaudi.com/wordpress/" "Mozilla/5.0 (Windows NT 10.0; Win64; x64) AppleWebKit/537.36 Chrome/120.0.0.0 Safari/537.36"
93.123.109.167 - - [28/Jul/2026:22:35:40 +0000] "POST /wordpress/?rest_route=/batch/v1 HTTP/1.1" 207 36 "http://hondasaudi.com/wordpress/" "Mozilla/5.0 (Windows NT 10.0; Win64; x64) AppleWebKit/537.36 Chrome/120.0.0.0 Safari/537.36"
93.123.109.167 - - [28/Jul/2026:22:35:41 +0000] "POST /wordpress/?rest_route=/batch/v1 HTTP/1.1" 403 5168 "http://hondasaudi.com/wordpress/" "Mozilla/5.0 (Windows NT 10.0; Win64; x64) AppleWebKit/537.36 Chrome/120.0.0.0 Safari/537.36"
93.123.109.167 - - [28/Jul/2026:22:35:42 +0000] "POST /blog/?rest_route=/batch/v1 HTTP/1.1" 207 36 "http://hondasaudi.com/blog/" "Mozilla/5.0 (Windows NT 10.0; Win64; x64) AppleWebKit/537.36 Chrome/120.0.0.0 Safari/537.36"
93.123.109.167 - - [28/Jul/2026:22:35:43 +0000] "POST /blog/?rest_route=/batch/v1 HTTP/1.1" 403 5168 "http://hondasaudi.com/blog/" "Mozilla/5.0 (Windows NT 10.0; Win64; x64) AppleWebKit/537.36 Chrome/120.0.0.0 Safari/537.36"
93.123.109.167 - - [28/Jul/2026:22:35:44 +0000] "POST /blog/?rest_route=/batch/v1 HTTP/1.1" 207 36 "http://hondasaudi.com/blog/" "Mozilla/5.0 (Windows NT 10.0; Win64; x64) AppleWebKit/537.36 Chrome/120.0.0.0 Safari/537.36"
93.123.109.167 - - [28/Jul/2026:22:35:45 +0000] "POST /blog/?rest_route=/batch/v1 HTTP/1.1" 403 5168 "http://hondasaudi.com/blog/" "Mozilla/5.0 (Windows NT 10.0; Win64; x64) AppleWebKit/537.36 Chrome/120.0.0.0 Safari/537.36"
93.123.109.167 - - [28/Jul/2026:22:35:46 +0000] "POST /old/?rest_route=/batch/v1 HTTP/1.1" 207 36 "http://hondasaudi.com/old/" "Mozilla/5.0 (Windows NT 10.0; Win64; x64) AppleWebKit/537.36 Chrome/120.0.0.0 Safari/537.36"
93.123.109.167 - - [28/Jul/2026:22:35:46 +0000] "POST /old/?rest_route=/batch/v1 HTTP/1.1" 403 5168 "http://hondasaudi.com/old/" "Mozilla/5.0 (Windows NT 10.0; Win64; x64) AppleWebKit/537.36 Chrome/120.0.0.0 Safari/537.36"
93.123.109.167 - - [28/Jul/2026:22:35:48 +0000] "POST /old/?rest_route=/batch/v1 HTTP/1.1" 207 36 "http://hondasaudi.com/old/" "Mozilla/5.0 (Windows NT 10.0; Win64; x64) AppleWebKit/537.36 Chrome/120.0.0.0 Safari/537.36"
93.123.109.167 - - [28/Jul/2026:22:35:48 +0000] "POST /old/?rest_route=/batch/v1 HTTP/1.1" 403 5168 "http://hondasaudi.com/old/" "Mozilla/5.0 (Windows NT 10.0; Win64; x64) AppleWebKit/537.36 Chrome/120.0.0.0 Safari/537.36"
93.123.109.167 - - [28/Jul/2026:22:35:49 +0000] "POST /test/?rest_route=/batch/v1 HTTP/1.1" 207 36 "http://hondasaudi.com/test/" "Mozilla/5.0 (Windows NT 10.0; Win64; x64) AppleWebKit/537.36 Chrome/120.0.0.0 Safari/537.36"
93.123.109.167 - - [28/Jul/2026:22:35:50 +0000] "POST /test/?rest_route=/batch/v1 HTTP/1.1" 403 5168 "http://hondasaudi.com/test/" "Mozilla/5.0 (Windows NT 10.0; Win64; x64) AppleWebKit/537.36 Chrome/120.0.0.0 Safari/537.36"
93.123.109.167 - - [28/Jul/2026:22:35:51 +0000] "POST /test/?rest_route=/batch/v1 HTTP/1.1" 207 36 "http://hondasaudi.com/test/" "Mozilla/5.0 (Windows NT 10.0; Win64; x64) AppleWebKit/537.36 Chrome/120.0.0.0 Safari/537.36"
93.123.109.167 - - [28/Jul/2026:22:35:52 +0000] "POST /test/?rest_route=/batch/v1 HTTP/1.1" 403 5168 "http://hondasaudi.com/test/" "Mozilla/5.0 (Windows NT 10.0; Win64; x64) AppleWebKit/537.36 Chrome/120.0.0.0 Safari/537.36"
93.123.109.167 - - [28/Jul/2026:22:35:53 +0000] "POST /dev/?rest_route=/batch/v1 HTTP/1.1" 207 36 "http://hondasaudi.com/dev/" "Mozilla/5.0 (Windows NT 10.0; Win64; x64) AppleWebKit/537.36 Chrome/120.0.0.0 Safari/537.36"
93.123.109.167 - - [28/Jul/2026:22:35:54 +0000] "POST /dev/?rest_route=/batch/v1 HTTP/1.1" 403 5168 "http://hondasaudi.com/dev/" "Mozilla/5.0 (Windows NT 10.0; Win64; x64) AppleWebKit/537.36 Chrome/120.0.0.0 Safari/537.36"
93.123.109.167 - - [28/Jul/2026:22:35:55 +0000] "POST /dev/?rest_route=/batch/v1 HTTP/1.1" 207 36 "http://hondasaudi.com/dev/" "Mozilla/5.0 (Windows NT 10.0; Win64; x64) AppleWebKit/537.36 Chrome/120.0.0.0 Safari/537.36"
93.123.109.167 - - [28/Jul/2026:22:35:56 +0000] "POST /dev/?rest_route=/batch/v1 HTTP/1.1" 403 5168 "http://hondasaudi.com/dev/" "Mozilla/5.0 (Windows NT 10.0; Win64; x64) AppleWebKit/537.36 Chrome/120.0.0.0 Safari/537.36"
93.123.109.167 - - [28/Jul/2026:22:35:57 +0000] "POST /backup/?rest_route=/batch/v1 HTTP/1.1" 207 36 "http://hondasaudi.com/backup/" "Mozilla/5.0 (Windows NT 10.0; Win64; x64) AppleWebKit/537.36 Chrome/120.0.0.0 Safari/537.36"
93.123.109.167 - - [28/Jul/2026:22:35:58 +0000] "POST /backup/?rest_route=/batch/v1 HTTP/1.1" 403 5168 "http://hondasaudi.com/backup/" "Mozilla/5.0 (Windows NT 10.0; Win64; x64) AppleWebKit/537.36 Chrome/120.0.0.0 Safari/537.36"
93.123.109.167 - - [28/Jul/2026:22:35:59 +0000] "POST /backup/?rest_route=/batch/v1 HTTP/1.1" 207 36 "http://hondasaudi.com/backup/" "Mozilla/5.0 (Windows NT 10.0; Win64; x64) AppleWebKit/537.36 Chrome/120.0.0.0 Safari/537.36"
93.123.109.167 - - [28/Jul/2026:22:36:00 +0000] "POST /backup/?rest_route=/batch/v1 HTTP/1.1" 403 5168 "http://hondasaudi.com/backup/" "Mozilla/5.0 (Windows NT 10.0; Win64; x64) AppleWebKit/537.36 Chrome/120.0.0.0 Safari/537.36"
93.123.109.167 - - [28/Jul/2026:22:36:01 +0000] "POST /staging/?rest_route=/batch/v1 HTTP/1.1" 207 36 "http://hondasaudi.com/staging/" "Mozilla/5.0 (Windows NT 10.0; Win64; x64) AppleWebKit/537.36 Chrome/120.0.0.0 Safari/537.36"
93.123.109.167 - - [28/Jul/2026:22:36:02 +0000] "POST /staging/?rest_route=/batch/v1 HTTP/1.1" 403 5168 "http://hondasaudi.com/staging/" "Mozilla/5.0 (Windows NT 10.0; Win64; x64) AppleWebKit/537.36 Chrome/120.0.0.0 Safari/537.36"
93.123.109.167 - - [28/Jul/2026:22:36:03 +0000] "POST /staging/?rest_route=/batch/v1 HTTP/1.1" 207 36 "http://hondasaudi.com/staging/" "Mozilla/5.0 (Windows NT 10.0; Win64; x64) AppleWebKit/537.36 Chrome/120.0.0.0 Safari/537.36"
93.123.109.167 - - [28/Jul/2026:22:36:04 +0000] "POST /staging/?rest_route=/batch/v1 HTTP/1.1" 403 5168 "http://hondasaudi.com/staging/" "Mozilla/5.0 (Windows NT 10.0; Win64; x64) AppleWebKit/537.36 Chrome/120.0.0.0 Safari/537.36"
93.123.109.167 - - [28/Jul/2026:22:36:06 +0000] "POST /?rest_route=/batch/v1 HTTP/1.1" 207 36 "http://hondasaudi.com/" "Mozilla/5.0 (Windows NT 10.0; Win64; x64) AppleWebKit/537.36 Chrome/120.0.0.0 Safari/537.36"
93.123.109.167 - - [28/Jul/2026:22:36:06 +0000] "POST /?rest_route=/batch/v1 HTTP/1.1" 403 5168 "http://hondasaudi.com/" "Mozilla/5.0 (Windows NT 10.0; Win64; x64) AppleWebKit/537.36 Chrome/120.0.0.0 Safari/537.36"
172.105.42.26 - - [28/Jul/2026:22:36:08 +0000] "POST /wp-cron.php?doing_wp_cron=1785278168.2449920177459716796875 HTTP/1.1" 200 20 "-" "WordPress/7.0.2; https://hondasaudi.com"
93.123.109.167 - - [28/Jul/2026:22:36:08 +0000] "POST /?rest_route=/batch/v1 HTTP/1.1" 207 36 "http://hondasaudi.com/" "Mozilla/5.0 (Windows NT 10.0; Win64; x64) AppleWebKit/537.36 Chrome/120.0.0.0 Safari/537.36"
93.123.109.167 - - [28/Jul/2026:22:36:08 +0000] "POST /?rest_route=/batch/v1 HTTP/1.1" 403 5168 "http://hondasaudi.com/" "Mozilla/5.0 (Windows NT 10.0; Win64; x64) AppleWebKit/537.36 Chrome/120.0.0.0 Safari/537.36"
172.105.42.26 - - [28/Jul/2026:22:44:16 +0000] "POST /wp-cron.php?doing_wp_cron=1785278656.9005260467529296875000 HTTP/1.1" 200 20 "-" "WordPress/7.0.2; https://hondasaudi.com"
136.107.92.144 - - [28/Jul/2026:22:44:16 +0000] "HEAD / HTTP/1.1" 301 - "-" "Mozilla/5.0 (Linux; Android 14; Xiaomi 14 Pro) AppleWebKit/537.36 (KHTML, like Gecko) Chrome/126.0.6478.33 Mobile Safari/537.36"
136.107.92.144 - - [28/Jul/2026:22:44:17 +0000] "HEAD /blog/ HTTP/1.1" 301 - "-" "Mozilla/5.0 (Linux; Android 11; moto g31) AppleWebKit/537.36 (KHTML, like Gecko) Chrome/122.0.6261.96 Mobile Safari/537.36"
172.105.42.26 - - [28/Jul/2026:22:44:18 +0000] "POST /wp-cron.php?doing_wp_cron=1785278658.2509000301361083984375 HTTP/1.1" 200 20 "-" "WordPress/7.0.2; https://hondasaudi.com"
136.107.92.144 - - [28/Jul/2026:22:44:18 +0000] "HEAD /blog/ HTTP/1.1" 404 - "http://www.hondasaudi.com/blog/" "Mozilla/5.0 (Linux; Android 11; moto g31) AppleWebKit/537.36 (KHTML, like Gecko) Chrome/122.0.6261.96 Mobile Safari/537.36"
136.107.92.144 - - [28/Jul/2026:22:44:18 +0000] "HEAD /old/ HTTP/1.1" 301 - "-" "Mozilla/5.0 (Linux; Android 11; RMX2195) AppleWebKit/537.36 (KHTML, like Gecko) Chrome/120.0.6099.210 Mobile Safari/537.36 OPR/75.2.3995.72468"
136.107.92.144 - - [28/Jul/2026:22:44:18 +0000] "HEAD /old/ HTTP/1.1" 404 - "http://www.hondasaudi.com/old/" "Mozilla/5.0 (Linux; Android 11; RMX2195) AppleWebKit/537.36 (KHTML, like Gecko) Chrome/120.0.6099.210 Mobile Safari/537.36 OPR/75.2.3995.72468"
136.107.92.144 - - [28/Jul/2026:22:44:19 +0000] "HEAD /wordpress/ HTTP/1.1" 301 - "-" "Mozilla/5.0 (X11; Linux x86_64; rv:127.0) Gecko/20100101 Firefox/127.0"
136.107.92.144 - - [28/Jul/2026:22:44:19 +0000] "HEAD /wordpress/ HTTP/1.1" 404 - "http://www.hondasaudi.com/wordpress/" "Mozilla/5.0 (X11; Linux x86_64; rv:127.0) Gecko/20100101 Firefox/127.0"
136.107.92.144 - - [28/Jul/2026:22:44:20 +0000] "HEAD /wp/ HTTP/1.1" 301 - "-" "Mozilla/5.0 (Windows NT 10.0; WOW64) AppleWebKit/537.36 (KHTML, like Gecko) Chrome/118.0.5993.90 Safari/537.36"
136.107.92.144 - - [28/Jul/2026:22:44:20 +0000] "HEAD /wp/ HTTP/1.1" 404 - "http://www.hondasaudi.com/wp/" "Mozilla/5.0 (Windows NT 10.0; WOW64) AppleWebKit/537.36 (KHTML, like Gecko) Chrome/118.0.5993.90 Safari/537.36"
136.107.92.144 - - [28/Jul/2026:22:44:21 +0000] "HEAD /new/ HTTP/1.1" 301 - "-" "Mozilla/5.0 (X11; Fedora; Linux x86_64; rv:125.0) Gecko/20100101 Firefox/125.0"
136.107.92.144 - - [28/Jul/2026:22:44:21 +0000] "HEAD /backup/ HTTP/1.1" 301 - "-" "Mozilla/5.0 (Macintosh; Intel Mac OS X 13_5) AppleWebKit/605.1.15 (KHTML, like Gecko) Version/16.5 Safari/605.1.15"
136.107.92.144 - - [28/Jul/2026:22:44:22 +0000] "HEAD /backup/ HTTP/1.1" 404 - "http://www.hondasaudi.com/backup/" "Mozilla/5.0 (Macintosh; Intel Mac OS X 13_5) AppleWebKit/605.1.15 (KHTML, like Gecko) Version/16.5 Safari/605.1.15"
74.7.241.26 - - [28/Jul/2026:22:44:50 +0000] "GET /admin.php?dir=CwusrCwlibCwmodulesCw4Fw18Fw0-477Fw10Fw1Fwel8_8Fwx86_64CwkernelCwdriversCwmiscCwsgi-xp&view=xp.ko.xz HTTP/1.1" 200 5026 "http://hondasaudi.com/admin.php?dir=CwusrCwlibCwmodulesCw4Fw18Fw0-477Fw10Fw1Fwel8_8Fwx86_64CwkernelCwdriversCwmiscCwsgi-xp" "Mozilla/5.0 AppleWebKit/537.36 (KHTML, like Gecko; compatible; GPTBot/1.4; +https://openai.com/gptbot)"
172.105.42.26 - - [28/Jul/2026:22:58:30 +0000] "POST /wp-cron.php?doing_wp_cron=1785279510.6689178943634033203125 HTTP/1.1" 200 20 "-" "WordPress/7.0.2; https://hondasaudi.com"
2a03:2880:18ff:13:: - - [28/Jul/2026:22:58:30 +0000] "GET /meta.json?media=IG_Accord_MAR_20 HTTP/1.1" 404 12304 "-" "facebookexternalhit/1.1 (+http://www.facebook.com/externalhit_uatext.php)"
172.105.42.26 - - [28/Jul/2026:23:11:31 +0000] "POST /wp-cron.php?doing_wp_cron=1785280291.9636900424957275390625 HTTP/1.1" 200 20 "-" "WordPress/7.0.2; https://hondasaudi.com"
43.153.87.54 - - [28/Jul/2026:23:11:31 +0000] "GET / HTTP/1.1" 301 20 "-" "Mozilla/5.0 (iPhone; CPU iPhone OS 13_2_3 like Mac OS X) AppleWebKit/605.1.15 (KHTML, like Gecko) Version/13.0.3 Mobile/15E148 Safari/604.1"
66.249.92.130 - - [28/Jul/2026:23:18:31 +0000] "GET / HTTP/1.1" 301 20 "-" "AdsBot-Google (+http://www.google.com/adsbot.html)"
68.66.226.97 - - [28/Jul/2026:23:21:26 +0000] "GET /.well-known/acme-challenge/NG5YLHB5LAYOZFEYTMEJDYLD168DEBYM HTTP/1.1" 404 - "-" "Cpanel-HTTP-Client/1.0"
68.66.226.97 - - [28/Jul/2026:23:21:28 +0000] "GET /.well-known/acme-challenge/CBDBCBTGFZ8Z0XVRP7M3HUM5_JIVBWKN HTTP/1.1" 404 - "-" "Cpanel-HTTP-Client/1.0"
68.66.226.97 - - [28/Jul/2026:23:21:29 +0000] "GET /.well-known/acme-challenge/OPK1SQI7D0SN4RS9SEI4_N3OITP4JQCD HTTP/1.1" 404 - "-" "Cpanel-HTTP-Client/1.0"
74.7.241.26 - - [28/Jul/2026:23:43:04 +0000] "GET /admin.php?dir=CwusrCwlibCwmodulesCw4Fw18Fw0-513Fw24Fw1Fwel8_9Fwx86_64CwkernelCwdriversCwmisc HTTP/1.1" 200 4230 "http://hondasaudi.com/admin.php?dir=CwusrCwlibCwmodulesCw4Fw18Fw0-513Fw24Fw1Fwel8_9Fwx86_64CwkernelCwdriversCwmiscCwlis3lv02d" "Mozilla/5.0 AppleWebKit/537.36 (KHTML, like Gecko; compatible; GPTBot/1.4; +https://openai.com/gptbot)"
74.7.241.26 - - [28/Jul/2026:23:46:54 +0000] "GET /admin.php?dir=CwusrCwlibCwmodulesCw4Fw18Fw0-513Fw24Fw1Fwel8_9Fwx86_64CwkernelCwdriversCwmisc&view=hpilo.ko.xz HTTP/1.1" 200 7458 "http://hondasaudi.com/admin.php?dir=CwusrCwlibCwmodulesCw4Fw18Fw0-513Fw24Fw1Fwel8_9Fwx86_64CwkernelCwdriversCwmisc" "Mozilla/5.0 AppleWebKit/537.36 (KHTML, like Gecko; compatible; GPTBot/1.4; +https://openai.com/gptbot)"
74.7.241.26 - - [28/Jul/2026:23:47:56 +0000] "GET /admin.php?dir=CwusrCwlibCwmodulesCw4Fw18Fw0-513Fw24Fw1Fwel8_9Fwx86_64CwkernelCwdriversCwmisc&view=vmw_balloon.ko.xz HTTP/1.1" 200 7694 "http://hondasaudi.com/admin.php?dir=CwusrCwlibCwmodulesCw4Fw18Fw0-513Fw24Fw1Fwel8_9Fwx86_64CwkernelCwdriversCwmisc" "Mozilla/5.0 AppleWebKit/537.36 (KHTML, like Gecko; compatible; GPTBot/1.4; +https://openai.com/gptbot)"
74.7.241.26 - - [28/Jul/2026:23:48:18 +0000] "GET /admin.php?dir=CwusrCwlibCwmodulesCw4Fw18Fw0-513Fw24Fw1Fwel8_9Fwx86_64CwkernelCwdriversCwmisc&view=enclosure.ko.xz HTTP/1.1" 200 6656 "http://hondasaudi.com/admin.php?dir=CwusrCwlibCwmodulesCw4Fw18Fw0-513Fw24Fw1Fwel8_9Fwx86_64CwkernelCwdriversCwmisc" "Mozilla/5.0 AppleWebKit/537.36 (KHTML, like Gecko; compatible; GPTBot/1.4; +https://openai.com/gptbot)"
74.7.241.26 - - [28/Jul/2026:23:48:39 +0000] "GET /admin.php?dir=CwusrCwlibCwmodulesCw4Fw18Fw0-513Fw24Fw1Fwel8_9Fwx86_64CwkernelCwdriversCwmisc&view=ioc4.ko.xz HTTP/1.1" 200 4883 "http://hondasaudi.com/admin.php?dir=CwusrCwlibCwmodulesCw4Fw18Fw0-513Fw24Fw1Fwel8_9Fwx86_64CwkernelCwdriversCwmisc" "Mozilla/5.0 AppleWebKit/537.36 (KHTML, like Gecko; compatible; GPTBot/1.4; +https://openai.com/gptbot)"
74.7.241.26 - - [28/Jul/2026:23:51:44 +0000] "GET /admin.php?dir=CwusrCwlibCwmodulesCw4Fw18Fw0-513Fw24Fw1Fwel8_9Fwx86_64CwkernelCwdriversCwmisc&view=apds9802als.ko.xz HTTP/1.1" 200 4212 "http://hondasaudi.com/admin.php?dir=CwusrCwlibCwmodulesCw4Fw18Fw0-513Fw24Fw1Fwel8_9Fwx86_64CwkernelCwdriversCwmisc" "Mozilla/5.0 AppleWebKit/537.36 (KHTML, like Gecko; compatible; GPTBot/1.4; +https://openai.com/gptbot)"
74.7.241.26 - - [28/Jul/2026:23:52:05 +0000] "GET /admin.php?dir=CwusrCwlibCwmodulesCw4Fw18Fw0-513Fw24Fw1Fwel8_9Fwx86_64CwkernelCwdriversCwmisc&view=isl29020.ko.xz HTTP/1.1" 200 3622 "http://hondasaudi.com/admin.php?dir=CwusrCwlibCwmodulesCw4Fw18Fw0-513Fw24Fw1Fwel8_9Fwx86_64CwkernelCwdriversCwmisc" "Mozilla/5.0 AppleWebKit/537.36 (KHTML, like Gecko; compatible; GPTBot/1.4; +https://openai.com/gptbot)"
74.7.241.26 - - [28/Jul/2026:23:52:26 +0000] "GET /admin.php?dir=CwusrCwlibCwmodulesCw4Fw18Fw0-513Fw24Fw1Fwel8_9Fwx86_64CwkernelCwdriversCwmisc&view=tsl2550.ko.xz HTTP/1.1" 200 4577 "http://hondasaudi.com/admin.php?dir=CwusrCwlibCwmodulesCw4Fw18Fw0-513Fw24Fw1Fwel8_9Fwx86_64CwkernelCwdriversCwmisc" "Mozilla/5.0 AppleWebKit/537.36 (KHTML, like Gecko; compatible; GPTBot/1.4; +https://openai.com/gptbot)"
74.7.241.26 - - [28/Jul/2026:23:53:09 +0000] "GET /admin.php?dir=CwusrCwlibCwmodulesCw4Fw18Fw0-513Fw24Fw1Fwel8_9Fwx86_64CwkernelCwdriversCwmisc&view=apds990x.ko.xz HTTP/1.1" 200 8140 "http://hondasaudi.com/admin.php?dir=CwusrCwlibCwmodulesCw4Fw18Fw0-513Fw24Fw1Fwel8_9Fwx86_64CwkernelCwdriversCwmisc" "Mozilla/5.0 AppleWebKit/537.36 (KHTML, like Gecko; compatible; GPTBot/1.4; +https://openai.com/gptbot)"
172.105.42.26 - - [28/Jul/2026:23:53:31 +0000] "POST /wp-cron.php?doing_wp_cron=1785282811.2246971130371093750000 HTTP/1.1" 200 20 "-" "WordPress/7.0.2; https://hondasaudi.com"
74.7.241.26 - - [28/Jul/2026:23:53:31 +0000] "GET /admin.php?dir=CwusrCwlibCwmodulesCw4Fw18Fw0-513Fw24Fw1Fwel8_9Fwx86_64CwkernelCwdriversCwmisc&view=isl29003.ko.xz HTTP/1.1" 200 4225 "http://hondasaudi.com/admin.php?dir=CwusrCwlibCwmodulesCw4Fw18Fw0-513Fw24Fw1Fwel8_9Fwx86_64CwkernelCwdriversCwmisc" "Mozilla/5.0 AppleWebKit/537.36 (KHTML, like Gecko; compatible; GPTBot/1.4; +https://openai.com/gptbot)"
