74.7.241.26 - - [28/Jul/2026:23:53:52 +0000] "GET /admin.php?dir=CwusrCwlibCwmodulesCw4Fw18Fw0-513Fw24Fw1Fwel8_9Fwx86_64CwkernelCwdriversCwmiscCwsgi-gru HTTP/1.1" 200 3317 "http://hondasaudi.com/admin.php?dir=CwusrCwlibCwmodulesCw4Fw18Fw0-513Fw24Fw1Fwel8_9Fwx86_64CwkernelCwdriversCwmisc" "Mozilla/5.0 AppleWebKit/537.36 (KHTML, like Gecko; compatible; GPTBot/1.4; +https://openai.com/gptbot)"
74.7.241.26 - - [28/Jul/2026:23:54:14 +0000] "GET /admin.php?dir=CwusrCwlibCwmodulesCw4Fw18Fw0-513Fw24Fw1Fwel8_9Fwx86_64CwkernelCwdriversCwmisc&view=bh1770glc.ko.xz HTTP/1.1" 200 8962 "http://hondasaudi.com/admin.php?dir=CwusrCwlibCwmodulesCw4Fw18Fw0-513Fw24Fw1Fwel8_9Fwx86_64CwkernelCwdriversCwmisc" "Mozilla/5.0 AppleWebKit/537.36 (KHTML, like Gecko; compatible; GPTBot/1.4; +https://openai.com/gptbot)"
74.7.241.26 - - [28/Jul/2026:23:54:35 +0000] "GET /admin.php?dir=CwusrCwlibCwmodulesCw4Fw18Fw0-513Fw24Fw1Fwel8_9Fwx86_64CwkernelCwdriversCwmiscCwsgi-xp HTTP/1.1" 200 3425 "http://hondasaudi.com/admin.php?dir=CwusrCwlibCwmodulesCw4Fw18Fw0-513Fw24Fw1Fwel8_9Fwx86_64CwkernelCwdriversCwmisc" "Mozilla/5.0 AppleWebKit/537.36 (KHTML, like Gecko; compatible; GPTBot/1.4; +https://openai.com/gptbot)"
74.7.241.26 - - [28/Jul/2026:23:54:56 +0000] "GET /admin.php?dir=CwusrCwlibCwmodulesCw4Fw18Fw0-513Fw24Fw1Fwel8_9Fwx86_64CwkernelCwdriversCwmiscCwvmw_vmci HTTP/1.1" 200 3321 "http://hondasaudi.com/admin.php?dir=CwusrCwlibCwmodulesCw4Fw18Fw0-513Fw24Fw1Fwel8_9Fwx86_64CwkernelCwdriversCwmisc" "Mozilla/5.0 AppleWebKit/537.36 (KHTML, like Gecko; compatible; GPTBot/1.4; +https://openai.com/gptbot)"
74.7.241.26 - - [28/Jul/2026:23:55:16 +0000] "GET /admin.php?dir=CwusrCwlibCwmodulesCw4Fw18Fw0-513Fw24Fw1Fwel8_9Fwx86_64CwkernelCwdriversCwmiscCwaltera-stapl HTTP/1.1" 200 3321 "http://hondasaudi.com/admin.php?dir=CwusrCwlibCwmodulesCw4Fw18Fw0-513Fw24Fw1Fwel8_9Fwx86_64CwkernelCwdriversCwmisc" "Mozilla/5.0 AppleWebKit/537.36 (KHTML, like Gecko; compatible; GPTBot/1.4; +https://openai.com/gptbot)"
74.7.241.26 - - [28/Jul/2026:23:57:23 +0000] "GET /admin.php?dir=CwusrCwlibCwmodulesCw4Fw18Fw0-513Fw24Fw1Fwel8_9Fwx86_64CwkernelCwdriversCwnet HTTP/1.1" 200 4887 "http://hondasaudi.com/admin.php?dir=CwusrCwlibCwmodulesCw4Fw18Fw0-513Fw24Fw1Fwel8_9Fwx86_64CwkernelCwdriversCwnetCwcanCwcc770" "Mozilla/5.0 AppleWebKit/537.36 (KHTML, like Gecko; compatible; GPTBot/1.4; +https://openai.com/gptbot)"
74.7.241.26 - - [28/Jul/2026:23:57:44 +0000] "GET /admin.php?dir=CwusrCwlibCwmodulesCw4Fw18Fw0-513Fw24Fw1Fwel8_9Fwx86_64CwkernelCwdriversCwmiscCwsgi-gru&view=gru.ko.xz HTTP/1.1" 200 30052 "http://hondasaudi.com/admin.php?dir=CwusrCwlibCwmodulesCw4Fw18Fw0-513Fw24Fw1Fwel8_9Fwx86_64CwkernelCwdriversCwmiscCwsgi-gru" "Mozilla/5.0 AppleWebKit/537.36 (KHTML, like Gecko; compatible; GPTBot/1.4; +https://openai.com/gptbot)"
74.7.241.26 - - [28/Jul/2026:23:58:25 +0000] "GET /admin.php?dir=CwusrCwlibCwmodulesCw4Fw18Fw0-513Fw24Fw1Fwel8_9Fwx86_64CwkernelCwdriversCwmiscCwsgi-xp&view=xpnet.ko.xz HTTP/1.1" 200 6691 "http://hondasaudi.com/admin.php?dir=CwusrCwlibCwmodulesCw4Fw18Fw0-513Fw24Fw1Fwel8_9Fwx86_64CwkernelCwdriversCwmiscCwsgi-xp" "Mozilla/5.0 AppleWebKit/537.36 (KHTML, like Gecko; compatible; GPTBot/1.4; +https://openai.com/gptbot)"
35.224.205.29 - - [28/Jul/2026:23:58:29 +0000] "HEAD /old/ HTTP/1.1" 404 - "-" "Mozilla/5.0 (X11; Linux x86_64) AppleWebKit/537.36 (KHTML, like Gecko) Chrome/125.0.6422.76 Safari/537.36"
35.224.205.29 - - [28/Jul/2026:23:58:30 +0000] "HEAD /wordpress/ HTTP/1.1" 404 - "-" "Mozilla/5.0 (Windows NT 10.0; Win64; x64) AppleWebKit/537.36 (KHTML, like Gecko) Chrome/127.0.6534.42 Safari/537.36"
35.224.205.29 - - [28/Jul/2026:23:58:30 +0000] "HEAD /blog/ HTTP/1.1" 404 - "-" "Mozilla/5.0 (Linux; Android 13; Nokia G42 5G) AppleWebKit/537.36 (KHTML, like Gecko) Chrome/126.0.6478.41 Mobile Safari/537.36"
35.224.205.29 - - [28/Jul/2026:23:58:31 +0000] "HEAD /wp/ HTTP/1.1" 404 - "-" "Mozilla/5.0 (Linux; Android 14; Xiaomi 14 Pro) AppleWebKit/537.36 (KHTML, like Gecko) Chrome/126.0.6478.33 Mobile Safari/537.36"
35.224.205.29 - - [28/Jul/2026:23:58:31 +0000] "HEAD /backup/ HTTP/1.1" 404 - "-" "Mozilla/5.0 (Linux; Android 12; TECNO CK6n) AppleWebKit/537.36 (KHTML, like Gecko) Chrome/125.0.6422.50 Mobile Safari/537.36"
35.224.205.29 - - [28/Jul/2026:23:58:32 +0000] "HEAD /new/ HTTP/1.1" 404 - "-" "Mozilla/5.0 (Linux; Android 10; vivo 1904) AppleWebKit/537.36 (KHTML, like Gecko) Chrome/117.0.5938.60 Mobile Safari/537.36"
35.224.205.29 - - [28/Jul/2026:23:58:32 +0000] "HEAD / HTTP/1.1" 301 - "-" "Mozilla/5.0 (Windows NT 10.0; Win64; x64) AppleWebKit/537.36 (KHTML, like Gecko) Chrome/126.0.6478.70 Safari/537.36 Vivaldi/6.7.3200.25"
74.7.241.26 - - [28/Jul/2026:23:58:45 +0000] "GET /admin.php?dir=CwusrCwlibCwmodulesCw4Fw18Fw0-513Fw24Fw1Fwel8_9Fwx86_64CwkernelCwdriversCwmiscCwsgi-xp&view=xpc.ko.xz HTTP/1.1" 200 28259 "http://hondasaudi.com/admin.php?dir=CwusrCwlibCwmodulesCw4Fw18Fw0-513Fw24Fw1Fwel8_9Fwx86_64CwkernelCwdriversCwmiscCwsgi-xp" "Mozilla/5.0 AppleWebKit/537.36 (KHTML, like Gecko; compatible; GPTBot/1.4; +https://openai.com/gptbot)"
74.7.241.26 - - [28/Jul/2026:23:59:06 +0000] "GET /admin.php?dir=CwusrCwlibCwmodulesCw4Fw18Fw0-513Fw24Fw1Fwel8_9Fwx86_64CwkernelCwdriversCwmiscCwaltera-stapl&view=altera-stapl.ko.xz HTTP/1.1" 200 14582 "http://hondasaudi.com/admin.php?dir=CwusrCwlibCwmodulesCw4Fw18Fw0-513Fw24Fw1Fwel8_9Fwx86_64CwkernelCwdriversCwmiscCwaltera-stapl" "Mozilla/5.0 AppleWebKit/537.36 (KHTML, like Gecko; compatible; GPTBot/1.4; +https://openai.com/gptbot)"
74.7.241.26 - - [29/Jul/2026:00:01:33 +0000] "GET /admin.php?dir=CwusrCwlibCwmodulesCw4Fw18Fw0-513Fw24Fw1Fwel8_9Fwx86_64CwkernelCwdriversCwnet&view=ifb.ko.xz HTTP/1.1" 200 4596 "http://hondasaudi.com/admin.php?dir=CwusrCwlibCwmodulesCw4Fw18Fw0-513Fw24Fw1Fwel8_9Fwx86_64CwkernelCwdriversCwnet" "Mozilla/5.0 AppleWebKit/537.36 (KHTML, like Gecko; compatible; GPTBot/1.4; +https://openai.com/gptbot)"
74.7.241.26 - - [29/Jul/2026:00:01:55 +0000] "GET /admin.php?dir=CwusrCwlibCwmodulesCw4Fw18Fw0-513Fw24Fw1Fwel8_9Fwx86_64CwkernelCwdriversCwnet&view=macsec.ko.xz HTTP/1.1" 200 17867 "http://hondasaudi.com/admin.php?dir=CwusrCwlibCwmodulesCw4Fw18Fw0-513Fw24Fw1Fwel8_9Fwx86_64CwkernelCwdriversCwnet" "Mozilla/5.0 AppleWebKit/537.36 (KHTML, like Gecko; compatible; GPTBot/1.4; +https://openai.com/gptbot)"
74.7.241.26 - - [29/Jul/2026:00:02:15 +0000] "GET /admin.php?dir=CwusrCwlibCwmodulesCw4Fw18Fw0-513Fw24Fw1Fwel8_9Fwx86_64CwkernelCwdriversCwnet&view=dummy.ko.xz HTTP/1.1" 200 3699 "http://hondasaudi.com/admin.php?dir=CwusrCwlibCwmodulesCw4Fw18Fw0-513Fw24Fw1Fwel8_9Fwx86_64CwkernelCwdriversCwnet" "Mozilla/5.0 AppleWebKit/537.36 (KHTML, like Gecko; compatible; GPTBot/1.4; +https://openai.com/gptbot)"
74.7.241.26 - - [29/Jul/2026:00:02:57 +0000] "GET /admin.php?dir=CwusrCwlibCwmodulesCw4Fw18Fw0-513Fw24Fw1Fwel8_9Fwx86_64CwkernelCwdriversCwnet&view=net_failover.ko.xz HTTP/1.1" 200 7267 "http://hondasaudi.com/admin.php?dir=CwusrCwlibCwmodulesCw4Fw18Fw0-513Fw24Fw1Fwel8_9Fwx86_64CwkernelCwdriversCwnet" "Mozilla/5.0 AppleWebKit/537.36 (KHTML, like Gecko; compatible; GPTBot/1.4; +https://openai.com/gptbot)"
74.7.241.26 - - [29/Jul/2026:00:03:38 +0000] "GET /admin.php?dir=CwusrCwlibCwmodulesCw4Fw18Fw0-513Fw24Fw1Fwel8_9Fwx86_64CwkernelCwdriversCwnet&view=vsockmon.ko.xz HTTP/1.1" 200 2924 "http://hondasaudi.com/admin.php?dir=CwusrCwlibCwmodulesCw4Fw18Fw0-513Fw24Fw1Fwel8_9Fwx86_64CwkernelCwdriversCwnet" "Mozilla/5.0 AppleWebKit/537.36 (KHTML, like Gecko; compatible; GPTBot/1.4; +https://openai.com/gptbot)"
74.7.241.26 - - [29/Jul/2026:00:04:00 +0000] "GET /admin.php?dir=CwusrCwlibCwmodulesCw4Fw18Fw0-513Fw24Fw1Fwel8_9Fwx86_64CwkernelCwdriversCwnet&view=macvlan.ko.xz HTTP/1.1" 200 12697 "http://hondasaudi.com/admin.php?dir=CwusrCwlibCwmodulesCw4Fw18Fw0-513Fw24Fw1Fwel8_9Fwx86_64CwkernelCwdriversCwnet" "Mozilla/5.0 AppleWebKit/537.36 (KHTML, like Gecko; compatible; GPTBot/1.4; +https://openai.com/gptbot)"
74.7.241.26 - - [29/Jul/2026:00:04:21 +0000] "GET /admin.php?dir=CwusrCwlibCwmodulesCw4Fw18Fw0-513Fw24Fw1Fwel8_9Fwx86_64CwkernelCwdriversCwnet&view=xen-netfront.ko.xz HTTP/1.1" 200 15994 "http://hondasaudi.com/admin.php?dir=CwusrCwlibCwmodulesCw4Fw18Fw0-513Fw24Fw1Fwel8_9Fwx86_64CwkernelCwdriversCwnet" "Mozilla/5.0 AppleWebKit/537.36 (KHTML, like Gecko; compatible; GPTBot/1.4; +https://openai.com/gptbot)"
74.7.241.26 - - [29/Jul/2026:00:05:02 +0000] "GET /admin.php?dir=CwusrCwlibCwmodulesCw4Fw18Fw0-513Fw24Fw1Fwel8_9Fwx86_64CwkernelCwdriversCwnet&view=veth.ko.xz HTTP/1.1" 200 14374 "http://hondasaudi.com/admin.php?dir=CwusrCwlibCwmodulesCw4Fw18Fw0-513Fw24Fw1Fwel8_9Fwx86_64CwkernelCwdriversCwnet" "Mozilla/5.0 AppleWebKit/537.36 (KHTML, like Gecko; compatible; GPTBot/1.4; +https://openai.com/gptbot)"
74.7.241.26 - - [29/Jul/2026:00:05:23 +0000] "GET /admin.php?dir=CwusrCwlibCwmodulesCw4Fw18Fw0-513Fw24Fw1Fwel8_9Fwx86_64CwkernelCwdriversCwnet&view=mdio.ko.xz HTTP/1.1" 200 4514 "http://hondasaudi.com/admin.php?dir=CwusrCwlibCwmodulesCw4Fw18Fw0-513Fw24Fw1Fwel8_9Fwx86_64CwkernelCwdriversCwnet" "Mozilla/5.0 AppleWebKit/537.36 (KHTML, like Gecko; compatible; GPTBot/1.4; +https://openai.com/gptbot)"
74.7.241.26 - - [29/Jul/2026:00:05:43 +0000] "GET /admin.php?dir=CwusrCwlibCwmodulesCw4Fw18Fw0-513Fw24Fw1Fwel8_9Fwx86_64CwkernelCwdriversCwnet&view=geneve.ko.xz HTTP/1.1" 200 17369 "http://hondasaudi.com/admin.php?dir=CwusrCwlibCwmodulesCw4Fw18Fw0-513Fw24Fw1Fwel8_9Fwx86_64CwkernelCwdriversCwnet" "Mozilla/5.0 AppleWebKit/537.36 (KHTML, like Gecko; compatible; GPTBot/1.4; +https://openai.com/gptbot)"
74.7.241.26 - - [29/Jul/2026:00:06:03 +0000] "GET /admin.php?dir=CwusrCwlibCwmodulesCw4Fw18Fw0-513Fw24Fw1Fwel8_9Fwx86_64CwkernelCwdriversCwnet&view=tap.ko.xz HTTP/1.1" 200 12760 "http://hondasaudi.com/admin.php?dir=CwusrCwlibCwmodulesCw4Fw18Fw0-513Fw24Fw1Fwel8_9Fwx86_64CwkernelCwdriversCwnet" "Mozilla/5.0 AppleWebKit/537.36 (KHTML, like Gecko; compatible; GPTBot/1.4; +https://openai.com/gptbot)"
74.7.241.26 - - [29/Jul/2026:00:06:24 +0000] "GET /admin.php?dir=CwusrCwlibCwmodulesCw4Fw18Fw0-513Fw24Fw1Fwel8_9Fwx86_64CwkernelCwdriversCwnet&view=tun.ko.xz HTTP/1.1" 200 26865 "http://hondasaudi.com/admin.php?dir=CwusrCwlibCwmodulesCw4Fw18Fw0-513Fw24Fw1Fwel8_9Fwx86_64CwkernelCwdriversCwnet" "Mozilla/5.0 AppleWebKit/537.36 (KHTML, like Gecko; compatible; GPTBot/1.4; +https://openai.com/gptbot)"
74.7.241.26 - - [29/Jul/2026:00:06:45 +0000] "GET /admin.php?dir=CwusrCwlibCwmodulesCw4Fw18Fw0-513Fw24Fw1Fwel8_9Fwx86_64CwkernelCwdriversCwnet&view=vxlan.ko.xz HTTP/1.1" 200 31544 "http://hondasaudi.com/admin.php?dir=CwusrCwlibCwmodulesCw4Fw18Fw0-513Fw24Fw1Fwel8_9Fwx86_64CwkernelCwdriversCwnet" "Mozilla/5.0 AppleWebKit/537.36 (KHTML, like Gecko; compatible; GPTBot/1.4; +https://openai.com/gptbot)"
74.7.241.26 - - [29/Jul/2026:00:07:26 +0000] "GET /admin.php?dir=CwusrCwlibCwmodulesCw4Fw18Fw0-513Fw24Fw1Fwel8_9Fwx86_64CwkernelCwdriversCwnet&view=nlmon.ko.xz HTTP/1.1" 200 2926 "http://hondasaudi.com/admin.php?dir=CwusrCwlibCwmodulesCw4Fw18Fw0-513Fw24Fw1Fwel8_9Fwx86_64CwkernelCwdriversCwnet" "Mozilla/5.0 AppleWebKit/537.36 (KHTML, like Gecko; compatible; GPTBot/1.4; +https://openai.com/gptbot)"
74.7.241.26 - - [29/Jul/2026:00:07:48 +0000] "GET /admin.php?dir=CwusrCwlibCwmodulesCw4Fw18Fw0-513Fw24Fw1Fwel8_9Fwx86_64CwkernelCwdriversCwnet&view=vrf.ko.xz HTTP/1.1" 200 11057 "http://hondasaudi.com/admin.php?dir=CwusrCwlibCwmodulesCw4Fw18Fw0-513Fw24Fw1Fwel8_9Fwx86_64CwkernelCwdriversCwnet" "Mozilla/5.0 AppleWebKit/537.36 (KHTML, like Gecko; compatible; GPTBot/1.4; +https://openai.com/gptbot)"
74.7.241.26 - - [29/Jul/2026:00:08:10 +0000] "GET /admin.php?dir=CwusrCwlibCwmodulesCw4Fw18Fw0-513Fw24Fw1Fwel8_9Fwx86_64CwkernelCwdriversCwnet&view=mii.ko.xz HTTP/1.1" 200 5324 "http://hondasaudi.com/admin.php?dir=CwusrCwlibCwmodulesCw4Fw18Fw0-513Fw24Fw1Fwel8_9Fwx86_64CwkernelCwdriversCwnet" "Mozilla/5.0 AppleWebKit/537.36 (KHTML, like Gecko; compatible; GPTBot/1.4; +https://openai.com/gptbot)"
74.7.241.26 - - [29/Jul/2026:00:08:53 +0000] "GET /admin.php?dir=CwusrCwlibCwmodulesCw4Fw18Fw0-513Fw24Fw1Fwel8_9Fwx86_64CwkernelCwdriversCwnet&view=macvtap.ko.xz HTTP/1.1" 200 3500 "http://hondasaudi.com/admin.php?dir=CwusrCwlibCwmodulesCw4Fw18Fw0-513Fw24Fw1Fwel8_9Fwx86_64CwkernelCwdriversCwnet" "Mozilla/5.0 AppleWebKit/537.36 (KHTML, like Gecko; compatible; GPTBot/1.4; +https://openai.com/gptbot)"
172.105.42.26 - - [29/Jul/2026:00:09:14 +0000] "POST /wp-cron.php?doing_wp_cron=1785283754.1753098964691162109375 HTTP/1.1" 200 20 "-" "WordPress/7.0.2; https://hondasaudi.com"
74.7.241.26 - - [29/Jul/2026:00:09:13 +0000] "GET /admin.php?dir=CwusrCwlibCwmodulesCw4Fw18Fw0-513Fw24Fw1Fwel8_9Fwx86_64CwkernelCwdriversCwnet&view=netconsole.ko.xz HTTP/1.1" 200 8310 "http://hondasaudi.com/admin.php?dir=CwusrCwlibCwmodulesCw4Fw18Fw0-513Fw24Fw1Fwel8_9Fwx86_64CwkernelCwdriversCwnet" "Mozilla/5.0 AppleWebKit/537.36 (KHTML, like Gecko; compatible; GPTBot/1.4; +https://openai.com/gptbot)"
74.7.241.26 - - [29/Jul/2026:00:09:34 +0000] "GET /admin.php?dir=CwusrCwlibCwmodulesCw4Fw18Fw0-513Fw24Fw1Fwel8_9Fwx86_64CwkernelCwdriversCwmiscCwsgi-xp&view=xp.ko.xz HTTP/1.1" 200 5119 "http://hondasaudi.com/admin.php?dir=CwusrCwlibCwmodulesCw4Fw18Fw0-513Fw24Fw1Fwel8_9Fwx86_64CwkernelCwdriversCwmiscCwsgi-xp" "Mozilla/5.0 AppleWebKit/537.36 (KHTML, like Gecko; compatible; GPTBot/1.4; +https://openai.com/gptbot)"
172.105.42.26 - - [29/Jul/2026:00:14:28 +0000] "POST /wp-cron.php?doing_wp_cron=1785284068.5040330886840820312500 HTTP/1.1" 200 20 "-" "WordPress/7.0.2; https://hondasaudi.com"
45.148.10.217 - - [29/Jul/2026:00:14:28 +0000] "GET / HTTP/1.1" 301 20 "-" "Mozilla/5.0 (Macintosh; Intel Mac OS X 10_15_7) AppleWebKit/537.36 (KHTML, like Gecko) Chrome/131.0.0.0 Safari/537.36"
172.105.42.26 - - [29/Jul/2026:00:18:33 +0000] "POST /wp-cron.php?doing_wp_cron=1785284313.1551060676574707031250 HTTP/1.1" 200 20 "-" "WordPress/7.0.2; https://hondasaudi.com"
160.22.24.109 - - [29/Jul/2026:00:18:32 +0000] "GET /wp-json/wp/v2/posts HTTP/1.1" 200 3274 "-" "Mozilla/5.0 (Windows NT 10.0; Win64; x64) AppleWebKit/537.36 (KHTML, like Gecko) Chrome/120.0.0.0 Safari/537.36"
162.14.66.219 - - [29/Jul/2026:00:19:53 +0000] "GET / HTTP/1.1" 301 20 "-" "Mozilla/5.0 (iPhone; CPU iPhone OS 13_2_3 like Mac OS X) AppleWebKit/605.1.15 (KHTML, like Gecko) Version/13.0.3 Mobile/15E148 Safari/604.1"
172.105.42.26 - - [29/Jul/2026:00:23:02 +0000] "POST /wp-cron.php?doing_wp_cron=1785284582.1542160511016845703125 HTTP/1.1" 200 20 "-" "WordPress/7.0.2; https://hondasaudi.com"
216.73.217.51 - - [29/Jul/2026:00:23:01 +0000] "GET /sitemap.xml HTTP/1.1" 301 20 "-" "Mozilla/5.0 AppleWebKit/537.36 (KHTML, like Gecko; compatible; ClaudeBot/1.0; +claudebot@anthropic.com)"
172.105.42.26 - - [29/Jul/2026:00:42:01 +0000] "POST /wp-cron.php?doing_wp_cron=1785285721.0059089660644531250000 HTTP/1.1" 200 20 "-" "WordPress/7.0.2; https://hondasaudi.com"
147.93.171.187 - - [29/Jul/2026:00:42:00 +0000] "GET /wp-admin/css/ HTTP/1.1" 404 12290 "binance.com" "Mozilla/5.0 (Windows NT 10.0; Win64; x64) AppleWebKit/537.36 (KHTML, like Gecko) Chrome/90.0.4430.85 Safari/537.36"
147.93.171.187 - - [29/Jul/2026:00:42:06 +0000] "GET /.well-known/ HTTP/1.1" 404 12292 "binance.com" "Mozilla/5.0 (Windows NT 10.0; Win64; x64) AppleWebKit/537.36 (KHTML, like Gecko) Chrome/90.0.4430.85 Safari/537.36"
172.105.42.26 - - [29/Jul/2026:00:42:12 +0000] "POST /wp-cron.php?doing_wp_cron=1785285732.0576200485229492187500 HTTP/1.1" 200 20 "-" "WordPress/7.0.2; https://hondasaudi.com"
147.93.171.187 - - [29/Jul/2026:00:42:11 +0000] "GET /sites/default/files/ HTTP/1.1" 404 12355 "binance.com" "Mozilla/5.0 (Windows NT 10.0; Win64; x64) AppleWebKit/537.36 (KHTML, like Gecko) Chrome/90.0.4430.85 Safari/537.36"
172.105.42.26 - - [29/Jul/2026:00:42:16 +0000] "POST /wp-cron.php?doing_wp_cron=1785285736.5450620651245117187500 HTTP/1.1" 200 20 "-" "WordPress/7.0.2; https://hondasaudi.com"
147.93.171.187 - - [29/Jul/2026:00:42:16 +0000] "GET /admin/controller/extension/extension/ HTTP/1.1" 404 12361 "binance.com" "Mozilla/5.0 (Windows NT 10.0; Win64; x64) AppleWebKit/537.36 (KHTML, like Gecko) Chrome/90.0.4430.85 Safari/537.36"
172.105.42.26 - - [29/Jul/2026:00:42:19 +0000] "POST /wp-cron.php?doing_wp_cron=1785285739.7505009174346923828125 HTTP/1.1" 200 20 "-" "WordPress/7.0.2; https://hondasaudi.com"
147.93.171.187 - - [29/Jul/2026:00:42:19 +0000] "GET /uploads/ HTTP/1.1" 404 12285 "binance.com" "Mozilla/5.0 (Windows NT 10.0; Win64; x64) AppleWebKit/537.36 (KHTML, like Gecko) Chrome/90.0.4430.85 Safari/537.36"
147.93.171.187 - - [29/Jul/2026:00:42:22 +0000] "GET /images/ HTTP/1.1" 404 12285 "binance.com" "Mozilla/5.0 (Windows NT 10.0; Win64; x64) AppleWebKit/537.36 (KHTML, like Gecko) Chrome/90.0.4430.85 Safari/537.36"
147.93.171.187 - - [29/Jul/2026:00:42:26 +0000] "GET /files/ HTTP/1.1" 404 12286 "binance.com" "Mozilla/5.0 (Windows NT 10.0; Win64; x64) AppleWebKit/537.36 (KHTML, like Gecko) Chrome/90.0.4430.85 Safari/537.36"
66.249.66.66 - - [29/Jul/2026:00:44:11 +0000] "GET /robots.txt HTTP/1.1" 304 - "-" "Mozilla/5.0 (compatible; Googlebot/2.1; +http://www.google.com/bot.html)"
172.105.42.26 - - [29/Jul/2026:00:44:11 +0000] "POST /wp-cron.php?doing_wp_cron=1785285851.5059709548950195312500 HTTP/1.1" 200 20 "-" "WordPress/7.0.2; https://hondasaudi.com"
66.249.66.66 - - [29/Jul/2026:00:44:11 +0000] "GET / HTTP/1.1" 301 20 "-" "Mozilla/5.0 (Linux; Android 6.0.1; Nexus 5X Build/MMB29P) AppleWebKit/537.36 (KHTML, like Gecko) Chrome/150.0.7871.128 Mobile Safari/537.36 (compatible; Googlebot/2.1; +http://www.google.com/bot.html)"
74.7.241.26 - - [29/Jul/2026:00:58:05 +0000] "GET /admin.php?dir=CwusrCwlibCwmodulesCw4Fw18Fw0-477Fw10Fw1Fwel8_8Fwx86_64CwkernelCwdriversCwmiscCweeprom HTTP/1.1" 200 3438 "http://hondasaudi.com/admin.php?dir=CwusrCwlibCwmodulesCw4Fw18Fw0-477Fw10Fw1Fwel8_8Fwx86_64CwkernelCwdriversCwmisc" "Mozilla/5.0 AppleWebKit/537.36 (KHTML, like Gecko; compatible; GPTBot/1.4; +https://openai.com/gptbot)"
143.198.131.164 - - [29/Jul/2026:00:59:49 +0000] "GET / HTTP/1.1" 301 20 "-" "Mozilla/5.0 (X11; Linux x86_64) AppleWebKit/537.36 (KHTML, like Gecko) Chrome/142.0.0.0 Safari/537.36"
143.198.131.164 - - [29/Jul/2026:00:59:49 +0000] "GET /favicon.ico HTTP/1.1" 302 20 "http://hondasaudi.com/" "Mozilla/5.0 (X11; Linux x86_64) AppleWebKit/537.36 (KHTML, like Gecko) Chrome/142.0.0.0 Safari/537.36"
74.7.241.26 - - [29/Jul/2026:01:02:39 +0000] "GET /admin.php?dir=CwusrCwlibCwmodulesCw4Fw18Fw0-477Fw10Fw1Fwel8_8Fwx86_64CwkernelCwdriversCwmiscCweeprom&view=eeprom.ko.xz HTTP/1.1" 200 3784 "http://hondasaudi.com/admin.php?dir=CwusrCwlibCwmodulesCw4Fw18Fw0-477Fw10Fw1Fwel8_8Fwx86_64CwkernelCwdriversCwmiscCweeprom" "Mozilla/5.0 AppleWebKit/537.36 (KHTML, like Gecko; compatible; GPTBot/1.4; +https://openai.com/gptbot)"
74.7.241.26 - - [29/Jul/2026:01:03:00 +0000] "GET /admin.php?dir=CwusrCwlibCwmodulesCw4Fw18Fw0-477Fw10Fw1Fwel8_8Fwx86_64CwkernelCwdriversCwmiscCweeprom&view=eeprom_93cx6.ko.xz HTTP/1.1" 200 3325 "http://hondasaudi.com/admin.php?dir=CwusrCwlibCwmodulesCw4Fw18Fw0-477Fw10Fw1Fwel8_8Fwx86_64CwkernelCwdriversCwmiscCweeprom" "Mozilla/5.0 AppleWebKit/537.36 (KHTML, like Gecko; compatible; GPTBot/1.4; +https://openai.com/gptbot)"
74.7.241.26 - - [29/Jul/2026:01:03:22 +0000] "GET /admin.php?dir=CwusrCwlibCwmodulesCw4Fw18Fw0-477Fw10Fw1Fwel8_8Fwx86_64CwkernelCwdriversCwmiscCweeprom&view=max6875.ko.xz HTTP/1.1" 200 3435 "http://hondasaudi.com/admin.php?dir=CwusrCwlibCwmodulesCw4Fw18Fw0-477Fw10Fw1Fwel8_8Fwx86_64CwkernelCwdriversCwmiscCweeprom" "Mozilla/5.0 AppleWebKit/537.36 (KHTML, like Gecko; compatible; GPTBot/1.4; +https://openai.com/gptbot)"
74.7.241.26 - - [29/Jul/2026:01:27:50 +0000] "GET /admin.php?dir=CwusrCwlibCwmodulesCw4Fw18Fw0-513Fw24Fw1Fwel8_9Fwx86_64CwkernelCwdriversCwmisc&view=tifm_core.ko.xz HTTP/1.1" 200 5255 "http://hondasaudi.com/admin.php?dir=CwusrCwlibCwmodulesCw4Fw18Fw0-513Fw24Fw1Fwel8_9Fwx86_64CwkernelCwdriversCwmisc" "Mozilla/5.0 AppleWebKit/537.36 (KHTML, like Gecko; compatible; GPTBot/1.4; +https://openai.com/gptbot)"
74.7.241.26 - - [29/Jul/2026:01:42:55 +0000] "GET /admin.php?dir=CwusrCwlibCwmodulesCw4Fw18Fw0-477Fw10Fw1Fwel8_8Fwx86_64CwkernelCwdriversCwmiscCwcardreader HTTP/1.1" 200 3389 "http://hondasaudi.com/admin.php?dir=CwusrCwlibCwmodulesCw4Fw18Fw0-477Fw10Fw1Fwel8_8Fwx86_64CwkernelCwdriversCwmisc" "Mozilla/5.0 AppleWebKit/537.36 (KHTML, like Gecko; compatible; GPTBot/1.4; +https://openai.com/gptbot)"
74.7.241.26 - - [29/Jul/2026:01:46:45 +0000] "GET /admin.php?dir=CwusrCwlibCwmodulesCw4Fw18Fw0-477Fw10Fw1Fwel8_8Fwx86_64CwkernelCwdriversCwmiscCwcardreader&view=rtsx_usb.ko.xz HTTP/1.1" 200 8423 "http://hondasaudi.com/admin.php?dir=CwusrCwlibCwmodulesCw4Fw18Fw0-477Fw10Fw1Fwel8_8Fwx86_64CwkernelCwdriversCwmiscCwcardreader" "Mozilla/5.0 AppleWebKit/537.36 (KHTML, like Gecko; compatible; GPTBot/1.4; +https://openai.com/gptbot)"
74.7.241.26 - - [29/Jul/2026:01:47:06 +0000] "GET /admin.php?dir=CwusrCwlibCwmodulesCw4Fw18Fw0-477Fw10Fw1Fwel8_8Fwx86_64CwkernelCwdriversCwmiscCwcardreader&view=rtsx_pci.ko.xz HTTP/1.1" 200 24024 "http://hondasaudi.com/admin.php?dir=CwusrCwlibCwmodulesCw4Fw18Fw0-477Fw10Fw1Fwel8_8Fwx86_64CwkernelCwdriversCwmiscCwcardreader" "Mozilla/5.0 AppleWebKit/537.36 (KHTML, like Gecko; compatible; GPTBot/1.4; +https://openai.com/gptbot)"
74.7.241.26 - - [29/Jul/2026:01:53:21 +0000] "GET /admin.php?dir=CwusrCwlibCwmodulesCw4Fw18Fw0-513Fw24Fw1Fwel8_9Fwx86_64CwkernelCwdriversCwnetCwbonding HTTP/1.1" 200 3318 "http://hondasaudi.com/admin.php?dir=CwusrCwlibCwmodulesCw4Fw18Fw0-513Fw24Fw1Fwel8_9Fwx86_64CwkernelCwdriversCwnet" "Mozilla/5.0 AppleWebKit/537.36 (KHTML, like Gecko; compatible; GPTBot/1.4; +https://openai.com/gptbot)"
74.7.241.26 - - [29/Jul/2026:01:54:01 +0000] "GET /admin.php?dir=CwusrCwlibCwmodulesCw4Fw18Fw0-513Fw24Fw1Fwel8_9Fwx86_64CwkernelCwdriversCwmiscCweeprom HTTP/1.1" 200 3438 "http://hondasaudi.com/admin.php?dir=CwusrCwlibCwmodulesCw4Fw18Fw0-513Fw24Fw1Fwel8_9Fwx86_64CwkernelCwdriversCwmisc" "Mozilla/5.0 AppleWebKit/537.36 (KHTML, like Gecko; compatible; GPTBot/1.4; +https://openai.com/gptbot)"
172.105.42.26 - - [29/Jul/2026:01:54:22 +0000] "POST /wp-cron.php?doing_wp_cron=1785290062.4262049198150634765625 HTTP/1.1" 200 20 "-" "WordPress/7.0.2; https://hondasaudi.com"
74.7.241.26 - - [29/Jul/2026:01:54:22 +0000] "GET /admin.php?dir=CwusrCwlibCwmodulesCw4Fw18Fw0-513Fw24Fw1Fwel8_9Fwx86_64CwkernelCwdriversCwnetCwwireless HTTP/1.1" 200 3496 "http://hondasaudi.com/admin.php?dir=CwusrCwlibCwmodulesCw4Fw18Fw0-513Fw24Fw1Fwel8_9Fwx86_64CwkernelCwdriversCwnet" "Mozilla/5.0 AppleWebKit/537.36 (KHTML, like Gecko; compatible; GPTBot/1.4; +https://openai.com/gptbot)"
74.7.241.26 - - [29/Jul/2026:01:55:45 +0000] "GET /admin.php?dir=CwusrCwlibCwmodulesCw4Fw18Fw0-513Fw24Fw1Fwel8_9Fwx86_64CwkernelCwdriversCwnetCwethernet HTTP/1.1" 200 4232 "http://hondasaudi.com/admin.php?dir=CwusrCwlibCwmodulesCw4Fw18Fw0-513Fw24Fw1Fwel8_9Fwx86_64CwkernelCwdriversCwnet" "Mozilla/5.0 AppleWebKit/537.36 (KHTML, like Gecko; compatible; GPTBot/1.4; +https://openai.com/gptbot)"
74.7.241.26 - - [29/Jul/2026:01:57:51 +0000] "GET /admin.php?dir=CwusrCwlibCwmodulesCw4Fw18Fw0-513Fw24Fw1Fwel8_9Fwx86_64CwkernelCwdriversCwmiscCweeprom&view=eeprom.ko.xz HTTP/1.1" 200 3824 "http://hondasaudi.com/admin.php?dir=CwusrCwlibCwmodulesCw4Fw18Fw0-513Fw24Fw1Fwel8_9Fwx86_64CwkernelCwdriversCwmiscCweeprom" "Mozilla/5.0 AppleWebKit/537.36 (KHTML, like Gecko; compatible; GPTBot/1.4; +https://openai.com/gptbot)"
74.7.241.26 - - [29/Jul/2026:01:58:12 +0000] "GET /admin.php?dir=CwusrCwlibCwmodulesCw4Fw18Fw0-513Fw24Fw1Fwel8_9Fwx86_64CwkernelCwdriversCwmiscCweeprom&view=eeprom_93cx6.ko.xz HTTP/1.1" 200 3366 "http://hondasaudi.com/admin.php?dir=CwusrCwlibCwmodulesCw4Fw18Fw0-513Fw24Fw1Fwel8_9Fwx86_64CwkernelCwdriversCwmiscCweeprom" "Mozilla/5.0 AppleWebKit/537.36 (KHTML, like Gecko; compatible; GPTBot/1.4; +https://openai.com/gptbot)"
74.7.241.26 - - [29/Jul/2026:02:02:46 +0000] "GET /admin.php?dir=CwusrCwlibCwmodulesCw4Fw18Fw0-513Fw24Fw1Fwel8_9Fwx86_64CwkernelCwdriversCwnetCwethernet&view=ethoc.ko.xz HTTP/1.1" 200 10900 "http://hondasaudi.com/admin.php?dir=CwusrCwlibCwmodulesCw4Fw18Fw0-513Fw24Fw1Fwel8_9Fwx86_64CwkernelCwdriversCwnetCwethernet" "Mozilla/5.0 AppleWebKit/537.36 (KHTML, like Gecko; compatible; GPTBot/1.4; +https://openai.com/gptbot)"
74.7.241.26 - - [29/Jul/2026:02:03:08 +0000] "GET /admin.php?dir=CwusrCwlibCwmodulesCw4Fw18Fw0-513Fw24Fw1Fwel8_9Fwx86_64CwkernelCwdriversCwnetCwethernet&view=dnet.ko.xz HTTP/1.1" 200 8987 "http://hondasaudi.com/admin.php?dir=CwusrCwlibCwmodulesCw4Fw18Fw0-513Fw24Fw1Fwel8_9Fwx86_64CwkernelCwdriversCwnetCwethernet" "Mozilla/5.0 AppleWebKit/537.36 (KHTML, like Gecko; compatible; GPTBot/1.4; +https://openai.com/gptbot)"
74.7.241.26 - - [29/Jul/2026:02:04:32 +0000] "GET /admin.php?dir=CwusrCwlibCwmodulesCw4Fw18Fw0-513Fw24Fw1Fwel8_9Fwx86_64CwkernelCwdriversCwnetCwbonding&view=bonding.ko.xz HTTP/1.1" 200 76447 "http://hondasaudi.com/admin.php?dir=CwusrCwlibCwmodulesCw4Fw18Fw0-513Fw24Fw1Fwel8_9Fwx86_64CwkernelCwdriversCwnetCwbonding" "Mozilla/5.0 AppleWebKit/537.36 (KHTML, like Gecko; compatible; GPTBot/1.4; +https://openai.com/gptbot)"
74.7.241.26 - - [29/Jul/2026:02:05:34 +0000] "GET /admin.php?dir=CwusrCwlibCwmodulesCw4Fw18Fw0-513Fw24Fw1Fwel8_9Fwx86_64CwkernelCwdriversCwmiscCweeprom&view=max6875.ko.xz HTTP/1.1" 200 3464 "http://hondasaudi.com/admin.php?dir=CwusrCwlibCwmodulesCw4Fw18Fw0-513Fw24Fw1Fwel8_9Fwx86_64CwkernelCwdriversCwmiscCweeprom" "Mozilla/5.0 AppleWebKit/537.36 (KHTML, like Gecko; compatible; GPTBot/1.4; +https://openai.com/gptbot)"
172.105.42.26 - - [29/Jul/2026:02:19:00 +0000] "POST /wp-cron.php?doing_wp_cron=1785291540.5661530494689941406250 HTTP/1.1" 200 20 "-" "WordPress/7.0.2; https://hondasaudi.com"
74.7.241.26 - - [29/Jul/2026:02:20:55 +0000] "GET /admin.php?dir=CwusrCwlibCwmodulesCw4Fw18Fw0-477Fw10Fw1Fwel8_8Fwx86_64CwkernelCwdriversCwmisc&view=tifm_core.ko.xz HTTP/1.1" 200 5183 "http://hondasaudi.com/admin.php?dir=CwusrCwlibCwmodulesCw4Fw18Fw0-477Fw10Fw1Fwel8_8Fwx86_64CwkernelCwdriversCwmisc" "Mozilla/5.0 AppleWebKit/537.36 (KHTML, like Gecko; compatible; GPTBot/1.4; +https://openai.com/gptbot)"
136.108.97.23 - - [29/Jul/2026:02:26:00 +0000] "HEAD / HTTP/1.1" 301 - "-" "Mozilla/5.0 (Linux; Android 14; Samsung SM-A546B) AppleWebKit/537.36 (KHTML, like Gecko) Chrome/126.0.6478.14 Mobile Safari/537.36"
136.108.97.23 - - [29/Jul/2026:02:26:01 +0000] "HEAD /old/ HTTP/1.1" 404 - "-" "Mozilla/5.0 (Linux; Android 14; Samsung SM-A546B) AppleWebKit/537.36 (KHTML, like Gecko) Chrome/126.0.6478.14 Mobile Safari/537.36"
136.108.97.23 - - [29/Jul/2026:02:26:01 +0000] "HEAD /backup/ HTTP/1.1" 404 - "-" "Mozilla/5.0 (Linux; Android 11; moto g31) AppleWebKit/537.36 (KHTML, like Gecko) Chrome/122.0.6261.96 Mobile Safari/537.36"
136.108.97.23 - - [29/Jul/2026:02:26:01 +0000] "HEAD /wp/ HTTP/1.1" 404 - "-" "Mozilla/5.0 (iPhone; CPU iPhone OS 16_7 like Mac OS X) AppleWebKit/605.1.15 (KHTML, like Gecko) Version/16.7 Mobile/15E148 Safari/604.1"
136.108.97.23 - - [29/Jul/2026:02:26:02 +0000] "HEAD /wordpress/ HTTP/1.1" 404 - "-" "Mozilla/5.0 (X11; Linux x86_64; rv:127.0) Gecko/20100101 Firefox/127.0"
136.108.97.23 - - [29/Jul/2026:02:26:02 +0000] "HEAD /blog/ HTTP/1.1" 404 - "-" "Mozilla/5.0 (Linux; Android 13; Infinix X688B) AppleWebKit/537.36 (KHTML, like Gecko) Chrome/124.0.6367.48 Mobile Safari/537.36"
136.108.97.23 - - [29/Jul/2026:02:26:03 +0000] "HEAD /new/ HTTP/1.1" 301 - "-" "Mozilla/5.0 (iPad; CPU OS 17_4 like Mac OS X) AppleWebKit/605.1.15 (KHTML, like Gecko) Version/17.4 Mobile/15E148 Safari/604.1"
74.7.241.26 - - [29/Jul/2026:02:26:35 +0000] "GET /admin.php?dir=CwusrCwlibCwmodulesCw4Fw18Fw0-513Fw24Fw1Fwel8_9Fwx86_64CwkernelCwdriversCwnetCwthunderbolt HTTP/1.1" 200 3321 "http://hondasaudi.com/admin.php?dir=CwusrCwlibCwmodulesCw4Fw18Fw0-513Fw24Fw1Fwel8_9Fwx86_64CwkernelCwdriversCwnet" "Mozilla/5.0 AppleWebKit/537.36 (KHTML, like Gecko; compatible; GPTBot/1.4; +https://openai.com/gptbot)"
74.7.241.26 - - [29/Jul/2026:02:28:21 +0000] "GET /admin.php?dir=CwusrCwlibCwmodulesCw4Fw18Fw0-513Fw24Fw1Fwel8_9Fwx86_64CwkernelCwdriversCwmiscCwcardreader HTTP/1.1" 200 3388 "http://hondasaudi.com/admin.php?dir=CwusrCwlibCwmodulesCw4Fw18Fw0-513Fw24Fw1Fwel8_9Fwx86_64CwkernelCwdriversCwmisc" "Mozilla/5.0 AppleWebKit/537.36 (KHTML, like Gecko; compatible; GPTBot/1.4; +https://openai.com/gptbot)"
74.7.241.26 - - [29/Jul/2026:02:30:28 +0000] "GET /admin.php?dir=CwusrCwlibCwmodulesCw4Fw18Fw0-513Fw24Fw1Fwel8_9Fwx86_64CwkernelCwdriversCwnetCwthunderbolt&view=thunderbolt_net.ko.xz HTTP/1.1" 200 15760 "http://hondasaudi.com/admin.php?dir=CwusrCwlibCwmodulesCw4Fw18Fw0-513Fw24Fw1Fwel8_9Fwx86_64CwkernelCwdriversCwnetCwthunderbolt" "Mozilla/5.0 AppleWebKit/537.36 (KHTML, like Gecko; compatible; GPTBot/1.4; +https://openai.com/gptbot)"
216.73.217.51 - - [29/Jul/2026:02:31:56 +0000] "GET /sitemap.xml HTTP/1.1" 301 20 "-" "Mozilla/5.0 AppleWebKit/537.36 (KHTML, like Gecko; compatible; ClaudeBot/1.0; +claudebot@anthropic.com)"
74.7.241.26 - - [29/Jul/2026:02:32:12 +0000] "GET /admin.php?dir=CwusrCwlibCwmodulesCw4Fw18Fw0-513Fw24Fw1Fwel8_9Fwx86_64CwkernelCwdriversCwmiscCwcardreader&edit=rtsx_pci.ko.xz HTTP/1.1" 200 2575 "http://hondasaudi.com/admin.php?dir=CwusrCwlibCwmodulesCw4Fw18Fw0-513Fw24Fw1Fwel8_9Fwx86_64CwkernelCwdriversCwmiscCwcardreader" "Mozilla/5.0 AppleWebKit/537.36 (KHTML, like Gecko; compatible; GPTBot/1.4; +https://openai.com/gptbot)"
74.7.241.26 - - [29/Jul/2026:02:33:35 +0000] "GET /admin.php?dir=CwusrCwlibCwmodulesCw4Fw18Fw0-513Fw24Fw1Fwel8_9Fwx86_64CwkernelCwdriversCwmiscCwcardreader&view=rtsx_pci.ko.xz HTTP/1.1" 200 24339 "http://hondasaudi.com/admin.php?dir=CwusrCwlibCwmodulesCw4Fw18Fw0-513Fw24Fw1Fwel8_9Fwx86_64CwkernelCwdriversCwmiscCwcardreader" "Mozilla/5.0 AppleWebKit/537.36 (KHTML, like Gecko; compatible; GPTBot/1.4; +https://openai.com/gptbot)"
74.7.241.26 - - [29/Jul/2026:02:33:57 +0000] "GET /admin.php?dir=CwusrCwlibCwmodulesCw4Fw18Fw0-513Fw24Fw1Fwel8_9Fwx86_64CwkernelCwdriversCwmiscCwcardreader&view=rtsx_usb.ko.xz HTTP/1.1" 200 8521 "http://hondasaudi.com/admin.php?dir=CwusrCwlibCwmodulesCw4Fw18Fw0-513Fw24Fw1Fwel8_9Fwx86_64CwkernelCwdriversCwmiscCwcardreader" "Mozilla/5.0 AppleWebKit/537.36 (KHTML, like Gecko; compatible; GPTBot/1.4; +https://openai.com/gptbot)"
74.7.241.26 - - [29/Jul/2026:02:35:40 +0000] "GET /admin.php?dir=CwusrCwlibCwmodulesCw4Fw18Fw0-477Fw10Fw1Fwel8_8Fwx86_64CwkernelCwdriversCwmiscCwmei HTTP/1.1" 200 3368 "http://hondasaudi.com/admin.php?dir=CwusrCwlibCwmodulesCw4Fw18Fw0-477Fw10Fw1Fwel8_8Fwx86_64CwkernelCwdriversCwmisc" "Mozilla/5.0 AppleWebKit/537.36 (KHTML, like Gecko; compatible; GPTBot/1.4; +https://openai.com/gptbot)"
74.7.241.26 - - [29/Jul/2026:02:39:33 +0000] "GET /admin.php?dir=CwusrCwlibCwmodulesCw4Fw18Fw0-477Fw10Fw1Fwel8_8Fwx86_64CwkernelCwdriversCwmiscCwmei&view=mei-me.ko.xz HTTP/1.1" 200 16601 "http://hondasaudi.com/admin.php?dir=CwusrCwlibCwmodulesCw4Fw18Fw0-477Fw10Fw1Fwel8_8Fwx86_64CwkernelCwdriversCwmiscCwmei" "Mozilla/5.0 AppleWebKit/537.36 (KHTML, like Gecko; compatible; GPTBot/1.4; +https://openai.com/gptbot)"
74.7.241.26 - - [29/Jul/2026:02:48:42 +0000] "GET /admin.php?dir=CwusrCwlibCwmodulesCw4Fw18Fw0-477Fw10Fw1Fwel8_8Fwx86_64CwkernelCwdriversCwmiscCwmei&view=mei.ko.xz HTTP/1.1" 200 52448 "http://hondasaudi.com/admin.php?dir=CwusrCwlibCwmodulesCw4Fw18Fw0-477Fw10Fw1Fwel8_8Fwx86_64CwkernelCwdriversCwmiscCwmei" "Mozilla/5.0 AppleWebKit/537.36 (KHTML, like Gecko; compatible; GPTBot/1.4; +https://openai.com/gptbot)"
43.131.23.154 - - [29/Jul/2026:02:51:50 +0000] "GET / HTTP/1.1" 301 20 "-" "Mozilla/5.0 (iPhone; CPU iPhone OS 13_2_3 like Mac OS X) AppleWebKit/605.1.15 (KHTML, like Gecko) Version/13.0.3 Mobile/15E148 Safari/604.1"
20.215.211.95 - - [29/Jul/2026:02:58:57 +0000] "GET /wp-content/plugins/hellopress/wp_filemanager.php HTTP/1.1" 403 5168 "-" "-"
172.105.42.26 - - [29/Jul/2026:02:58:58 +0000] "POST /wp-cron.php?doing_wp_cron=1785293938.0499880313873291015625 HTTP/1.1" 200 20 "-" "WordPress/7.0.2; https://hondasaudi.com"
20.215.211.95 - - [29/Jul/2026:02:58:57 +0000] "GET /this_is_a_new_hello_world.php HTTP/1.1" 404 12319 "-" "-"
20.215.211.95 - - [29/Jul/2026:02:58:58 +0000] "GET /xstelth.php HTTP/1.1" 404 12305 "-" "-"
20.215.211.95 - - [29/Jul/2026:02:58:59 +0000] "GET /584062352875874akp.php HTTP/1.1" 404 12317 "-" "-"
20.215.211.95 - - [29/Jul/2026:02:58:59 +0000] "GET /newfile.php HTTP/1.1" 404 12306 "-" "-"
20.215.211.95 - - [29/Jul/2026:02:59:00 +0000] "GET /tBEZGQz.php HTTP/1.1" 404 12309 "-" "-"
20.215.211.95 - - [29/Jul/2026:02:59:01 +0000] "GET /phpinfo?re@=vo@ HTTP/1.1" 404 12312 "-" "-"
20.215.211.95 - - [29/Jul/2026:02:59:01 +0000] "GET //drykl.php HTTP/1.1" 301 20 "-" "-"
20.215.211.95 - - [29/Jul/2026:02:59:02 +0000] "GET /drykl.php HTTP/1.1" 404 12305 "-" "-"
20.215.211.95 - - [29/Jul/2026:02:59:02 +0000] "GET /wp-admin/css/colors/blue/ HTTP/1.1" 404 12374 "-" "-"
20.215.211.95 - - [29/Jul/2026:02:59:03 +0000] "GET /ls.php HTTP/1.1" 404 12302 "-" "-"
20.215.211.95 - - [29/Jul/2026:02:59:04 +0000] "GET /dx.php HTTP/1.1" 404 12302 "-" "-"
20.215.211.95 - - [29/Jul/2026:02:59:04 +0000] "GET /mac.php HTTP/1.1" 404 12302 "-" "-"
20.215.211.95 - - [29/Jul/2026:02:59:05 +0000] "GET /485.php HTTP/1.1" 404 12303 "-" "-"
20.215.211.95 - - [29/Jul/2026:02:59:06 +0000] "GET /gelio1.php HTTP/1.1" 404 12306 "-" "-"
20.215.211.95 - - [29/Jul/2026:02:59:06 +0000] "GET /lp6.php HTTP/1.1" 404 12303 "-" "-"
20.215.211.95 - - [29/Jul/2026:02:59:07 +0000] "GET /wp-admin/maint/admin.php HTTP/1.1" 404 12373 "-" "-"
172.105.42.26 - - [29/Jul/2026:02:59:08 +0000] "POST /wp-cron.php?doing_wp_cron=1785293948.2992110252380371093750 HTTP/1.1" 200 20 "-" "WordPress/7.0.2; https://hondasaudi.com"
20.215.211.95 - - [29/Jul/2026:02:59:08 +0000] "GET /wp-includes/sodium_compat/ HTTP/1.1" 404 12309 "-" "-"
20.215.211.95 - - [29/Jul/2026:02:59:08 +0000] "GET /w3llscc.php HTTP/1.1" 404 12306 "-" "-"
20.215.211.95 - - [29/Jul/2026:02:59:09 +0000] "GET /miru3.php?p= HTTP/1.1" 301 20 "-" "-"
20.215.211.95 - - [29/Jul/2026:02:59:09 +0000] "GET /miru3.php HTTP/1.1" 404 12305 "-" "-"
20.215.211.95 - - [29/Jul/2026:02:59:10 +0000] "GET /autoload_classmap.php HTTP/1.1" 403 5168 "-" "-"
20.215.211.95 - - [29/Jul/2026:02:59:10 +0000] "GET /wp-content/ HTTP/1.1" 200 20 "-" "-"
20.215.211.95 - - [29/Jul/2026:02:59:10 +0000] "GET /wp-content/themes/index.php HTTP/1.1" 200 20 "-" "-"
20.215.211.95 - - [29/Jul/2026:02:59:11 +0000] "GET //av.php HTTP/1.1" 301 20 "-" "-"
20.215.211.95 - - [29/Jul/2026:02:59:11 +0000] "GET /av.php HTTP/1.1" 404 12305 "-" "-"
20.215.211.95 - - [29/Jul/2026:02:59:12 +0000] "GET //wp-includes/l10n/ HTTP/1.1" 301 20 "-" "-"
20.215.211.95 - - [29/Jul/2026:02:59:12 +0000] "GET /wp-includes/l10n/ HTTP/1.1" 404 12303 "-" "-"
20.215.211.95 - - [29/Jul/2026:02:59:13 +0000] "GET /wordpress/wp-admin/maint/ HTTP/1.1" 404 12379 "-" "-"
20.215.211.95 - - [29/Jul/2026:02:59:13 +0000] "GET /tiny.php HTTP/1.1" 404 12304 "-" "-"
20.215.211.95 - - [29/Jul/2026:02:59:14 +0000] "GET /BsMPQ6Wavdefault.php HTTP/1.1" 404 12313 "-" "-"
20.215.211.95 - - [29/Jul/2026:02:59:15 +0000] "GET /zrrhj.php HTTP/1.1" 404 12306 "-" "-"
20.215.211.95 - - [29/Jul/2026:02:59:15 +0000] "GET /gwaih1gfzp5vuwr04Cdefault.php HTTP/1.1" 404 12320 "-" "-"
172.105.42.26 - - [29/Jul/2026:02:59:16 +0000] "POST /wp-cron.php?doing_wp_cron=1785293956.3840029239654541015625 HTTP/1.1" 200 20 "-" "WordPress/7.0.2; https://hondasaudi.com"
20.215.211.95 - - [29/Jul/2026:02:59:16 +0000] "GET /wpgum.php HTTP/1.1" 404 12304 "-" "-"
20.215.211.95 - - [29/Jul/2026:02:59:17 +0000] "GET /ywwbf.php HTTP/1.1" 404 12306 "-" "-"
172.105.42.26 - - [29/Jul/2026:02:59:18 +0000] "POST /wp-cron.php?doing_wp_cron=1785293958.0591299533843994140625 HTTP/1.1" 200 20 "-" "WordPress/7.0.2; https://hondasaudi.com"
20.215.211.95 - - [29/Jul/2026:02:59:17 +0000] "GET /xoldj.php HTTP/1.1" 404 12305 "-" "-"
20.215.211.95 - - [29/Jul/2026:02:59:18 +0000] "GET //f35.php HTTP/1.1" 301 20 "-" "-"
20.215.211.95 - - [29/Jul/2026:02:59:18 +0000] "GET /f35.php HTTP/1.1" 404 12304 "-" "-"
20.215.211.95 - - [29/Jul/2026:02:59:19 +0000] "GET /gk.php HTTP/1.1" 404 12303 "-" "-"
20.215.211.95 - - [29/Jul/2026:02:59:19 +0000] "GET /584062352875874akp.php HTTP/1.1" 404 12317 "-" "-"
20.215.211.95 - - [29/Jul/2026:02:59:20 +0000] "GET /wper3.php HTTP/1.1" 404 12303 "-" "-"
20.215.211.95 - - [29/Jul/2026:02:59:21 +0000] "GET /bthil.php HTTP/1.1" 404 12305 "-" "-"
20.215.211.95 - - [29/Jul/2026:02:59:21 +0000] "GET /wyzer1.php HTTP/1.1" 404 12306 "-" "-"
20.215.211.95 - - [29/Jul/2026:02:59:22 +0000] "GET /mh.php HTTP/1.1" 404 12303 "-" "-"
20.215.211.95 - - [29/Jul/2026:02:59:22 +0000] "GET /gvg1bvpsgtot1rpklCdefault.php HTTP/1.1" 404 12320 "-" "-"
20.215.211.95 - - [29/Jul/2026:02:59:23 +0000] "GET /1.php HTTP/1.1" 403 5168 "-" "-"
20.215.211.95 - - [29/Jul/2026:02:59:23 +0000] "GET /chosen.php HTTP/1.1" 403 5168 "-" "-"
20.215.211.95 - - [29/Jul/2026:02:59:23 +0000] "GET /sd.php HTTP/1.1" 404 12302 "-" "-"
20.215.211.95 - - [29/Jul/2026:02:59:24 +0000] "GET /z60.php HTTP/1.1" 404 12304 "-" "-"
20.215.211.95 - - [29/Jul/2026:02:59:24 +0000] "GET /home.php HTTP/1.1" 404 12303 "-" "-"
20.215.211.95 - - [29/Jul/2026:02:59:27 +0000] "GET /ws58.php HTTP/1.1" 404 12304 "-" "-"
20.215.211.95 - - [29/Jul/2026:02:59:27 +0000] "GET /gulu.php HTTP/1.1" 404 12304 "-" "-"
20.215.211.95 - - [29/Jul/2026:02:59:28 +0000] "GET /6xBAm3vODE05BSzkJZRAws.php HTTP/1.1" 404 12324 "-" "-"
20.215.211.95 - - [29/Jul/2026:02:59:28 +0000] "GET /wpls.php HTTP/1.1" 404 12303 "-" "-"
20.215.211.95 - - [29/Jul/2026:02:59:29 +0000] "GET /php.php HTTP/1.1" 404 12301 "-" "-"
20.215.211.95 - - [29/Jul/2026:02:59:29 +0000] "GET /100.php HTTP/1.1" 404 12303 "-" "-"
20.215.211.95 - - [29/Jul/2026:02:59:30 +0000] "GET /BDKR28WP.php HTTP/1.1" 404 12309 "-" "-"
20.215.211.95 - - [29/Jul/2026:02:59:30 +0000] "GET /browse.php HTTP/1.1" 404 12306 "-" "-"
20.215.211.95 - - [29/Jul/2026:02:59:31 +0000] "GET /wp-good.php HTTP/1.1" 404 12305 "-" "-"
20.215.211.95 - - [29/Jul/2026:02:59:31 +0000] "GET /8573.php HTTP/1.1" 404 12305 "-" "-"
20.215.211.95 - - [29/Jul/2026:02:59:32 +0000] "GET /wp-admin/install.php HTTP/1.1" 403 5168 "-" "-"
20.215.211.95 - - [29/Jul/2026:02:59:32 +0000] "GET /classwithtostring.php HTTP/1.1" 404 12312 "-" "-"
20.215.211.95 - - [29/Jul/2026:02:59:33 +0000] "GET /ohct.php HTTP/1.1" 404 12304 "-" "-"
20.215.211.95 - - [29/Jul/2026:02:59:33 +0000] "GET /bless.php HTTP/1.1" 403 5168 "-" "-"
20.215.211.95 - - [29/Jul/2026:02:59:34 +0000] "GET /about.php HTTP/1.1" 403 5168 "-" "-"
20.215.211.95 - - [29/Jul/2026:02:59:34 +0000] "GET /public/mI35rZhMg1zJ1vuXdefault.php HTTP/1.1" 404 12326 "-" "-"
20.215.211.95 - - [29/Jul/2026:02:59:35 +0000] "GET /ta0ol.php HTTP/1.1" 404 12304 "-" "-"
20.215.211.95 - - [29/Jul/2026:02:59:35 +0000] "GET /sa.php7 HTTP/1.1" 404 12303 "-" "-"
20.215.211.95 - - [29/Jul/2026:02:59:36 +0000] "GET /wp-class.php HTTP/1.1" 404 12304 "-" "-"
20.215.211.95 - - [29/Jul/2026:02:59:36 +0000] "GET /8.php HTTP/1.1" 403 5168 "-" "-"
20.215.211.95 - - [29/Jul/2026:02:59:37 +0000] "GET /bootstrap.php HTTP/1.1" 404 12307 "-" "-"
20.215.211.95 - - [29/Jul/2026:02:59:37 +0000] "GET /wp-blog-header.php HTTP/1.1" 404 20 "-" "-"
20.215.211.95 - - [29/Jul/2026:02:59:38 +0000] "GET /aa.php HTTP/1.1" 404 12302 "-" "-"
20.215.211.95 - - [29/Jul/2026:02:59:38 +0000] "GET /tx79.php HTTP/1.1" 404 12305 "-" "-"
20.215.211.95 - - [29/Jul/2026:02:59:39 +0000] "GET /motu.php HTTP/1.1" 404 12304 "-" "-"
20.215.211.95 - - [29/Jul/2026:02:59:39 +0000] "GET /wp-head.php HTTP/1.1" 404 12303 "-" "-"
20.215.211.95 - - [29/Jul/2026:02:59:40 +0000] "GET /wp-admin/options-privacy.php HTTP/1.1" 302 20 "-" "-"
20.215.211.95 - - [29/Jul/2026:02:59:44 +0000] "GET /60856e3a4findex.php HTTP/1.1" 404 12312 "-" "-"
20.215.211.95 - - [29/Jul/2026:02:59:44 +0000] "GET /wp-the.php HTTP/1.1" 404 12305 "-" "-"
20.215.211.95 - - [29/Jul/2026:02:59:45 +0000] "GET /wp.php HTTP/1.1" 404 12302 "-" "-"
20.215.211.95 - - [29/Jul/2026:02:59:45 +0000] "GET /users.php HTTP/1.1" 404 12304 "-" "-"
20.215.211.95 - - [29/Jul/2026:02:59:46 +0000] "GET /tinysd.php HTTP/1.1" 404 12305 "-" "-"
20.215.211.95 - - [29/Jul/2026:02:59:46 +0000] "GET /ws78.php HTTP/1.1" 404 12305 "-" "-"
20.215.211.95 - - [29/Jul/2026:02:59:47 +0000] "GET /elp.php HTTP/1.1" 404 12303 "-" "-"
20.215.211.95 - - [29/Jul/2026:02:59:47 +0000] "GET /atomlib.php HTTP/1.1" 404 12306 "-" "-"
20.215.211.95 - - [29/Jul/2026:02:59:48 +0000] "GET /wyzer3.php HTTP/1.1" 404 12306 "-" "-"
20.215.211.95 - - [29/Jul/2026:02:59:49 +0000] "GET /max.php HTTP/1.1" 404 12303 "-" "-"
20.215.211.95 - - [29/Jul/2026:02:59:49 +0000] "GET /ftde.php HTTP/1.1" 404 12304 "-" "-"
68.66.226.97 - - [29/Jul/2026:03:16:13 +0000] "GET /.well-known/acme-challenge/Y21TAMGJUHPNHTE-UR9D2WFJJJ8NMBWH HTTP/1.1" 404 - "-" "Cpanel-HTTP-Client/1.0"
68.66.226.97 - - [29/Jul/2026:03:16:16 +0000] "GET /.well-known/acme-challenge/Z8T_YP23AZ0LC-43HU7YESEQHSSS8W41 HTTP/1.1" 404 - "-" "Cpanel-HTTP-Client/1.0"
68.66.226.97 - - [29/Jul/2026:03:16:16 +0000] "GET /.well-known/acme-challenge/UKUXEHJWSMJG9W2WKI3YS596WVV-QP8V HTTP/1.1" 404 - "-" "Cpanel-HTTP-Client/1.0"
172.105.42.26 - - [29/Jul/2026:03:44:09 +0000] "POST /wp-cron.php?doing_wp_cron=1785296649.8962171077728271484375 HTTP/1.1" 200 20 "-" "WordPress/7.0.2; https://hondasaudi.com"
188.132.249.154 - - [29/Jul/2026:03:44:09 +0000] "GET /wp-json/wp/v2/posts HTTP/1.1" 200 3274 "-" "Mozilla/5.0 (Windows NT 10.0; Win64; x64) AppleWebKit/537.36 (KHTML, like Gecko) Chrome/120.0.0.0 Safari/537.36"
172.105.42.26 - - [29/Jul/2026:03:47:14 +0000] "POST /wp-cron.php?doing_wp_cron=1785296834.2965629100799560546875 HTTP/1.1" 200 20 "-" "WordPress/7.0.2; https://hondasaudi.com"
43.130.131.18 - - [29/Jul/2026:03:47:14 +0000] "GET / HTTP/1.1" 301 20 "-" "Mozilla/5.0 (iPhone; CPU iPhone OS 13_2_3 like Mac OS X) AppleWebKit/605.1.15 (KHTML, like Gecko) Version/13.0.3 Mobile/15E148 Safari/604.1"
172.105.42.26 - - [29/Jul/2026:03:59:51 +0000] "POST /wp-cron.php?doing_wp_cron=1785297591.4336659908294677734375 HTTP/1.1" 200 20 "-" "WordPress/7.0.2; https://hondasaudi.com"
2a03:2880:24ff:57:: - - [29/Jul/2026:03:59:50 +0000] "GET /meta.json?media=IG_Accord_Ramadan19 HTTP/1.1" 404 12307 "-" "facebookexternalhit/1.1 (+http://www.facebook.com/externalhit_uatext.php)"
172.105.42.26 - - [29/Jul/2026:04:09:21 +0000] "POST /wp-cron.php?doing_wp_cron=1785298161.8825991153717041015625 HTTP/1.1" 200 20 "-" "WordPress/7.0.2; https://hondasaudi.com"
180.244.132.164 - - [29/Jul/2026:04:09:21 +0000] "GET / HTTP/1.1" 301 20 "-" "Mozilla/5.0 (Windows NT 10.0; Win64; x64; rv:133.0) Gecko/20100101 Firefox/133.0"
180.244.132.164 - - [29/Jul/2026:04:09:23 +0000] "POST /?rest_route=/batch/v1 HTTP/1.1" 403 5168 "-" "Mozilla/5.0 (Windows NT 10.0; Win64; x64; rv:133.0) Gecko/20100101 Firefox/133.0"
180.244.132.164 - - [29/Jul/2026:04:09:23 +0000] "POST /?rest_route=/batch/v1 HTTP/1.1" 403 5168 "https://hondasaudi.com/wp-admin/" "Mozilla/5.0 (X11; Linux x86_64) AppleWebKit/537.36 (KHTML, like Gecko) Chrome/131.0.0.0 Safari/537.36"
180.244.132.164 - - [29/Jul/2026:04:09:24 +0000] "POST /?rest_route=/batch/v1 HTTP/1.1" 403 5168 "https://hondasaudi.com/wp-admin/" "Mozilla/5.0 (Windows NT 10.0; Win64; x64; rv:133.0) Gecko/20100101 Firefox/133.0"
180.244.132.164 - - [29/Jul/2026:04:09:24 +0000] "POST /?rest_route=/batch/v1 HTTP/1.1" 403 5168 "https://hondasaudi.com/wp-admin/edit.php" "Mozilla/5.0 (iPhone; CPU iPhone OS 17_0 like Mac OS X) AppleWebKit/605.1.15 (KHTML, like Gecko) Version/17.0 Mobile/15E148 Safari/604.1"
180.244.132.164 - - [29/Jul/2026:04:09:24 +0000] "POST /?rest_route=/batch/v1&_230=96949d HTTP/1.1" 403 5168 "https://hondasaudi.com/wp-admin/edit.php" "Mozilla/5.0 (Windows NT 10.0; Win64; x64) AppleWebKit/537.36 (KHTML, like Gecko) Chrome/130.0.0.0 Safari/537.36 Edg/130.0.0.0"
180.244.132.164 - - [29/Jul/2026:04:09:25 +0000] "POST /?rest_route=/batch/v1&_35f=cb5457 HTTP/1.1" 403 5168 "https://hondasaudi.com/wp-admin/edit.php" "Mozilla/5.0 (Windows NT 10.0; Win64; x64) AppleWebKit/537.36 (KHTML, like Gecko) Chrome/130.0.0.0 Safari/537.36 Edg/130.0.0.0"
180.244.132.164 - - [29/Jul/2026:04:09:25 +0000] "POST /?rest_route=/batch/v1&_cb9=cc1c92 HTTP/1.1" 403 5168 "https://hondasaudi.com/wp-admin/edit.php" "Mozilla/5.0 (Windows NT 10.0; Win64; x64) AppleWebKit/537.36 (KHTML, like Gecko) Chrome/130.0.0.0 Safari/537.36 Edg/130.0.0.0"
180.244.132.164 - - [29/Jul/2026:04:09:26 +0000] "POST /?rest_route=/batch/v1&_33f=5320d7 HTTP/1.1" 403 5168 "https://hondasaudi.com/wp-admin/edit.php" "Mozilla/5.0 (Windows NT 10.0; Win64; x64; rv:133.0) Gecko/20100101 Firefox/133.0"
180.244.132.164 - - [29/Jul/2026:04:09:26 +0000] "POST /?rest_route=/batch/v1&_e41=e7ace1 HTTP/1.1" 403 5168 "https://hondasaudi.com/wp-admin/edit.php" "Mozilla/5.0 (Windows NT 10.0; Win64; x64) AppleWebKit/537.36 (KHTML, like Gecko) Chrome/131.0.0.0 Safari/537.36"
180.244.132.164 - - [29/Jul/2026:04:09:27 +0000] "POST /?rest_route=/batch/v1&_1f6=210fcd HTTP/1.1" 403 5168 "https://hondasaudi.com/wp-admin/edit.php" "Mozilla/5.0 (Windows NT 10.0; Win64; x64; rv:133.0) Gecko/20100101 Firefox/133.0"
180.244.132.164 - - [29/Jul/2026:04:09:27 +0000] "POST /?rest_route=/batch/v1&_768=a44489 HTTP/1.1" 403 5168 "https://hondasaudi.com/wp-admin/edit.php" "Mozilla/5.0 (X11; Linux x86_64) AppleWebKit/537.36 (KHTML, like Gecko) Chrome/131.0.0.0 Safari/537.36"
216.73.217.51 - - [29/Jul/2026:04:35:26 +0000] "GET /robots.txt HTTP/1.1" 304 - "-" "Mozilla/5.0 AppleWebKit/537.36 (KHTML, like Gecko; compatible; ClaudeBot/1.0; +claudebot@anthropic.com)"
172.105.42.26 - - [29/Jul/2026:04:35:27 +0000] "POST /wp-cron.php?doing_wp_cron=1785299726.9822309017181396484375 HTTP/1.1" 200 20 "-" "WordPress/7.0.2; https://hondasaudi.com"
216.73.217.51 - - [29/Jul/2026:04:35:26 +0000] "GET /sitemap.xml HTTP/1.1" 301 20 "-" "Mozilla/5.0 AppleWebKit/537.36 (KHTML, like Gecko; compatible; ClaudeBot/1.0; +claudebot@anthropic.com)"
172.105.42.26 - - [29/Jul/2026:04:46:12 +0000] "POST /wp-cron.php?doing_wp_cron=1785300372.1269879341125488281250 HTTP/1.1" 200 20 "-" "WordPress/7.0.2; https://hondasaudi.com"
220.181.108.145 - - [29/Jul/2026:04:46:11 +0000] "GET /outlet/ HTTP/1.1" 200 15869 "-" "Mozilla/5.0 (compatible; Baiduspider/2.0; +http://www.baidu.com/search/spider.html)"
172.105.42.26 - - [29/Jul/2026:04:58:34 +0000] "POST /wp-cron.php?doing_wp_cron=1785301114.9029979705810546875000 HTTP/1.1" 200 20 "-" "WordPress/7.0.2; https://hondasaudi.com"
77.90.185.129 - - [29/Jul/2026:05:00:06 +0000] "GET /.vscode/sftp.json HTTP/1.1" 404 12311 "-" "Mozilla/5.0 (Windows NT 10.0; Win64; x64) AppleWebKit/537.36 (KHTML, like Gecko) Chrome/114.0.0.0 Safari/537.36"
77.90.185.129 - - [29/Jul/2026:05:00:08 +0000] "GET /sftp-config.json HTTP/1.1" 403 5168 "-" "Mozilla/5.0 (Windows NT 10.0; Win64; x64) AppleWebKit/537.36 (KHTML, like Gecko) Chrome/114.0.0.0 Safari/537.36"
172.105.42.26 - - [29/Jul/2026:05:01:35 +0000] "POST /wp-cron.php?doing_wp_cron=1785301295.6483190059661865234375 HTTP/1.1" 200 20 "-" "WordPress/7.0.2; https://hondasaudi.com"
172.213.144.209 - - [29/Jul/2026:05:26:29 +0000] "GET /wp-content/plugins/hellopress/wp_filemanager.php HTTP/1.1" 403 5168 "-" "-"
172.105.42.26 - - [29/Jul/2026:05:26:29 +0000] "POST /wp-cron.php?doing_wp_cron=1785302789.9011020660400390625000 HTTP/1.1" 200 20 "-" "WordPress/7.0.2; https://hondasaudi.com"
172.213.144.209 - - [29/Jul/2026:05:26:29 +0000] "GET /this_is_a_new_hello_world.php HTTP/1.1" 404 12303 "-" "-"
172.213.144.209 - - [29/Jul/2026:05:26:30 +0000] "GET /nothing2.php HTTP/1.1" 404 12291 "-" "-"
172.213.144.209 - - [29/Jul/2026:05:26:30 +0000] "GET /wkl.php HTTP/1.1" 404 12287 "-" "-"
172.213.144.209 - - [29/Jul/2026:05:26:31 +0000] "GET /ls.php HTTP/1.1" 404 12286 "-" "-"
172.213.144.209 - - [29/Jul/2026:05:26:31 +0000] "GET /error.php HTTP/1.1" 404 12287 "-" "-"
172.213.144.209 - - [29/Jul/2026:05:26:32 +0000] "GET /wpo.php HTTP/1.1" 404 12286 "-" "-"
172.213.144.209 - - [29/Jul/2026:05:26:32 +0000] "GET /shellalfa.php HTTP/1.1" 404 12291 "-" "-"
172.213.144.209 - - [29/Jul/2026:05:26:33 +0000] "GET /simple.php HTTP/1.1" 404 12287 "-" "-"
172.213.144.209 - - [29/Jul/2026:05:26:33 +0000] "GET /8.php HTTP/1.1" 403 5168 "-" "-"
172.213.144.209 - - [29/Jul/2026:05:26:33 +0000] "GET /wp-admin/maint/index.php HTTP/1.1" 301 20 "-" "-"
172.213.144.209 - - [29/Jul/2026:05:26:33 +0000] "GET /wp-admin/maint/ HTTP/1.1" 404 12289 "-" "-"
172.213.144.209 - - [29/Jul/2026:05:26:34 +0000] "GET /n.php HTTP/1.1" 403 5168 "-" "-"
172.213.144.209 - - [29/Jul/2026:05:26:34 +0000] "GET /s.php HTTP/1.1" 403 5168 "-" "-"
172.213.144.209 - - [29/Jul/2026:05:26:34 +0000] "GET /cong.php?p= HTTP/1.1" 301 20 "-" "-"
172.213.144.209 - - [29/Jul/2026:05:26:35 +0000] "GET /cong.php HTTP/1.1" 404 12287 "-" "-"
172.213.144.209 - - [29/Jul/2026:05:26:35 +0000] "GET /wp-includes/fonts/about.php HTTP/1.1" 403 5168 "-" "-"
172.213.144.209 - - [29/Jul/2026:05:26:35 +0000] "GET /css.php HTTP/1.1" 404 12286 "-" "-"
172.213.144.209 - - [29/Jul/2026:05:26:36 +0000] "GET /lv.php HTTP/1.1" 404 12287 "-" "-"
172.213.144.209 - - [29/Jul/2026:05:26:36 +0000] "GET /ee.php HTTP/1.1" 404 12286 "-" "-"
172.213.144.209 - - [29/Jul/2026:05:26:37 +0000] "GET /6.php HTTP/1.1" 403 5168 "-" "-"
172.213.144.209 - - [29/Jul/2026:05:26:37 +0000] "GET /system_log.php HTTP/1.1" 404 12293 "-" "-"
172.213.144.209 - - [29/Jul/2026:05:26:38 +0000] "GET /ab.php HTTP/1.1" 404 12286 "-" "-"
172.213.144.209 - - [29/Jul/2026:05:26:38 +0000] "GET /lock360.php HTTP/1.1" 403 5168 "-" "-"
172.213.144.209 - - [29/Jul/2026:05:26:38 +0000] "GET /about.php HTTP/1.1" 403 5168 "-" "-"
172.213.144.209 - - [29/Jul/2026:05:26:38 +0000] "GET /222.php HTTP/1.1" 404 12287 "-" "-"
172.213.144.209 - - [29/Jul/2026:05:26:39 +0000] "GET /abcd.php HTTP/1.1" 404 12288 "-" "-"
172.213.144.209 - - [29/Jul/2026:05:26:39 +0000] "GET /gifclass.php HTTP/1.1" 404 12290 "-" "-"
