74.7.241.26 - - [29/Jul/2026:08:46:33 +0000] "GET /admin.php?dir=CwhomeCwFwcpanmCwworkCw1708291698Fw4094CwLWP-Protocol-https-6Fw13Cwt&view=https_proxy.t HTTP/1.1" 200 3706 "http://hondasaudi.com/admin.php?dir=CwhomeCwFwcpanmCwworkCw1708291698Fw4094CwLWP-Protocol-https-6Fw13Cwt" "Mozilla/5.0 AppleWebKit/537.36 (KHTML, like Gecko; compatible; GPTBot/1.4; +https://openai.com/gptbot)"
74.7.241.26 - - [29/Jul/2026:08:46:53 +0000] "GET /admin.php?dir=CwhomeCwFwcpanmCwworkCw1708291698Fw4094CwIO-Socket-INET6-2Fw73Cw_build&view=build_params HTTP/1.1" 200 1375 "http://hondasaudi.com/admin.php?dir=CwhomeCwFwcpanmCwworkCw1708291698Fw4094CwIO-Socket-INET6-2Fw73Cw_build" "Mozilla/5.0 AppleWebKit/537.36 (KHTML, like Gecko; compatible; GPTBot/1.4; +https://openai.com/gptbot)"
74.7.241.26 - - [29/Jul/2026:08:47:15 +0000] "GET /admin.php?dir=CwhomeCwFwcpanmCwworkCw1708291698Fw4094CwNet-HTTP-6Fw23&view=MYMETA.json HTTP/1.1" 200 4708 "http://hondasaudi.com/admin.php?dir=CwhomeCwFwcpanmCwworkCw1708291698Fw4094CwNet-HTTP-6Fw23" "Mozilla/5.0 AppleWebKit/537.36 (KHTML, like Gecko; compatible; GPTBot/1.4; +https://openai.com/gptbot)"
74.7.241.26 - - [29/Jul/2026:08:47:35 +0000] "GET /admin.php?dir=CwhomeCwFwcpanmCwworkCw1708291698Fw4094CwIO-Socket-INET6-2Fw73CwincCwTest HTTP/1.1" 200 3213 "http://hondasaudi.com/admin.php?dir=CwhomeCwFwcpanmCwworkCw1708291698Fw4094CwIO-Socket-INET6-2Fw73Cwinc" "Mozilla/5.0 AppleWebKit/537.36 (KHTML, like Gecko; compatible; GPTBot/1.4; +https://openai.com/gptbot)"
145.239.10.137 - - [29/Jul/2026:08:47:39 +0000] "GET /222.php HTTP/1.1" 404 12288 "http://hondasaudi.com/222.php" "Mozilla/5.0 (iPhone; CPU iPhone OS 17_5_1 like Mac OS X) AppleWebKit/605.1.15 (KHTML, like Gecko) Version/17.5 Mobile/15E148 Safari/604.1"
74.7.241.26 - - [29/Jul/2026:08:47:56 +0000] "GET /admin.php?dir=CwhomeCwFwcpanmCwworkCw1708291698Fw4094CwIO-Socket-INET6-2Fw73CwblibCwmeta HTTP/1.1" 200 3363 "http://hondasaudi.com/admin.php?dir=CwhomeCwFwcpanmCwworkCw1708291698Fw4094CwIO-Socket-INET6-2Fw73Cwblib" "Mozilla/5.0 AppleWebKit/537.36 (KHTML, like Gecko; compatible; GPTBot/1.4; +https://openai.com/gptbot)"
74.7.241.26 - - [29/Jul/2026:08:48:18 +0000] "GET /admin.php?dir=CwhomeCwFwcpanmCwworkCw1708291698Fw4094CwIO-Socket-INET6-2Fw73CwblibCwarch HTTP/1.1" 200 3026 "http://hondasaudi.com/admin.php?dir=CwhomeCwFwcpanmCwworkCw1708291698Fw4094CwIO-Socket-INET6-2Fw73Cwblib" "Mozilla/5.0 AppleWebKit/537.36 (KHTML, like Gecko; compatible; GPTBot/1.4; +https://openai.com/gptbot)"
74.7.241.26 - - [29/Jul/2026:08:48:39 +0000] "GET /admin.php?dir=CwhomeCwFwcpanmCwworkCw1708291698Fw4094CwIO-Socket-INET6-2Fw73CwblibCwlib HTTP/1.1" 200 3206 "http://hondasaudi.com/admin.php?dir=CwhomeCwFwcpanmCwworkCw1708291698Fw4094CwIO-Socket-INET6-2Fw73Cwblib" "Mozilla/5.0 AppleWebKit/537.36 (KHTML, like Gecko; compatible; GPTBot/1.4; +https://openai.com/gptbot)"
74.7.241.26 - - [29/Jul/2026:08:49:00 +0000] "GET /admin.php?dir=CwhomeCwFwcpanmCwworkCw1708291698Fw4094CwNet-HTTP-6Fw23Cwt HTTP/1.1" 200 3558 "http://hondasaudi.com/admin.php?dir=CwhomeCwFwcpanmCwworkCw1708291698Fw4094CwNet-HTTP-6Fw23" "Mozilla/5.0 AppleWebKit/537.36 (KHTML, like Gecko; compatible; GPTBot/1.4; +https://openai.com/gptbot)"
74.7.241.26 - - [29/Jul/2026:08:49:21 +0000] "GET /admin.php?dir=CwhomeCwFwcpanmCwworkCw1708291698Fw4094CwNet-HTTP-6Fw23Cwlib HTTP/1.1" 200 3185 "http://hondasaudi.com/admin.php?dir=CwhomeCwFwcpanmCwworkCw1708291698Fw4094CwNet-HTTP-6Fw23" "Mozilla/5.0 AppleWebKit/537.36 (KHTML, like Gecko; compatible; GPTBot/1.4; +https://openai.com/gptbot)"
74.7.241.26 - - [29/Jul/2026:08:49:43 +0000] "GET /admin.php?dir=CwhomeCwFwcpanmCwworkCw1708291698Fw4094CwNet-HTTP-6Fw23Cwxt HTTP/1.1" 200 3330 "http://hondasaudi.com/admin.php?dir=CwhomeCwFwcpanmCwworkCw1708291698Fw4094CwNet-HTTP-6Fw23" "Mozilla/5.0 AppleWebKit/537.36 (KHTML, like Gecko; compatible; GPTBot/1.4; +https://openai.com/gptbot)"
74.7.241.26 - - [29/Jul/2026:08:50:05 +0000] "GET /admin.php?dir=CwhomeCwFwcpanmCwworkCw1708291698Fw4094CwPath-Class-0Fw37Cwt HTTP/1.1" 200 3640 "http://hondasaudi.com/admin.php?dir=CwhomeCwFwcpanmCwworkCw1708291698Fw4094CwPath-Class-0Fw37" "Mozilla/5.0 AppleWebKit/537.36 (KHTML, like Gecko; compatible; GPTBot/1.4; +https://openai.com/gptbot)"
172.105.42.26 - - [29/Jul/2026:08:50:26 +0000] "POST /wp-cron.php?doing_wp_cron=1785315026.8425889015197753906250 HTTP/1.1" 200 20 "-" "WordPress/7.0.2; https://hondasaudi.com"
74.7.241.26 - - [29/Jul/2026:08:50:26 +0000] "GET /admin.php?dir=CwhomeCwFwcpanmCwworkCw1708291698Fw4094CwLWP-Protocol-https-6Fw13Cwt&view=diag.t HTTP/1.1" 200 589 "http://hondasaudi.com/admin.php?dir=CwhomeCwFwcpanmCwworkCw1708291698Fw4094CwLWP-Protocol-https-6Fw13Cwt" "Mozilla/5.0 AppleWebKit/537.36 (KHTML, like Gecko; compatible; GPTBot/1.4; +https://openai.com/gptbot)"
74.7.241.26 - - [29/Jul/2026:08:50:47 +0000] "GET /admin.php?dir=CwhomeCwFwcpanmCwworkCw1708291698Fw4094CwIO-Socket-INET6-2Fw73CwblibCwlibdoc HTTP/1.1" 200 3315 "http://hondasaudi.com/admin.php?dir=CwhomeCwFwcpanmCwworkCw1708291698Fw4094CwIO-Socket-INET6-2Fw73Cwblib" "Mozilla/5.0 AppleWebKit/537.36 (KHTML, like Gecko; compatible; GPTBot/1.4; +https://openai.com/gptbot)"
74.7.241.26 - - [29/Jul/2026:08:51:08 +0000] "GET /admin.php?dir=CwhomeCwFwcpanmCwworkCw1708291698Fw4094CwLWP-Protocol-https-6Fw13CwblibCwbin HTTP/1.1" 200 3287 "http://hondasaudi.com/admin.php?dir=CwhomeCwFwcpanmCwworkCw1708291698Fw4094CwLWP-Protocol-https-6Fw13Cwblib" "Mozilla/5.0 AppleWebKit/537.36 (KHTML, like Gecko; compatible; GPTBot/1.4; +https://openai.com/gptbot)"
74.7.241.26 - - [29/Jul/2026:08:51:29 +0000] "GET /admin.php?dir=CwhomeCwFwcpanmCwworkCw1708291698Fw4094CwLWP-Protocol-https-6Fw13CwblibCwlib HTTP/1.1" 200 3247 "http://hondasaudi.com/admin.php?dir=CwhomeCwFwcpanmCwworkCw1708291698Fw4094CwLWP-Protocol-https-6Fw13Cwblib" "Mozilla/5.0 AppleWebKit/537.36 (KHTML, like Gecko; compatible; GPTBot/1.4; +https://openai.com/gptbot)"
74.7.241.26 - - [29/Jul/2026:08:51:51 +0000] "GET /admin.php?dir=CwhomeCwFwcpanmCwworkCw1708291698Fw4094Cwlibwww-perl-6Fw76Cwt HTTP/1.1" 200 3581 "http://hondasaudi.com/admin.php?dir=CwhomeCwFwcpanmCwworkCw1708291698Fw4094Cwlibwww-perl-6Fw76" "Mozilla/5.0 AppleWebKit/537.36 (KHTML, like Gecko; compatible; GPTBot/1.4; +https://openai.com/gptbot)"
74.7.241.26 - - [29/Jul/2026:08:52:12 +0000] "GET /admin.php?dir=CwhomeCwFwcpanmCwworkCw1708291698Fw4094CwIO-Socket-INET6-2Fw73Cwt&view=pod-coverage.t HTTP/1.1" 200 184 "http://hondasaudi.com/admin.php?dir=CwhomeCwFwcpanmCwworkCw1708291698Fw4094CwIO-Socket-INET6-2Fw73Cwt" "Mozilla/5.0 AppleWebKit/537.36 (KHTML, like Gecko; compatible; GPTBot/1.4; +https://openai.com/gptbot)"
74.7.241.26 - - [29/Jul/2026:08:52:33 +0000] "GET /admin.php?dir=CwhomeCwFwcpanmCwworkCw1708291698Fw4094CwNet-HTTP-6Fw23Cwblib HTTP/1.1" 200 3308 "http://hondasaudi.com/admin.php?dir=CwhomeCwFwcpanmCwworkCw1708291698Fw4094CwNet-HTTP-6Fw23" "Mozilla/5.0 AppleWebKit/537.36 (KHTML, like Gecko; compatible; GPTBot/1.4; +https://openai.com/gptbot)"
74.7.241.26 - - [29/Jul/2026:08:52:55 +0000] "GET /admin.php?dir=CwhomeCwFwcpanmCwworkCw1708291698Fw4094CwIO-Socket-INET6-2Fw73CwblibCwmeta&view=MYMETA.json HTTP/1.1" 200 801 "http://hondasaudi.com/admin.php?dir=CwhomeCwFwcpanmCwworkCw1708291698Fw4094CwIO-Socket-INET6-2Fw73CwblibCwmeta" "Mozilla/5.0 AppleWebKit/537.36 (KHTML, like Gecko; compatible; GPTBot/1.4; +https://openai.com/gptbot)"
74.7.241.26 - - [29/Jul/2026:08:53:17 +0000] "GET /admin.php?dir=CwhomeCwFwcpanmCwworkCw1708291698Fw4094CwNet-HTTP-6Fw23&view=META.yml HTTP/1.1" 200 4217 "http://hondasaudi.com/admin.php?dir=CwhomeCwFwcpanmCwworkCw1708291698Fw4094CwNet-HTTP-6Fw23" "Mozilla/5.0 AppleWebKit/537.36 (KHTML, like Gecko; compatible; GPTBot/1.4; +https://openai.com/gptbot)"
74.7.241.26 - - [29/Jul/2026:08:53:37 +0000] "GET /admin.php?dir=CwhomeCwFwcpanmCwworkCw1708291698Fw4094CwNet-HTTP-6Fw23Cwt&view=http.t HTTP/1.1" 200 1988 "http://hondasaudi.com/admin.php?dir=CwhomeCwFwcpanmCwworkCw1708291698Fw4094CwNet-HTTP-6Fw23Cwt" "Mozilla/5.0 AppleWebKit/537.36 (KHTML, like Gecko; compatible; GPTBot/1.4; +https://openai.com/gptbot)"
74.7.241.26 - - [29/Jul/2026:08:53:59 +0000] "GET /admin.php?dir=CwhomeCwFwcpanmCwworkCw1708291698Fw4094CwPath-Class-0Fw37Cwt&view=07-recurseprune.t HTTP/1.1" 200 705 "http://hondasaudi.com/admin.php?dir=CwhomeCwFwcpanmCwworkCw1708291698Fw4094CwPath-Class-0Fw37Cwt" "Mozilla/5.0 AppleWebKit/537.36 (KHTML, like Gecko; compatible; GPTBot/1.4; +https://openai.com/gptbot)"
74.7.241.26 - - [29/Jul/2026:08:54:21 +0000] "GET /admin.php?dir=CwhomeCwFwcpanmCwworkCw1708291698Fw4094CwPath-Class-0Fw37Cwt&view=author-critic.t HTTP/1.1" 200 333 "http://hondasaudi.com/admin.php?dir=CwhomeCwFwcpanmCwworkCw1708291698Fw4094CwPath-Class-0Fw37Cwt" "Mozilla/5.0 AppleWebKit/537.36 (KHTML, like Gecko; compatible; GPTBot/1.4; +https://openai.com/gptbot)"
74.7.241.26 - - [29/Jul/2026:08:54:42 +0000] "GET /admin.php?dir=CwhomeCwFwcpanmCwworkCw1708291698Fw4094CwPath-Class-0Fw37Cwt&view=03-filesystem.t HTTP/1.1" 200 2817 "http://hondasaudi.com/admin.php?dir=CwhomeCwFwcpanmCwworkCw1708291698Fw4094CwPath-Class-0Fw37Cwt" "Mozilla/5.0 AppleWebKit/537.36 (KHTML, like Gecko; compatible; GPTBot/1.4; +https://openai.com/gptbot)"
74.7.241.26 - - [29/Jul/2026:08:55:03 +0000] "GET /admin.php?dir=CwhomeCwFwcpanmCwworkCw1708291698Fw4094CwLWP-Protocol-https-6Fw13CwblibCwbin&view=.exists HTTP/1.1" 200 55 "http://hondasaudi.com/admin.php?dir=CwhomeCwFwcpanmCwworkCw1708291698Fw4094CwLWP-Protocol-https-6Fw13CwblibCwbin" "Mozilla/5.0 AppleWebKit/537.36 (KHTML, like Gecko; compatible; GPTBot/1.4; +https://openai.com/gptbot)"
74.7.241.26 - - [29/Jul/2026:08:55:24 +0000] "GET /admin.php?dir=CwhomeCwFwcpanmCwworkCw1708291698Fw4094CwIO-Socket-INET6-2Fw73Cw_build&view=auto_features HTTP/1.1" 200 76 "http://hondasaudi.com/admin.php?dir=CwhomeCwFwcpanmCwworkCw1708291698Fw4094CwIO-Socket-INET6-2Fw73Cw_build" "Mozilla/5.0 AppleWebKit/537.36 (KHTML, like Gecko; compatible; GPTBot/1.4; +https://openai.com/gptbot)"
74.7.241.26 - - [29/Jul/2026:08:55:46 +0000] "GET /admin.php?dir=CwhomeCwFwcpanmCwworkCw1708291698Fw4094Cwlibwww-perl-6Fw76Cwt&view=redirect.t HTTP/1.1" 200 806 "http://hondasaudi.com/admin.php?dir=CwhomeCwFwcpanmCwworkCw1708291698Fw4094Cwlibwww-perl-6Fw76Cwt" "Mozilla/5.0 AppleWebKit/537.36 (KHTML, like Gecko; compatible; GPTBot/1.4; +https://openai.com/gptbot)"
74.7.241.26 - - [29/Jul/2026:08:56:08 +0000] "GET /admin.php?dir=CwhomeCwFwcpanmCwworkCw1708291698Fw4094Cwlibwww-perl-6Fw76Cwt&edit=redirect.t HTTP/1.1" 200 3262 "http://hondasaudi.com/admin.php?dir=CwhomeCwFwcpanmCwworkCw1708291698Fw4094Cwlibwww-perl-6Fw76Cwt" "Mozilla/5.0 AppleWebKit/537.36 (KHTML, like Gecko; compatible; GPTBot/1.4; +https://openai.com/gptbot)"
74.7.241.26 - - [29/Jul/2026:08:56:28 +0000] "GET /admin.php?dir=CwhomeCwFwcpanmCwworkCw1708291698Fw4094CwNet-HTTP-6Fw23CwblibCwlib HTTP/1.1" 200 3239 "http://hondasaudi.com/admin.php?dir=CwhomeCwFwcpanmCwworkCw1708291698Fw4094CwNet-HTTP-6Fw23Cwblib" "Mozilla/5.0 AppleWebKit/537.36 (KHTML, like Gecko; compatible; GPTBot/1.4; +https://openai.com/gptbot)"
74.7.241.26 - - [29/Jul/2026:08:57:10 +0000] "GET /admin.php?dir=CwhomeCwFwcpanmCwworkCw1708291698Fw4094CwIO-Socket-INET6-2Fw73Cw_build&view=config_data HTTP/1.1" 200 76 "http://hondasaudi.com/admin.php?dir=CwhomeCwFwcpanmCwworkCw1708291698Fw4094CwIO-Socket-INET6-2Fw73Cw_build" "Mozilla/5.0 AppleWebKit/537.36 (KHTML, like Gecko; compatible; GPTBot/1.4; +https://openai.com/gptbot)"
74.7.241.26 - - [29/Jul/2026:08:58:13 +0000] "GET /admin.php?dir=CwhomeCwFwcpanmCwworkCw1708291698Fw4094CwLWP-Protocol-https-6Fw13&view=dist.ini HTTP/1.1" 200 1083 "http://hondasaudi.com/admin.php?dir=CwhomeCwFwcpanmCwworkCw1708291698Fw4094CwLWP-Protocol-https-6Fw13" "Mozilla/5.0 AppleWebKit/537.36 (KHTML, like Gecko; compatible; GPTBot/1.4; +https://openai.com/gptbot)"
74.7.241.26 - - [29/Jul/2026:08:58:34 +0000] "GET /admin.php?dir=CwhomeCwFwcpanmCwworkCw1708291698Fw4094CwLWP-Protocol-https-6Fw13&view=META.yml HTTP/1.1" 200 4143 "http://hondasaudi.com/admin.php?dir=CwhomeCwFwcpanmCwworkCw1708291698Fw4094CwLWP-Protocol-https-6Fw13" "Mozilla/5.0 AppleWebKit/537.36 (KHTML, like Gecko; compatible; GPTBot/1.4; +https://openai.com/gptbot)"
74.7.241.26 - - [29/Jul/2026:08:59:37 +0000] "GET /admin.php?dir=CwhomeCwFwcpanmCwworkCw1708291698Fw4094Cwlibwww-perl-6Fw76&view=pm_to_blib HTTP/1.1" 200 55 "http://hondasaudi.com/admin.php?dir=CwhomeCwFwcpanmCwworkCw1708291698Fw4094Cwlibwww-perl-6Fw76" "Mozilla/5.0 AppleWebKit/537.36 (KHTML, like Gecko; compatible; GPTBot/1.4; +https://openai.com/gptbot)"
74.7.241.26 - - [29/Jul/2026:09:01:44 +0000] "GET /admin.php?dir=CwhomeCwFwcpanmCwworkCw1708291698Fw4094CwJSON-PP-4Fw16CwblibCwarchCwauto HTTP/1.1" 200 3216 "http://hondasaudi.com/admin.php?dir=CwhomeCwFwcpanmCwworkCw1708291698Fw4094CwJSON-PP-4Fw16CwblibCwarch" "Mozilla/5.0 AppleWebKit/537.36 (KHTML, like Gecko; compatible; GPTBot/1.4; +https://openai.com/gptbot)"
74.7.241.26 - - [29/Jul/2026:09:03:31 +0000] "GET /admin.php?dir=CwhomeCwFwcpanmCwworkCw1708291698Fw4094CwIO-Socket-INET6-2Fw73&view=MYMETA.yml HTTP/1.1" 200 716 "http://hondasaudi.com/admin.php?dir=CwhomeCwFwcpanmCwworkCw1708291698Fw4094CwIO-Socket-INET6-2Fw73" "Mozilla/5.0 AppleWebKit/537.36 (KHTML, like Gecko; compatible; GPTBot/1.4; +https://openai.com/gptbot)"
74.7.241.26 - - [29/Jul/2026:09:04:12 +0000] "GET /admin.php?dir=CwhomeCwFwcpanmCwworkCw1708291698Fw4094CwJSON-PP-4Fw16Cwt&view=zero-mojibake.t HTTP/1.1" 200 349 "http://hondasaudi.com/admin.php?dir=CwhomeCwFwcpanmCwworkCw1708291698Fw4094CwJSON-PP-4Fw16Cwt" "Mozilla/5.0 AppleWebKit/537.36 (KHTML, like Gecko; compatible; GPTBot/1.4; +https://openai.com/gptbot)"
74.7.241.26 - - [29/Jul/2026:09:04:54 +0000] "GET /admin.php?dir=CwhomeCwFwcpanmCwworkCw1708291698Fw4094CwLWP-Protocol-https-6Fw13CwblibCwman3 HTTP/1.1" 200 3374 "http://hondasaudi.com/admin.php?dir=CwhomeCwFwcpanmCwworkCw1708291698Fw4094CwLWP-Protocol-https-6Fw13Cwblib" "Mozilla/5.0 AppleWebKit/537.36 (KHTML, like Gecko; compatible; GPTBot/1.4; +https://openai.com/gptbot)"
74.7.241.26 - - [29/Jul/2026:09:05:15 +0000] "GET /admin.php?dir=CwhomeCwFwcpanmCwworkCw1708291698Fw4094CwLWP-Protocol-https-6Fw13CwblibCwman1 HTTP/1.1" 200 3288 "http://hondasaudi.com/admin.php?dir=CwhomeCwFwcpanmCwworkCw1708291698Fw4094CwLWP-Protocol-https-6Fw13Cwblib" "Mozilla/5.0 AppleWebKit/537.36 (KHTML, like Gecko; compatible; GPTBot/1.4; +https://openai.com/gptbot)"
74.7.241.26 - - [29/Jul/2026:09:05:37 +0000] "GET /admin.php?dir=CwhomeCwFwcpanmCwworkCw1708291698Fw4094CwLWP-Protocol-https-6Fw13CwblibCwscript HTTP/1.1" 200 3290 "http://hondasaudi.com/admin.php?dir=CwhomeCwFwcpanmCwworkCw1708291698Fw4094CwLWP-Protocol-https-6Fw13Cwblib" "Mozilla/5.0 AppleWebKit/537.36 (KHTML, like Gecko; compatible; GPTBot/1.4; +https://openai.com/gptbot)"
74.7.241.26 - - [29/Jul/2026:09:05:58 +0000] "GET /admin.php?dir=CwhomeCwFwcpanmCwworkCw1708291698Fw4094CwLWP-Protocol-https-6Fw13CwblibCwarch HTTP/1.1" 200 3331 "http://hondasaudi.com/admin.php?dir=CwhomeCwFwcpanmCwworkCw1708291698Fw4094CwLWP-Protocol-https-6Fw13Cwblib" "Mozilla/5.0 AppleWebKit/537.36 (KHTML, like Gecko; compatible; GPTBot/1.4; +https://openai.com/gptbot)"
172.105.42.26 - - [29/Jul/2026:09:06:20 +0000] "POST /wp-cron.php?doing_wp_cron=1785315980.1296520233154296875000 HTTP/1.1" 200 20 "-" "WordPress/7.0.2; https://hondasaudi.com"
74.7.241.26 - - [29/Jul/2026:09:06:19 +0000] "GET /admin.php?dir=CwhomeCwFwcpanmCwworkCw1708291698Fw4094CwLWP-Protocol-https-6Fw13CwblibCwmeta HTTP/1.1" 200 3339 "http://hondasaudi.com/admin.php?dir=CwhomeCwFwcpanmCwworkCw1708291698Fw4094CwLWP-Protocol-https-6Fw13Cwblib" "Mozilla/5.0 AppleWebKit/537.36 (KHTML, like Gecko; compatible; GPTBot/1.4; +https://openai.com/gptbot)"
74.7.241.26 - - [29/Jul/2026:09:06:40 +0000] "GET /admin.php?dir=CwhomeCwFwcpanmCwworkCw1708291698Fw4094CwLWP-Protocol-https-6Fw13CwxtCwauthor HTTP/1.1" 200 3871 "http://hondasaudi.com/admin.php?dir=CwhomeCwFwcpanmCwworkCw1708291698Fw4094CwLWP-Protocol-https-6Fw13Cwxt" "Mozilla/5.0 AppleWebKit/537.36 (KHTML, like Gecko; compatible; GPTBot/1.4; +https://openai.com/gptbot)"
74.7.241.26 - - [29/Jul/2026:09:07:01 +0000] "GET /admin.php?dir=CwhomeCwFwcpanmCwworkCw1708291698Fw4094CwJSON-PP-4Fw16CwblibCwman1 HTTP/1.1" 200 3347 "http://hondasaudi.com/admin.php?dir=CwhomeCwFwcpanmCwworkCw1708291698Fw4094CwJSON-PP-4Fw16Cwblib" "Mozilla/5.0 AppleWebKit/537.36 (KHTML, like Gecko; compatible; GPTBot/1.4; +https://openai.com/gptbot)"
74.7.241.26 - - [29/Jul/2026:09:07:21 +0000] "GET /admin.php?dir=CwhomeCwFwcpanmCwworkCw1708291698Fw4094CwJSON-PP-4Fw16CwblibCwman3 HTTP/1.1" 200 3422 "http://hondasaudi.com/admin.php?dir=CwhomeCwFwcpanmCwworkCw1708291698Fw4094CwJSON-PP-4Fw16Cwblib" "Mozilla/5.0 AppleWebKit/537.36 (KHTML, like Gecko; compatible; GPTBot/1.4; +https://openai.com/gptbot)"
74.7.241.26 - - [29/Jul/2026:09:08:25 +0000] "GET /admin.php?dir=CwhomeCwFwcpanmCwworkCw1708291715Fw5923CwDevel-CheckLib-1Fw16Cwlib HTTP/1.1" 200 3193 "http://hondasaudi.com/admin.php?dir=CwhomeCwFwcpanmCwworkCw1708291715Fw5923CwDevel-CheckLib-1Fw16" "Mozilla/5.0 AppleWebKit/537.36 (KHTML, like Gecko; compatible; GPTBot/1.4; +https://openai.com/gptbot)"
74.7.241.26 - - [29/Jul/2026:09:08:46 +0000] "GET /admin.php?dir=CwhomeCwFwcpanmCwworkCw1708291698Fw4094CwLWP-Protocol-https-6Fw13CwblibCwman3&view=.exists HTTP/1.1" 200 55 "http://hondasaudi.com/admin.php?dir=CwhomeCwFwcpanmCwworkCw1708291698Fw4094CwLWP-Protocol-https-6Fw13CwblibCwman3" "Mozilla/5.0 AppleWebKit/537.36 (KHTML, like Gecko; compatible; GPTBot/1.4; +https://openai.com/gptbot)"
74.7.241.26 - - [29/Jul/2026:09:09:07 +0000] "GET /admin.php?dir=CwhomeCwFwcpanmCwworkCw1708291698Fw4094CwLWP-Protocol-https-6Fw13CwblibCwman1&view=.exists HTTP/1.1" 200 55 "http://hondasaudi.com/admin.php?dir=CwhomeCwFwcpanmCwworkCw1708291698Fw4094CwLWP-Protocol-https-6Fw13CwblibCwman1" "Mozilla/5.0 AppleWebKit/537.36 (KHTML, like Gecko; compatible; GPTBot/1.4; +https://openai.com/gptbot)"
74.7.241.26 - - [29/Jul/2026:09:09:27 +0000] "GET /admin.php?dir=CwhomeCwFwcpanmCwworkCw1708291698Fw4094CwLWP-Protocol-https-6Fw13CwblibCwscript&view=.exists HTTP/1.1" 200 55 "http://hondasaudi.com/admin.php?dir=CwhomeCwFwcpanmCwworkCw1708291698Fw4094CwLWP-Protocol-https-6Fw13CwblibCwscript" "Mozilla/5.0 AppleWebKit/537.36 (KHTML, like Gecko; compatible; GPTBot/1.4; +https://openai.com/gptbot)"
74.7.241.26 - - [29/Jul/2026:09:09:49 +0000] "GET /admin.php?dir=CwhomeCwFwcpanmCwworkCw1708291698Fw4094CwLWP-Protocol-https-6Fw13CwblibCwarch&view=.exists HTTP/1.1" 200 55 "http://hondasaudi.com/admin.php?dir=CwhomeCwFwcpanmCwworkCw1708291698Fw4094CwLWP-Protocol-https-6Fw13CwblibCwarch" "Mozilla/5.0 AppleWebKit/537.36 (KHTML, like Gecko; compatible; GPTBot/1.4; +https://openai.com/gptbot)"
74.7.241.26 - - [29/Jul/2026:09:10:10 +0000] "GET /admin.php?dir=CwhomeCwFwcpanmCwworkCw1708291698Fw4094CwLWP-Protocol-https-6Fw13CwblibCwmeta&view=MYMETA.json HTTP/1.1" 200 4739 "http://hondasaudi.com/admin.php?dir=CwhomeCwFwcpanmCwworkCw1708291698Fw4094CwLWP-Protocol-https-6Fw13CwblibCwmeta" "Mozilla/5.0 AppleWebKit/537.36 (KHTML, like Gecko; compatible; GPTBot/1.4; +https://openai.com/gptbot)"
74.7.241.26 - - [29/Jul/2026:09:10:31 +0000] "GET /admin.php?dir=CwhomeCwFwcpanmCwworkCw1708291698Fw4094CwLWP-Protocol-https-6Fw13CwxtCwauthor&view=pod-coverage.t HTTP/1.1" 200 604 "http://hondasaudi.com/admin.php?dir=CwhomeCwFwcpanmCwworkCw1708291698Fw4094CwLWP-Protocol-https-6Fw13CwxtCwauthor" "Mozilla/5.0 AppleWebKit/537.36 (KHTML, like Gecko; compatible; GPTBot/1.4; +https://openai.com/gptbot)"
74.7.241.26 - - [29/Jul/2026:09:10:52 +0000] "GET /admin.php?dir=CwhomeCwFwcpanmCwworkCw1708291698Fw4094CwJSON-PP-4Fw16CwblibCwman1&view=.exists HTTP/1.1" 200 55 "http://hondasaudi.com/admin.php?dir=CwhomeCwFwcpanmCwworkCw1708291698Fw4094CwJSON-PP-4Fw16CwblibCwman1" "Mozilla/5.0 AppleWebKit/537.36 (KHTML, like Gecko; compatible; GPTBot/1.4; +https://openai.com/gptbot)"
74.7.241.26 - - [29/Jul/2026:09:11:12 +0000] "GET /admin.php?dir=CwhomeCwFwcpanmCwworkCw1708291698Fw4094CwJSON-PP-4Fw16CwblibCwman3&view=.exists HTTP/1.1" 200 55 "http://hondasaudi.com/admin.php?dir=CwhomeCwFwcpanmCwworkCw1708291698Fw4094CwJSON-PP-4Fw16CwblibCwman3" "Mozilla/5.0 AppleWebKit/537.36 (KHTML, like Gecko; compatible; GPTBot/1.4; +https://openai.com/gptbot)"
74.7.241.26 - - [29/Jul/2026:09:11:55 +0000] "GET /admin.php?dir=CwhomeCwFwcpanmCwworkCw1708291698Fw4094CwLWP-Protocol-https-6Fw13CwxtCwauthor&view=clean-namespaces.t HTTP/1.1" 200 221 "http://hondasaudi.com/admin.php?dir=CwhomeCwFwcpanmCwworkCw1708291698Fw4094CwLWP-Protocol-https-6Fw13CwxtCwauthor" "Mozilla/5.0 AppleWebKit/537.36 (KHTML, like Gecko; compatible; GPTBot/1.4; +https://openai.com/gptbot)"
74.7.241.26 - - [29/Jul/2026:09:12:16 +0000] "GET /admin.php?dir=CwhomeCwFwcpanmCwworkCw1708291698Fw4094CwLWP-Protocol-https-6Fw13CwxtCwauthor&view=minimum-version.t HTTP/1.1" 200 138 "http://hondasaudi.com/admin.php?dir=CwhomeCwFwcpanmCwworkCw1708291698Fw4094CwLWP-Protocol-https-6Fw13CwxtCwauthor" "Mozilla/5.0 AppleWebKit/537.36 (KHTML, like Gecko; compatible; GPTBot/1.4; +https://openai.com/gptbot)"
74.7.241.26 - - [29/Jul/2026:09:12:37 +0000] "GET /admin.php?dir=CwhomeCwFwcpanmCwworkCw1708291698Fw4094CwLWP-Protocol-https-6Fw13CwxtCwauthor&view=test-version.t HTTP/1.1" 200 302 "http://hondasaudi.com/admin.php?dir=CwhomeCwFwcpanmCwworkCw1708291698Fw4094CwLWP-Protocol-https-6Fw13CwxtCwauthor" "Mozilla/5.0 AppleWebKit/537.36 (KHTML, like Gecko; compatible; GPTBot/1.4; +https://openai.com/gptbot)"
74.7.241.26 - - [29/Jul/2026:09:12:58 +0000] "GET /admin.php?dir=CwhomeCwFwcpanmCwworkCw1708291698Fw4094CwLWP-Protocol-https-6Fw13CwxtCwauthor&view=portability.t HTTP/1.1" 200 123 "http://hondasaudi.com/admin.php?dir=CwhomeCwFwcpanmCwworkCw1708291698Fw4094CwLWP-Protocol-https-6Fw13CwxtCwauthor" "Mozilla/5.0 AppleWebKit/537.36 (KHTML, like Gecko; compatible; GPTBot/1.4; +https://openai.com/gptbot)"
74.7.241.26 - - [29/Jul/2026:09:13:40 +0000] "GET /admin.php?dir=CwhomeCwFwcpanmCwworkCw1708291698Fw4094CwJSON-PP-4Fw16CwblibCwman1&view=json_pp.1 HTTP/1.1" 200 2191 "http://hondasaudi.com/admin.php?dir=CwhomeCwFwcpanmCwworkCw1708291698Fw4094CwJSON-PP-4Fw16CwblibCwman1" "Mozilla/5.0 AppleWebKit/537.36 (KHTML, like Gecko; compatible; GPTBot/1.4; +https://openai.com/gptbot)"
74.7.241.26 - - [29/Jul/2026:09:14:22 +0000] "GET /admin.php?dir=CwhomeCwFwcpanmCwworkCw1708291698Fw4094CwLWP-Protocol-https-6Fw13CwxtCwauthor&view=mojibake.t HTTP/1.1" 200 138 "http://hondasaudi.com/admin.php?dir=CwhomeCwFwcpanmCwworkCw1708291698Fw4094CwLWP-Protocol-https-6Fw13CwxtCwauthor" "Mozilla/5.0 AppleWebKit/537.36 (KHTML, like Gecko; compatible; GPTBot/1.4; +https://openai.com/gptbot)"
74.7.241.26 - - [29/Jul/2026:09:15:03 +0000] "GET /admin.php?dir=CwhomeCwFwcpanmCwworkCw1708291698Fw4094CwLWP-Protocol-https-6Fw13CwxtCwauthor&view=eol.t HTTP/1.1" 200 311 "http://hondasaudi.com/admin.php?dir=CwhomeCwFwcpanmCwworkCw1708291698Fw4094CwLWP-Protocol-https-6Fw13CwxtCwauthor" "Mozilla/5.0 AppleWebKit/537.36 (KHTML, like Gecko; compatible; GPTBot/1.4; +https://openai.com/gptbot)"
74.7.241.26 - - [29/Jul/2026:09:15:24 +0000] "GET /admin.php?dir=CwhomeCwFwcpanmCwworkCw1708291698Fw4094CwLWP-Protocol-https-6Fw13CwxtCwauthor&view=pod-spell.t HTTP/1.1" 200 999 "http://hondasaudi.com/admin.php?dir=CwhomeCwFwcpanmCwworkCw1708291698Fw4094CwLWP-Protocol-https-6Fw13CwxtCwauthor" "Mozilla/5.0 AppleWebKit/537.36 (KHTML, like Gecko; compatible; GPTBot/1.4; +https://openai.com/gptbot)"
74.7.241.26 - - [29/Jul/2026:09:15:45 +0000] "GET /admin.php?dir=CwhomeCwFwcpanmCwworkCw1708291698Fw4094CwLWP-Protocol-https-6Fw13CwxtCwauthor&view=distmeta.t HTTP/1.1" 200 186 "http://hondasaudi.com/admin.php?dir=CwhomeCwFwcpanmCwworkCw1708291698Fw4094CwLWP-Protocol-https-6Fw13CwxtCwauthor" "Mozilla/5.0 AppleWebKit/537.36 (KHTML, like Gecko; compatible; GPTBot/1.4; +https://openai.com/gptbot)"
74.7.241.26 - - [29/Jul/2026:09:16:06 +0000] "GET /admin.php?dir=CwhomeCwFwcpanmCwworkCw1708291698Fw4094CwLWP-Protocol-https-6Fw13CwxtCwauthor&view=kwalitee.t HTTP/1.1" 200 213 "http://hondasaudi.com/admin.php?dir=CwhomeCwFwcpanmCwworkCw1708291698Fw4094CwLWP-Protocol-https-6Fw13CwxtCwauthor" "Mozilla/5.0 AppleWebKit/537.36 (KHTML, like Gecko; compatible; GPTBot/1.4; +https://openai.com/gptbot)"
74.7.241.26 - - [29/Jul/2026:09:16:27 +0000] "GET /admin.php?dir=CwhomeCwFwcpanmCwworkCw1708291698Fw4094CwLWP-Protocol-https-6Fw13CwxtCwauthor&view=pod-syntax.t HTTP/1.1" 200 201 "http://hondasaudi.com/admin.php?dir=CwhomeCwFwcpanmCwworkCw1708291698Fw4094CwLWP-Protocol-https-6Fw13CwxtCwauthor" "Mozilla/5.0 AppleWebKit/537.36 (KHTML, like Gecko; compatible; GPTBot/1.4; +https://openai.com/gptbot)"
74.7.241.26 - - [29/Jul/2026:09:16:47 +0000] "GET /admin.php?dir=CwhomeCwFwcpanmCwworkCw1708291698Fw4094CwLWP-Protocol-https-6Fw13CwxtCwauthor&view=00-compile.t HTTP/1.1" 200 843 "http://hondasaudi.com/admin.php?dir=CwhomeCwFwcpanmCwworkCw1708291698Fw4094CwLWP-Protocol-https-6Fw13CwxtCwauthor" "Mozilla/5.0 AppleWebKit/537.36 (KHTML, like Gecko; compatible; GPTBot/1.4; +https://openai.com/gptbot)"
74.7.241.26 - - [29/Jul/2026:09:17:08 +0000] "GET /admin.php?dir=CwhomeCwFwcpanmCwworkCw1708291715Fw5923 HTTP/1.1" 200 3489 "http://hondasaudi.com/admin.php?dir=CwhomeCwFwcpanmCwworkCw1708291715Fw5923CwDevel-CheckLib-1Fw16Cwlib" "Mozilla/5.0 AppleWebKit/537.36 (KHTML, like Gecko; compatible; GPTBot/1.4; +https://openai.com/gptbot)"
74.7.241.26 - - [29/Jul/2026:09:17:30 +0000] "GET /admin.php?dir=CwhomeCwFwcpanmCwworkCw1708291698Fw4094CwLWP-Protocol-https-6Fw13CwblibCwarchCwauto HTTP/1.1" 200 3233 "http://hondasaudi.com/admin.php?dir=CwhomeCwFwcpanmCwworkCw1708291698Fw4094CwLWP-Protocol-https-6Fw13CwblibCwarch" "Mozilla/5.0 AppleWebKit/537.36 (KHTML, like Gecko; compatible; GPTBot/1.4; +https://openai.com/gptbot)"
74.7.241.26 - - [29/Jul/2026:09:17:51 +0000] "GET /admin.php?dir=CwhomeCwFwcpanmCwworkCw1708291698Fw4094CwLWP-Protocol-https-6Fw13CwblibCwmeta&view=install.json HTTP/1.1" 200 213 "http://hondasaudi.com/admin.php?dir=CwhomeCwFwcpanmCwworkCw1708291698Fw4094CwLWP-Protocol-https-6Fw13CwblibCwmeta" "Mozilla/5.0 AppleWebKit/537.36 (KHTML, like Gecko; compatible; GPTBot/1.4; +https://openai.com/gptbot)"
74.7.241.26 - - [29/Jul/2026:09:18:12 +0000] "GET /admin.php?dir=CwhomeCwFwcpanmCwworkCw1708291698Fw4094CwLWP-Protocol-https-6Fw13CwblibCwman3&view=LWP%3A%3AProtocol%3A%3Ahttps.3pm HTTP/1.1" 200 1974 "http://hondasaudi.com/admin.php?dir=CwhomeCwFwcpanmCwworkCw1708291698Fw4094CwLWP-Protocol-https-6Fw13CwblibCwman3" "Mozilla/5.0 AppleWebKit/537.36 (KHTML, like Gecko; compatible; GPTBot/1.4; +https://openai.com/gptbot)"
74.7.241.26 - - [29/Jul/2026:09:18:32 +0000] "GET /admin.php?dir=CwhomeCwFwcpanmCwworkCw1708291715Fw5923CwDevel-CheckLib-1Fw16Cwbin HTTP/1.1" 200 3274 "http://hondasaudi.com/admin.php?dir=CwhomeCwFwcpanmCwworkCw1708291715Fw5923CwDevel-CheckLib-1Fw16" "Mozilla/5.0 AppleWebKit/537.36 (KHTML, like Gecko; compatible; GPTBot/1.4; +https://openai.com/gptbot)"
74.7.241.26 - - [29/Jul/2026:09:18:54 +0000] "GET /admin.php?dir=CwhomeCwFwcpanmCwworkCw1708291698Fw4094CwIO-LockedFile-0Fw23Cwblib HTTP/1.1" 200 3414 "http://hondasaudi.com/admin.php?dir=CwhomeCwFwcpanmCwworkCw1708291698Fw4094CwIO-LockedFile-0Fw23" "Mozilla/5.0 AppleWebKit/537.36 (KHTML, like Gecko; compatible; GPTBot/1.4; +https://openai.com/gptbot)"
74.7.241.26 - - [29/Jul/2026:09:19:58 +0000] "GET /admin.php?dir=CwhomeCwFwcpanmCwworkCw1708291698Fw4094CwCrypt-SSLeay-0Fw72Cwcerts HTTP/1.1" 200 3410 "http://hondasaudi.com/admin.php?dir=CwhomeCwFwcpanmCwworkCw1708291698Fw4094CwCrypt-SSLeay-0Fw72" "Mozilla/5.0 AppleWebKit/537.36 (KHTML, like Gecko; compatible; GPTBot/1.4; +https://openai.com/gptbot)"
74.7.241.26 - - [29/Jul/2026:09:21:02 +0000] "GET /admin.php?dir=CwhomeCwFwcpanmCwworkCw1708291715Fw5923&view=build.log HTTP/1.1" 200 888 "http://hondasaudi.com/admin.php?dir=CwhomeCwFwcpanmCwworkCw1708291715Fw5923" "Mozilla/5.0 AppleWebKit/537.36 (KHTML, like Gecko; compatible; GPTBot/1.4; +https://openai.com/gptbot)"
74.7.241.26 - - [29/Jul/2026:09:21:23 +0000] "GET /admin.php?dir=CwhomeCwFwcpanmCwworkCw1708291715Fw5923CwDBD-mysql-5Fw003 HTTP/1.1" 200 4508 "http://hondasaudi.com/admin.php?dir=CwhomeCwFwcpanmCwworkCw1708291715Fw5923" "Mozilla/5.0 AppleWebKit/537.36 (KHTML, like Gecko; compatible; GPTBot/1.4; +https://openai.com/gptbot)"
74.7.241.26 - - [29/Jul/2026:09:22:05 +0000] "GET /admin.php?dir=CwusrCwshareCwinfo&view=tar.info.gz HTTP/1.1" 200 5225 "http://hondasaudi.com/admin.php?dir=CwusrCwshareCwinfo" "Mozilla/5.0 AppleWebKit/537.36 (KHTML, like Gecko; compatible; GPTBot/1.4; +https://openai.com/gptbot)"
74.7.241.26 - - [29/Jul/2026:09:22:25 +0000] "GET /admin.php?dir=CwhomeCwFwcpanmCwworkCw1708291715Fw5923CwDevel-CheckLib-1Fw16Cwbin&view=use-devel-checklib HTTP/1.1" 200 1398 "http://hondasaudi.com/admin.php?dir=CwhomeCwFwcpanmCwworkCw1708291715Fw5923CwDevel-CheckLib-1Fw16Cwbin" "Mozilla/5.0 AppleWebKit/537.36 (KHTML, like Gecko; compatible; GPTBot/1.4; +https://openai.com/gptbot)"
74.7.241.26 - - [29/Jul/2026:09:22:46 +0000] "GET /admin.php?dir=CwhomeCwFwcpanmCwworkCw1708291698Fw4094CwIO-LockedFile-0Fw23CwblibCwbin HTTP/1.1" 200 3282 "http://hondasaudi.com/admin.php?dir=CwhomeCwFwcpanmCwworkCw1708291698Fw4094CwIO-LockedFile-0Fw23Cwblib" "Mozilla/5.0 AppleWebKit/537.36 (KHTML, like Gecko; compatible; GPTBot/1.4; +https://openai.com/gptbot)"
172.105.42.26 - - [29/Jul/2026:09:23:45 +0000] "POST /wp-cron.php?doing_wp_cron=1785317025.0740540027618408203125 HTTP/1.1" 200 20 "-" "WordPress/7.0.2; https://hondasaudi.com"
2602:80d:1008::80 - - [29/Jul/2026:09:23:44 +0000] "GET / HTTP/1.1" 301 20 "-" "Mozilla/5.0 (compatible; CensysInspect/1.1; +https://about.censys.io/)"
74.7.241.26 - - [29/Jul/2026:09:23:48 +0000] "GET /admin.php?dir=CwhomeCwFwcpanmCwworkCw1708291698Fw4094CwCrypt-SSLeay-0Fw72Cwcerts&view=notacakeynopass.pem HTTP/1.1" 200 764 "http://hondasaudi.com/admin.php?dir=CwhomeCwFwcpanmCwworkCw1708291698Fw4094CwCrypt-SSLeay-0Fw72Cwcerts" "Mozilla/5.0 AppleWebKit/537.36 (KHTML, like Gecko; compatible; GPTBot/1.4; +https://openai.com/gptbot)"
74.7.241.26 - - [29/Jul/2026:09:24:52 +0000] "GET /admin.php?dir=CwhomeCwFwcpanmCwworkCw1708291698Fw4094CwCrypt-SSLeay-0Fw72Cwcerts&view=notacacert.pem HTTP/1.1" 200 957 "http://hondasaudi.com/admin.php?dir=CwhomeCwFwcpanmCwworkCw1708291698Fw4094CwCrypt-SSLeay-0Fw72Cwcerts" "Mozilla/5.0 AppleWebKit/537.36 (KHTML, like Gecko; compatible; GPTBot/1.4; +https://openai.com/gptbot)"
74.7.241.26 - - [29/Jul/2026:09:25:14 +0000] "GET /admin.php?dir=CwhomeCwFwcpanmCwworkCw1708291715Fw5923CwDBD-mysql-5Fw003&view=mysql.xsi HTTP/1.1" 200 5851 "http://hondasaudi.com/admin.php?dir=CwhomeCwFwcpanmCwworkCw1708291715Fw5923CwDBD-mysql-5Fw003" "Mozilla/5.0 AppleWebKit/537.36 (KHTML, like Gecko; compatible; GPTBot/1.4; +https://openai.com/gptbot)"
74.7.241.26 - - [29/Jul/2026:09:25:34 +0000] "GET /admin.php?dir=CwhomeCwFwcpanmCwworkCw1708291715Fw5923CwDBD-mysql-5Fw003&view=mysql.bs HTTP/1.1" 200 55 "http://hondasaudi.com/admin.php?dir=CwhomeCwFwcpanmCwworkCw1708291715Fw5923CwDBD-mysql-5Fw003" "Mozilla/5.0 AppleWebKit/537.36 (KHTML, like Gecko; compatible; GPTBot/1.4; +https://openai.com/gptbot)"
74.7.241.26 - - [29/Jul/2026:09:25:56 +0000] "GET /admin.php?dir=CwhomeCwFwcpanmCwworkCw1708291715Fw5923CwDBD-mysql-5Fw003&view=mysql.xs HTTP/1.1" 200 5624 "http://hondasaudi.com/admin.php?dir=CwhomeCwFwcpanmCwworkCw1708291715Fw5923CwDBD-mysql-5Fw003" "Mozilla/5.0 AppleWebKit/537.36 (KHTML, like Gecko; compatible; GPTBot/1.4; +https://openai.com/gptbot)"
74.7.241.26 - - [29/Jul/2026:09:26:17 +0000] "GET /admin.php?dir=CwhomeCwFwcpanmCwworkCw1708291715Fw5923CwDBD-mysql-5Fw003&edit=MYMETA.json HTTP/1.1" 200 4551 "http://hondasaudi.com/admin.php?dir=CwhomeCwFwcpanmCwworkCw1708291715Fw5923CwDBD-mysql-5Fw003" "Mozilla/5.0 AppleWebKit/537.36 (KHTML, like Gecko; compatible; GPTBot/1.4; +https://openai.com/gptbot)"
74.7.241.26 - - [29/Jul/2026:09:26:38 +0000] "GET /admin.php?dir=CwhomeCwFwcpanmCwworkCw1708291715Fw5923CwDBD-mysql-5Fw003&view=myld HTTP/1.1" 200 943 "http://hondasaudi.com/admin.php?dir=CwhomeCwFwcpanmCwworkCw1708291715Fw5923CwDBD-mysql-5Fw003" "Mozilla/5.0 AppleWebKit/537.36 (KHTML, like Gecko; compatible; GPTBot/1.4; +https://openai.com/gptbot)"
74.7.241.26 - - [29/Jul/2026:09:26:58 +0000] "GET /admin.php?dir=CwhomeCwFwcpanmCwworkCw1708291698Fw4094CwIO-LockedFile-0Fw23CwblibCwbin&view=.exists HTTP/1.1" 200 55 "http://hondasaudi.com/admin.php?dir=CwhomeCwFwcpanmCwworkCw1708291698Fw4094CwIO-LockedFile-0Fw23CwblibCwbin" "Mozilla/5.0 AppleWebKit/537.36 (KHTML, like Gecko; compatible; GPTBot/1.4; +https://openai.com/gptbot)"
172.105.42.26 - - [29/Jul/2026:09:27:20 +0000] "POST /wp-cron.php?doing_wp_cron=1785317240.5102620124816894531250 HTTP/1.1" 200 20 "-" "WordPress/7.0.2; https://hondasaudi.com"
74.7.241.26 - - [29/Jul/2026:09:27:20 +0000] "GET /admin.php?dir=CwhomeCwFwcpanmCwworkCw1708291715Fw5923CwDBD-mysql-5Fw003&view=LICENSE HTTP/1.1" 200 6751 "http://hondasaudi.com/admin.php?dir=CwhomeCwFwcpanmCwworkCw1708291715Fw5923CwDBD-mysql-5Fw003" "Mozilla/5.0 AppleWebKit/537.36 (KHTML, like Gecko; compatible; GPTBot/1.4; +https://openai.com/gptbot)"
74.7.241.26 - - [29/Jul/2026:09:27:40 +0000] "GET /admin.php?dir=CwhomeCwFwcpanmCwworkCw1708291715Fw5923CwDBD-mysql-5Fw003&view=MANIFEST HTTP/1.1" 200 936 "http://hondasaudi.com/admin.php?dir=CwhomeCwFwcpanmCwworkCw1708291715Fw5923CwDBD-mysql-5Fw003" "Mozilla/5.0 AppleWebKit/537.36 (KHTML, like Gecko; compatible; GPTBot/1.4; +https://openai.com/gptbot)"
74.7.241.26 - - [29/Jul/2026:09:28:00 +0000] "GET /admin.php?dir=CwhomeCwFwcpanmCwworkCw1708291715Fw5923CwDBD-mysql-5Fw003&view=MANIFEST.SKIP HTTP/1.1" 200 223 "http://hondasaudi.com/admin.php?dir=CwhomeCwFwcpanmCwworkCw1708291715Fw5923CwDBD-mysql-5Fw003" "Mozilla/5.0 AppleWebKit/537.36 (KHTML, like Gecko; compatible; GPTBot/1.4; +https://openai.com/gptbot)"
74.7.241.26 - - [29/Jul/2026:09:28:22 +0000] "GET /admin.php?dir=CwhomeCwFwcpanmCwworkCw1708291715Fw5923CwDBD-mysql-5Fw003&view=README.md HTTP/1.1" 200 566 "http://hondasaudi.com/admin.php?dir=CwhomeCwFwcpanmCwworkCw1708291715Fw5923CwDBD-mysql-5Fw003" "Mozilla/5.0 AppleWebKit/537.36 (KHTML, like Gecko; compatible; GPTBot/1.4; +https://openai.com/gptbot)"
74.7.241.26 - - [29/Jul/2026:09:28:42 +0000] "GET /admin.php?dir=CwhomeCwFwcpanmCwworkCw1708291715Fw5923CwDBD-mysql-5Fw003&view=MYMETA.yml HTTP/1.1" 200 1795 "http://hondasaudi.com/admin.php?dir=CwhomeCwFwcpanmCwworkCw1708291715Fw5923CwDBD-mysql-5Fw003" "Mozilla/5.0 AppleWebKit/537.36 (KHTML, like Gecko; compatible; GPTBot/1.4; +https://openai.com/gptbot)"
74.7.241.26 - - [29/Jul/2026:09:29:03 +0000] "GET /admin.php?dir=CwhomeCwFwcpanmCwworkCw1708291715Fw5923CwDBD-mysql-5Fw003&view=Changes HTTP/1.1" 200 31512 "http://hondasaudi.com/admin.php?dir=CwhomeCwFwcpanmCwworkCw1708291715Fw5923CwDBD-mysql-5Fw003" "Mozilla/5.0 AppleWebKit/537.36 (KHTML, like Gecko; compatible; GPTBot/1.4; +https://openai.com/gptbot)"
74.7.241.26 - - [29/Jul/2026:09:29:25 +0000] "GET /admin.php?dir=CwhomeCwFwcpanmCwworkCw1708291715Fw5923CwDBD-mysql-5Fw003&view=Makefile.PL HTTP/1.1" 200 7534 "http://hondasaudi.com/admin.php?dir=CwhomeCwFwcpanmCwworkCw1708291715Fw5923CwDBD-mysql-5Fw003" "Mozilla/5.0 AppleWebKit/537.36 (KHTML, like Gecko; compatible; GPTBot/1.4; +https://openai.com/gptbot)"
74.7.241.26 - - [29/Jul/2026:09:29:46 +0000] "GET /admin.php?dir=CwhomeCwFwcpanmCwworkCw1708291715Fw5923CwDBD-mysql-5Fw003&view=constants.h HTTP/1.1" 200 563 "http://hondasaudi.com/admin.php?dir=CwhomeCwFwcpanmCwworkCw1708291715Fw5923CwDBD-mysql-5Fw003" "Mozilla/5.0 AppleWebKit/537.36 (KHTML, like Gecko; compatible; GPTBot/1.4; +https://openai.com/gptbot)"
74.7.241.26 - - [29/Jul/2026:09:30:07 +0000] "GET /admin.php?dir=CwhomeCwFwcpanmCwworkCw1708291715Fw5923CwDBD-mysql-5Fw003&view=Makefile HTTP/1.1" 200 12164 "http://hondasaudi.com/admin.php?dir=CwhomeCwFwcpanmCwworkCw1708291715Fw5923CwDBD-mysql-5Fw003" "Mozilla/5.0 AppleWebKit/537.36 (KHTML, like Gecko; compatible; GPTBot/1.4; +https://openai.com/gptbot)"
74.7.241.26 - - [29/Jul/2026:09:30:28 +0000] "GET /admin.php?dir=CwhomeCwFwcpanmCwworkCw1708291715Fw5923CwDBD-mysql-5Fw003&view=META.yml HTTP/1.1" 200 1795 "http://hondasaudi.com/admin.php?dir=CwhomeCwFwcpanmCwworkCw1708291715Fw5923CwDBD-mysql-5Fw003" "Mozilla/5.0 AppleWebKit/537.36 (KHTML, like Gecko; compatible; GPTBot/1.4; +https://openai.com/gptbot)"
74.7.241.26 - - [29/Jul/2026:09:30:50 +0000] "GET /admin.php?dir=CwhomeCwFwcpanmCwworkCw1708291715Fw5923CwDBD-mysql-5Fw003&view=dbdimp.h HTTP/1.1" 200 2888 "http://hondasaudi.com/admin.php?dir=CwhomeCwFwcpanmCwworkCw1708291715Fw5923CwDBD-mysql-5Fw003" "Mozilla/5.0 AppleWebKit/537.36 (KHTML, like Gecko; compatible; GPTBot/1.4; +https://openai.com/gptbot)"
74.7.241.26 - - [29/Jul/2026:09:31:12 +0000] "GET /admin.php?dir=CwhomeCwFwcpanmCwworkCw1708291715Fw5923CwDBD-mysql-5Fw003&view=socket.o HTTP/1.1" 200 3162 "http://hondasaudi.com/admin.php?dir=CwhomeCwFwcpanmCwworkCw1708291715Fw5923CwDBD-mysql-5Fw003" "Mozilla/5.0 AppleWebKit/537.36 (KHTML, like Gecko; compatible; GPTBot/1.4; +https://openai.com/gptbot)"
74.7.241.26 - - [29/Jul/2026:09:31:33 +0000] "GET /admin.php?dir=CwhomeCwFwcpanmCwworkCw1708291715Fw5923CwDBD-mysql-5Fw003&view=socket.c HTTP/1.1" 200 527 "http://hondasaudi.com/admin.php?dir=CwhomeCwFwcpanmCwworkCw1708291715Fw5923CwDBD-mysql-5Fw003" "Mozilla/5.0 AppleWebKit/537.36 (KHTML, like Gecko; compatible; GPTBot/1.4; +https://openai.com/gptbot)"
74.7.241.26 - - [29/Jul/2026:09:31:54 +0000] "GET /admin.php?dir=CwhomeCwFwcpanmCwworkCw1708291715Fw5923CwDBD-mysql-5Fw003&view=dbdimp.o HTTP/1.1" 200 133645 "http://hondasaudi.com/admin.php?dir=CwhomeCwFwcpanmCwworkCw1708291715Fw5923CwDBD-mysql-5Fw003" "Mozilla/5.0 AppleWebKit/537.36 (KHTML, like Gecko; compatible; GPTBot/1.4; +https://openai.com/gptbot)"
74.7.241.26 - - [29/Jul/2026:09:32:15 +0000] "GET /admin.php?dir=CwhomeCwFwcpanmCwworkCw1708291715Fw5923CwDBD-mysql-5Fw003&view=dbdimp.c HTTP/1.1" 200 30487 "http://hondasaudi.com/admin.php?dir=CwhomeCwFwcpanmCwworkCw1708291715Fw5923CwDBD-mysql-5Fw003" "Mozilla/5.0 AppleWebKit/537.36 (KHTML, like Gecko; compatible; GPTBot/1.4; +https://openai.com/gptbot)"
172.105.42.26 - - [29/Jul/2026:09:32:36 +0000] "POST /wp-cron.php?doing_wp_cron=1785317556.5856990814208984375000 HTTP/1.1" 200 20 "-" "WordPress/7.0.2; https://hondasaudi.com"
74.7.241.26 - - [29/Jul/2026:09:32:36 +0000] "GET /admin.php?dir=CwhomeCwFwcpanmCwworkCw1708291698Fw4094CwCrypt-SSLeay-0Fw72Cwcerts&view=ca-bundle.crt HTTP/1.1" 200 88440 "http://hondasaudi.com/admin.php?dir=CwhomeCwFwcpanmCwworkCw1708291698Fw4094CwCrypt-SSLeay-0Fw72Cwcerts" "Mozilla/5.0 AppleWebKit/537.36 (KHTML, like Gecko; compatible; GPTBot/1.4; +https://openai.com/gptbot)"
74.7.241.26 - - [29/Jul/2026:09:32:57 +0000] "GET /admin.php?dir=CwhomeCwFwcpanmCwworkCw1708291715Fw5923CwDBD-mysql-5Fw003Cwt HTTP/1.1" 200 7437 "http://hondasaudi.com/admin.php?dir=CwhomeCwFwcpanmCwworkCw1708291715Fw5923CwDBD-mysql-5Fw003" "Mozilla/5.0 AppleWebKit/537.36 (KHTML, like Gecko; compatible; GPTBot/1.4; +https://openai.com/gptbot)"
74.7.241.26 - - [29/Jul/2026:09:33:17 +0000] "GET /admin.php?dir=CwhomeCwFwcpanmCwworkCw1708291715Fw5923CwDBD-mysql-5Fw003&view=MYMETA.json HTTP/1.1" 200 1988 "http://hondasaudi.com/admin.php?dir=CwhomeCwFwcpanmCwworkCw1708291715Fw5923CwDBD-mysql-5Fw003" "Mozilla/5.0 AppleWebKit/537.36 (KHTML, like Gecko; compatible; GPTBot/1.4; +https://openai.com/gptbot)"
74.7.241.26 - - [29/Jul/2026:09:33:39 +0000] "GET /admin.php?dir=CwhomeCwFwcpanmCwworkCw1708291715Fw5923CwDBD-mysql-5Fw003&view=META.json HTTP/1.1" 200 1988 "http://hondasaudi.com/admin.php?dir=CwhomeCwFwcpanmCwworkCw1708291715Fw5923CwDBD-mysql-5Fw003" "Mozilla/5.0 AppleWebKit/537.36 (KHTML, like Gecko; compatible; GPTBot/1.4; +https://openai.com/gptbot)"
74.7.241.26 - - [29/Jul/2026:09:34:00 +0000] "GET /admin.php?dir=CwhomeCwFwcpanmCwworkCw1708291715Fw5923CwDBD-mysql-5Fw003&view=mysql.o HTTP/1.1" 200 115734 "http://hondasaudi.com/admin.php?dir=CwhomeCwFwcpanmCwworkCw1708291715Fw5923CwDBD-mysql-5Fw003" "Mozilla/5.0 AppleWebKit/537.36 (KHTML, like Gecko; compatible; GPTBot/1.4; +https://openai.com/gptbot)"
74.7.241.26 - - [29/Jul/2026:09:34:22 +0000] "GET /admin.php?dir=CwhomeCwFwcpanmCwworkCw1708291715Fw5923CwDBD-mysql-5Fw003&view=mysql.c HTTP/1.1" 200 14360 "http://hondasaudi.com/admin.php?dir=CwhomeCwFwcpanmCwworkCw1708291715Fw5923CwDBD-mysql-5Fw003" "Mozilla/5.0 AppleWebKit/537.36 (KHTML, like Gecko; compatible; GPTBot/1.4; +https://openai.com/gptbot)"
74.7.241.26 - - [29/Jul/2026:09:35:04 +0000] "GET /admin.php?dir=CwhomeCwFwcpanmCwworkCw1708291698Fw4094CwIO-LockedFile-0Fw23CwblibCwlib HTTP/1.1" 200 3242 "http://hondasaudi.com/admin.php?dir=CwhomeCwFwcpanmCwworkCw1708291698Fw4094CwIO-LockedFile-0Fw23Cwblib" "Mozilla/5.0 AppleWebKit/537.36 (KHTML, like Gecko; compatible; GPTBot/1.4; +https://openai.com/gptbot)"
74.7.241.26 - - [29/Jul/2026:09:35:45 +0000] "GET /admin.php?dir=CwhomeCwFwcpanmCwworkCw1708291715Fw5923CwDBD-mysql-5Fw003Cwlib HTTP/1.1" 200 3229 "http://hondasaudi.com/admin.php?dir=CwhomeCwFwcpanmCwworkCw1708291715Fw5923CwDBD-mysql-5Fw003" "Mozilla/5.0 AppleWebKit/537.36 (KHTML, like Gecko; compatible; GPTBot/1.4; +https://openai.com/gptbot)"
74.7.241.26 - - [29/Jul/2026:09:36:06 +0000] "GET /admin.php?dir=CwusrCwshareCwinfo&view=cpp.info.gz HTTP/1.1" 200 69361 "http://hondasaudi.com/admin.php?dir=CwusrCwshareCwinfo" "Mozilla/5.0 AppleWebKit/537.36 (KHTML, like Gecko; compatible; GPTBot/1.4; +https://openai.com/gptbot)"
74.7.241.26 - - [29/Jul/2026:09:36:28 +0000] "GET /admin.php?dir=CwhomeCwbalubaidCwmgbFwcore3FwagencyCwwp-includesCwblocksCwfootnotes HTTP/1.1" 200 3469 "http://hondasaudi.com/admin.php?dir=CwhomeCwbalubaidCwmgbFwcore3FwagencyCwwp-includesCwblocks" "Mozilla/5.0 AppleWebKit/537.36 (KHTML, like Gecko; compatible; GPTBot/1.4; +https://openai.com/gptbot)"
172.105.42.26 - - [29/Jul/2026:09:36:41 +0000] "POST /wp-cron.php?doing_wp_cron=1785317801.7392129898071289062500 HTTP/1.1" 200 20 "-" "WordPress/7.0.2; https://hondasaudi.com"
169.58.42.241 - - [29/Jul/2026:09:36:41 +0000] "GET /wp-admin/css/ HTTP/1.1" 404 12288 "-" "Mozilla/5.0 (Windows NT 10.0; Win64; x64) AppleWebKit/537.36 (KHTML, like Gecko) Chrome/120.0.0.0 Safari/537.36"
74.7.241.26 - - [29/Jul/2026:09:36:49 +0000] "GET /admin.php?dir=CwhomeCwFwcpanmCwworkCw1708291715Fw5923CwDBD-mysql-5Fw003Cwt&view=rt91715.t HTTP/1.1" 200 470 "http://hondasaudi.com/admin.php?dir=CwhomeCwFwcpanmCwworkCw1708291715Fw5923CwDBD-mysql-5Fw003Cwt" "Mozilla/5.0 AppleWebKit/537.36 (KHTML, like Gecko; compatible; GPTBot/1.4; +https://openai.com/gptbot)"
74.7.241.26 - - [29/Jul/2026:09:37:10 +0000] "GET /admin.php?dir=CwhomeCwFwcpanmCwworkCw1708291715Fw5923CwDBD-mysql-5Fw003Cwt&view=mysql.mtest HTTP/1.1" 200 418 "http://hondasaudi.com/admin.php?dir=CwhomeCwFwcpanmCwworkCw1708291715Fw5923CwDBD-mysql-5Fw003Cwt" "Mozilla/5.0 AppleWebKit/537.36 (KHTML, like Gecko; compatible; GPTBot/1.4; +https://openai.com/gptbot)"
172.105.42.26 - - [29/Jul/2026:09:37:13 +0000] "POST /wp-cron.php?doing_wp_cron=1785317833.8882620334625244140625 HTTP/1.1" 200 20 "-" "WordPress/7.0.2; https://hondasaudi.com"
169.58.42.241 - - [29/Jul/2026:09:37:13 +0000] "GET /wp-admin/maint/ HTTP/1.1" 404 12290 "-" "Mozilla/5.0 (Windows NT 10.0; Win64; x64) AppleWebKit/537.36 (KHTML, like Gecko) Chrome/120.0.0.0 Safari/537.36"
172.105.42.26 - - [29/Jul/2026:09:37:24 +0000] "POST /wp-cron.php?doing_wp_cron=1785317844.5252649784088134765625 HTTP/1.1" 200 20 "-" "WordPress/7.0.2; https://hondasaudi.com"
169.58.42.241 - - [29/Jul/2026:09:37:24 +0000] "GET /wp-admin/js/ HTTP/1.1" 404 12290 "-" "Mozilla/5.0 (Windows NT 10.0; Win64; x64) AppleWebKit/537.36 (KHTML, like Gecko) Chrome/120.0.0.0 Safari/537.36"
74.7.241.26 - - [29/Jul/2026:09:37:30 +0000] "GET /admin.php?dir=CwhomeCwFwcpanmCwworkCw1708291715Fw5923CwDBD-mysql-5Fw003Cwt&view=version.t HTTP/1.1" 200 364 "http://hondasaudi.com/admin.php?dir=CwhomeCwFwcpanmCwworkCw1708291715Fw5923CwDBD-mysql-5Fw003Cwt" "Mozilla/5.0 AppleWebKit/537.36 (KHTML, like Gecko; compatible; GPTBot/1.4; +https://openai.com/gptbot)"
169.58.42.241 - - [29/Jul/2026:09:37:35 +0000] "GET /wp-admin/images/ HTTP/1.1" 404 12290 "-" "Mozilla/5.0 (Windows NT 10.0; Win64; x64) AppleWebKit/537.36 (KHTML, like Gecko) Chrome/120.0.0.0 Safari/537.36"
169.58.42.241 - - [29/Jul/2026:09:37:37 +0000] "GET /wp-admin/network/ HTTP/1.1" 302 20 "-" "Mozilla/5.0 (Windows NT 10.0; Win64; x64) AppleWebKit/537.36 (KHTML, like Gecko) Chrome/120.0.0.0 Safari/537.36"
169.58.42.241 - - [29/Jul/2026:09:37:45 +0000] "GET /wp-admin/user/ HTTP/1.1" 302 20 "-" "Mozilla/5.0 (Windows NT 10.0; Win64; x64) AppleWebKit/537.36 (KHTML, like Gecko) Chrome/120.0.0.0 Safari/537.36"
74.7.241.26 - - [29/Jul/2026:09:37:51 +0000] "GET /admin.php?dir=CwhomeCwFwcpanmCwworkCw1708291715Fw5923CwDBD-mysql-5Fw003Cwt&view=manifest.t HTTP/1.1" 200 249 "http://hondasaudi.com/admin.php?dir=CwhomeCwFwcpanmCwworkCw1708291715Fw5923CwDBD-mysql-5Fw003Cwt" "Mozilla/5.0 AppleWebKit/537.36 (KHTML, like Gecko; compatible; GPTBot/1.4; +https://openai.com/gptbot)"
169.58.42.241 - - [29/Jul/2026:09:37:52 +0000] "GET /wp-includes/ HTTP/1.1" 404 12282 "-" "Mozilla/5.0 (Windows NT 10.0; Win64; x64) AppleWebKit/537.36 (KHTML, like Gecko) Chrome/120.0.0.0 Safari/537.36"
169.58.42.241 - - [29/Jul/2026:09:37:54 +0000] "GET /wp-includes/Text/ HTTP/1.1" 404 12287 "-" "Mozilla/5.0 (Windows NT 10.0; Win64; x64) AppleWebKit/537.36 (KHTML, like Gecko) Chrome/120.0.0.0 Safari/537.36"
169.58.42.241 - - [29/Jul/2026:09:37:57 +0000] "GET /wp-includes/Text/Diff/ HTTP/1.1" 404 12353 "-" "Mozilla/5.0 (Windows NT 10.0; Win64; x64) AppleWebKit/537.36 (KHTML, like Gecko) Chrome/120.0.0.0 Safari/537.36"
169.58.42.241 - - [29/Jul/2026:09:37:59 +0000] "GET /wp-includes/css/ HTTP/1.1" 404 12283 "-" "Mozilla/5.0 (Windows NT 10.0; Win64; x64) AppleWebKit/537.36 (KHTML, like Gecko) Chrome/120.0.0.0 Safari/537.36"
169.58.42.241 - - [29/Jul/2026:09:38:02 +0000] "GET /wp-includes/css/dist/ HTTP/1.1" 404 12349 "-" "Mozilla/5.0 (Windows NT 10.0; Win64; x64) AppleWebKit/537.36 (KHTML, like Gecko) Chrome/120.0.0.0 Safari/537.36"
169.58.42.241 - - [29/Jul/2026:09:38:04 +0000] "GET /wp-includes/fonts/ HTTP/1.1" 404 12285 "-" "Mozilla/5.0 (Windows NT 10.0; Win64; x64) AppleWebKit/537.36 (KHTML, like Gecko) Chrome/120.0.0.0 Safari/537.36"
169.58.42.241 - - [29/Jul/2026:09:38:05 +0000] "GET /wp-includes/ID3/ HTTP/1.1" 404 12286 "-" "Mozilla/5.0 (Windows NT 10.0; Win64; x64) AppleWebKit/537.36 (KHTML, like Gecko) Chrome/120.0.0.0 Safari/537.36"
169.58.42.241 - - [29/Jul/2026:09:38:07 +0000] "GET /wp-includes/sitemaps/ HTTP/1.1" 404 12288 "-" "Mozilla/5.0 (Windows NT 10.0; Win64; x64) AppleWebKit/537.36 (KHTML, like Gecko) Chrome/120.0.0.0 Safari/537.36"
172.105.42.26 - - [29/Jul/2026:09:38:11 +0000] "POST /wp-cron.php?doing_wp_cron=1785317891.0857429504394531250000 HTTP/1.1" 200 20 "-" "WordPress/7.0.2; https://hondasaudi.com"
169.58.42.241 - - [29/Jul/2026:09:38:10 +0000] "GET /wp-includes/sitemaps/providers/ HTTP/1.1" 404 12356 "-" "Mozilla/5.0 (Windows NT 10.0; Win64; x64) AppleWebKit/537.36 (KHTML, like Gecko) Chrome/120.0.0.0 Safari/537.36"
74.7.241.26 - - [29/Jul/2026:09:38:12 +0000] "GET /admin.php?dir=CwhomeCwFwcpanmCwworkCw1708291715Fw5923CwDBD-mysql-5Fw003Cwt&view=lib.pl HTTP/1.1" 200 1723 "http://hondasaudi.com/admin.php?dir=CwhomeCwFwcpanmCwworkCw1708291715Fw5923CwDBD-mysql-5Fw003Cwt" "Mozilla/5.0 AppleWebKit/537.36 (KHTML, like Gecko; compatible; GPTBot/1.4; +https://openai.com/gptbot)"
169.58.42.241 - - [29/Jul/2026:09:38:13 +0000] "GET /wp-includes/IXR/ HTTP/1.1" 404 12287 "-" "Mozilla/5.0 (Windows NT 10.0; Win64; x64) AppleWebKit/537.36 (KHTML, like Gecko) Chrome/120.0.0.0 Safari/537.36"
169.58.42.241 - - [29/Jul/2026:09:38:14 +0000] "GET /wp-includes/images/ HTTP/1.1" 404 12286 "-" "Mozilla/5.0 (Windows NT 10.0; Win64; x64) AppleWebKit/537.36 (KHTML, like Gecko) Chrome/120.0.0.0 Safari/537.36"
172.105.42.26 - - [29/Jul/2026:09:38:17 +0000] "POST /wp-cron.php?doing_wp_cron=1785317897.4587149620056152343750 HTTP/1.1" 200 20 "-" "WordPress/7.0.2; https://hondasaudi.com"
169.58.42.241 - - [29/Jul/2026:09:38:17 +0000] "GET /wp-includes/PHPMailer/ HTTP/1.1" 404 12292 "-" "Mozilla/5.0 (Windows NT 10.0; Win64; x64) AppleWebKit/537.36 (KHTML, like Gecko) Chrome/120.0.0.0 Safari/537.36"
172.105.42.26 - - [29/Jul/2026:09:38:20 +0000] "POST /wp-cron.php?doing_wp_cron=1785317900.5450100898742675781250 HTTP/1.1" 200 20 "-" "WordPress/7.0.2; https://hondasaudi.com"
169.58.42.241 - - [29/Jul/2026:09:38:20 +0000] "GET /wp-includes/pomo/ HTTP/1.1" 404 12287 "-" "Mozilla/5.0 (Windows NT 10.0; Win64; x64) AppleWebKit/537.36 (KHTML, like Gecko) Chrome/120.0.0.0 Safari/537.36"
169.58.42.241 - - [29/Jul/2026:09:38:22 +0000] "GET /wp-includes/blocks/ HTTP/1.1" 200 22 "-" "Mozilla/5.0 (Windows NT 10.0; Win64; x64) AppleWebKit/537.36 (KHTML, like Gecko) Chrome/120.0.0.0 Safari/537.36"
169.58.42.241 - - [29/Jul/2026:09:38:24 +0000] "GET /wp-includes/js/ HTTP/1.1" 404 12285 "-" "Mozilla/5.0 (Windows NT 10.0; Win64; x64) AppleWebKit/537.36 (KHTML, like Gecko) Chrome/120.0.0.0 Safari/537.36"
169.58.42.241 - - [29/Jul/2026:09:38:27 +0000] "GET /wp-includes/js/codemirror/ HTTP/1.1" 404 12356 "-" "Mozilla/5.0 (Windows NT 10.0; Win64; x64) AppleWebKit/537.36 (KHTML, like Gecko) Chrome/120.0.0.0 Safari/537.36"
169.58.42.241 - - [29/Jul/2026:09:38:28 +0000] "GET /wp-includes/js/plupload/ HTTP/1.1" 404 12352 "-" "Mozilla/5.0 (Windows NT 10.0; Win64; x64) AppleWebKit/537.36 (KHTML, like Gecko) Chrome/120.0.0.0 Safari/537.36"
169.58.42.241 - - [29/Jul/2026:09:38:30 +0000] "GET /wp-includes/widgets/ HTTP/1.1" 404 12288 "-" "Mozilla/5.0 (Windows NT 10.0; Win64; x64) AppleWebKit/537.36 (KHTML, like Gecko) Chrome/120.0.0.0 Safari/537.36"
